No se requiere un especial cuidado respecto a la situación meteorológica.   -   No hay avisos

Informes Estilo NOAA


Informe 2017 Junio
                   Monthly Climatological Summary for jun. 2017

Name: tiempoensevilla.es   City: Sevilla   State: España
Elevation: 6 m  Lat: N 37 22 59   Lon: W 005 59 08

                  Temperature (°C), Rain (mm), Wind Speed (km/h)

                                      Heat  Cool        Avg
    Mean                              Deg   Deg         Wind                 Dom
Day Temp  High   Time   Low    Time   Days  Days  Rain  Speed High   Time    Dir
----------------------------------------------------------------------------------
01  26,4  34,2   18:03  20,8   08:04   0,0   7,4   0,0   5,3  24,1   22:24     O
02  27,4  33,8   18:01  22,1   07:34   0,0   9,0   0,0   6,1  30,6   19:07   OSO
03  26,7  33,3   18:29  21,7   07:51   0,0   8,4   0,0   5,8  27,4   20:01    SO
04  24,8  31,2   19:38  19,8   08:53   0,0   6,4   0,0   7,4  38,6   17:49   OSO
05  25,0  29,9   16:20  19,4   06:57   0,0   6,7   0,0   6,1  35,4   18:44   OSO
06  24,9  32,2   17:58  19,4   08:02   0,0   6,6   0,0   6,0  25,7   19:55   ONO
07  28,1  36,6   17:32  21,0   07:30   0,0   9,6   0,0   5,5  24,1   21:16   ONO
08  28,9  35,3   18:20  21,8   08:04   0,0  10,5   0,0   6,7  29,0   18:56     O
09  27,1  33,1   19:00  21,8   07:54   0,0   8,8   0,0   6,1  29,0   18:20   SSO
10  27,8  36,4   18:03  21,7   06:16   0,0   9,5   0,0   5,0  33,8   20:13   OSO
11  30,1  38,8   18:29  23,1   07:31   0,0  11,8   0,0   4,6  22,5   21:38     O
12  31,0  38,4   17:07  24,7   06:32   0,0  12,7   0,0   6,3  29,0   20:55     O
13  27,9  32,4   17:38  23,4   06:26   0,0   9,6   0,0   6,9  29,0   16:47   OSO
14  26,8  33,3   18:00  21,8   08:30   0,0   8,5   0,0   5,9  29,0   18:07    SO
15  28,3  37,5   16:47  21,4   07:16   0,0   9,9   0,0   5,1  20,9   18:51   SSO
16  32,9  42,8   18:08  24,8   03:24   0,0  14,6   0,0   5,3  25,7   19:56     S
17  34,3  41,3   16:53  26,6   07:28   0,0  16,0   0,0   8,2  32,2   12:56     E
18  33,3  40,6   18:11  25,9   06:53   0,0  15,0   0,0   5,7  29,0   19:51   OSO
19  32,5  38,9   18:06  25,7   08:08   0,0  14,2   0,0   5,9  25,7   21:31   OSO
20  32,4  39,1   15:55  26,4   06:13   0,0  14,1   0,0   6,5  25,7   19:12     O
21  28,0  32,2   16:27  23,4   07:43   0,0   9,7   0,0   7,3  25,7   18:29    SO
22  27,1  34,4   17:23  21,4   07:44   0,0   8,8   0,0   5,8  27,4   17:47    SO
23  28,2  37,1   18:05  21,1   08:35   0,0   9,9   0,0   5,0  22,5   19:14   SSO
24  32,4  40,8   19:27  25,6   07:46   0,0  14,1   0,0   7,8  46,7   20:20   NNE
25  31,8  37,8   16:19  27,9   07:57   0,0  13,5   0,0   8,3  41,8   16:51     N
26  27,7  33,0   18:26  22,6   07:11   0,0   9,4   0,0   6,4  33,8   16:54   SSO
27  25,4  32,4   17:54  20,1   05:56   0,0   7,1   0,0   7,2  40,2   18:43   OSO
----------------------------------------------------------------------------------
    28,8  42,8    16    19,4     5     0,0 281,8   0,0   6,2  46,7    24     OSO

Max >=  30,0 26
Max <=  20,0  0
Min <=  30,0 27
Min <=   0,0  0
Max Rain: 0,0 on day 0
Days of Rain: 0 (>= 0,2 mm)  0 (>= 2,0 mm)  0 (>= 20,0 mm)
Heat Base: 18,3  Cool Base: 18,3  Method: Integration