Avisos AEMET Campiña SevillanaSin Avisos+ INFO
Sevilla, Andalucía, España
Idioma: es English Français Deutsch Italiano Português Español
 

Informes Estilo NOAA


Informe 2023 Enero
                   Monthly Climatological Summary for ene. 2023

Name: tiempoensevilla.es   City: Sevilla   State: España
Elevation: 6 m  Lat: N 37° 22' 59"   Lon: W 005° 59' 08"

                  Temperature (°C), Rain (mm), Wind Speed (km/h)

                                      Heat  Cool        Avg
    Mean                              Deg   Deg         Wind                 Dom
Day Temp  High   Time   Low    Time   Days  Days  Rain  Speed High   Time    Dir
----------------------------------------------------------------------------------
01  12,3  16,3   14:25   8,4   08:30   6,0   0,0   0,0   3,5  18,0   11:43   NNE
02  12,5  14,2   17:22  10,9   09:25   5,8   0,0   6,0   3,9  24,0   00:41    NE
03  13,0  17,2   16:23   9,4   08:22   5,3   0,0   0,0   5,4  21,0   13:04    NE
04  13,5  18,8   16:49   9,9   08:58   4,8   0,0   0,0   6,2  19,0   05:49    NE
05  13,3  18,6   16:30   9,3   08:41   5,0   0,0   0,0   4,7  21,0   06:36    NE
06  12,4  18,4   17:19   7,2   09:01   5,9   0,0   0,0   2,5  19,0   11:43    NE
07  11,2  14,8   20:17   7,8   10:01   7,1   0,0   0,0   2,5  14,0   23:10    NE
08  16,8  19,7   16:20  14,3   00:41   1,7   0,1   8,0  10,4  40,0   15:31   OSO
09  16,4  18,9   14:37  14,7   23:59   1,9   0,0   0,4   5,2  23,0   05:03   OSO
10  13,7  19,3   16:41   9,6   08:28   4,6   0,0   0,2   2,2  14,0   23:34   NNE
11  13,7  16,9   17:36  11,4   07:56   4,5   0,0   0,0   2,7  14,0   00:02    NE
12  13,6  18,9   17:03  10,0   07:05   4,7   0,0   0,0   4,9  26,0   11:21   ENE
13  12,7  17,9   16:34   8,4   08:31   5,6   0,0   0,0   3,7  19,0   13:58    NE
14  11,9  17,9   16:28   7,3   06:24   6,4   0,0   0,0   3,1  16,0   06:01   NNE
15  11,9  16,6   16:41   7,7   07:52   6,4   0,0   0,0   4,1  23,0   23:36   NNO
16  11,4  14,3   14:31   6,8   08:32   6,9   0,0   0,0   7,2  29,0   14:43     O
17  14,4  17,9   14:23  11,6   23:57   3,9   0,0   0,0  12,6  45,0   12:01     O
18  11,2  14,6   16:38   8,1   08:50   7,1   0,0   0,0   8,6  40,0   13:37    NO
19  10,0  14,3   17:59   4,9   08:40   8,3   0,0   0,0   5,0  19,0   14:35     O
20  13,8  19,1   17:42   9,6   03:27   4,5   0,0   0,0   6,0  24,0   15:04   OSO
21  14,1  17,5   16:00   9,8   08:49   4,2   0,0   0,0   2,3  16,0   15:49   NNE
22  10,9  13,8   16:47   7,9   08:47   7,4   0,0   0,0   9,7  39,0   05:06     E
23   9,0  14,1   16:53   5,0   08:35   9,3   0,0   0,0   5,1  29,0   11:48   ENE
24   8,0  12,7   16:42   3,9   06:45  10,2   0,0   0,0   6,6  31,0   13:01   ENE
25   8,6  14,1   17:32   3,9   07:33   9,7   0,0   0,0   6,5  34,0   12:01   ENE
26   8,5  12,8   15:34   4,4   08:54   9,8   0,0   0,0   3,3  14,0   21:14   ENE
27   9,3  15,4   17:11   4,1   08:30   9,0   0,0   0,0   3,8  18,0   18:01   NNE
28   9,2  13,1   17:22   5,9   06:46   9,1   0,0   0,0   6,4  31,0   14:02    NE
----------------------------------------------------------------------------------
    12,0  19,7     8     3,9    24   175,1   0,1  14,6   5,3  45,0    17     NNE

Max >=  30,0  0
Max <=  20,0 28
Min <=  30,0 28
Min <=   0,0  0
Max Rain: 8,0 on day 8
Days of Rain: 4 (>= 0,2 mm)  2 (>= 2,0 mm)  0 (>= 20,0 mm)
Heat Base: 18,3  Cool Base: 18,3  Method: Integration