Avisos AEMET Campiña SevillanaSin Avisos+ INFO
Sevilla, Andalucía, España
Idioma: es English Français Deutsch Italiano Português Español
 

Informes Estilo NOAA


Informe 2022 Mayo
                   Monthly Climatological Summary for may. 2022

Name: tiempoensevilla.es   City: Sevilla   State: España
Elevation: 6 m  Lat: N 37° 22' 59"   Lon: W 005° 59' 08"

                  Temperature (°C), Rain (mm), Wind Speed (km/h)

                                      Heat  Cool        Avg
    Mean                              Deg   Deg         Wind                 Dom
Day Temp  High   Time   Low    Time   Days  Days  Rain  Speed High   Time    Dir
----------------------------------------------------------------------------------
01  22,6  29,4   17:13  15,7   06:22   0,5   4,8   0,0   3,8  32,0   19:25     O
02  18,1  23,1   17:27  13,9   08:40   1,3   1,1   4,0   6,7  40,0   18:24     O
03  16,9  22,9   17:46  13,0   07:20   2,0   0,6   2,2   4,9  37,0   18:37    SO
04  18,1  22,2   16:10  14,4   07:28   1,4   1,2   0,2   3,9  24,0   16:28   ENE
05  20,8  27,9   18:20  14,4   07:34   0,9   3,4   0,0   5,0  21,0   13:03     E
06  22,9  30,8   19:51  16,8   07:30   0,2   4,8   0,0   3,6  23,0   15:45     O
07  24,2  31,9   18:44  17,8   07:49   0,0   5,9   0,0   5,3  26,0   19:35   SSE
08  23,9  31,7   18:04  17,8   08:21   0,0   5,6   0,0   4,6  24,0   22:57   NNE
09  24,9  32,9   19:07  17,9   08:31   0,0   6,6   0,0   5,0  23,0   16:38   NNE
10  25,6  32,7   18:04  17,9   08:11   0,0   7,3   0,0   5,1  23,0   21:13    NE
11  25,3  31,6   18:48  17,8   07:34   0,0   7,0   0,0   8,0  39,0   14:31     E
12  24,9  32,3   18:29  18,6   07:44   0,0   6,6   0,0   5,6  23,0   21:48    NO
13  26,4  34,3   16:32  18,2   06:59   0,0   8,1   0,0   4,8  21,0   20:16     N
14  24,5  30,5   14:38  19,3   23:54   0,0   6,2   0,0   7,7  40,0   18:14   OSO
15  21,2  25,6   16:41  17,8   06:15   0,1   2,9   0,0   6,8  32,0   18:06   OSO
16  22,3  30,2   18:57  16,5   06:35   0,3   4,4   0,0   4,7  21,0   14:44     O
17  26,6  34,5   18:19  19,7   05:34   0,0   8,3   0,0   4,2  21,0   13:51   NNE
18  28,2  35,4   18:14  21,7   07:22   0,0   9,9   0,0   4,7  24,0   20:46   ONO
19  28,3  36,9   19:05  20,6   07:11   0,0  10,0   0,0   4,0  21,0   20:07    SO
20  30,8  39,7   18:01  23,1   05:18   0,0  12,5   0,0   5,6  27,0   18:41     E
21  26,8  31,1   15:12  22,4   23:36   0,0   8,5   0,0   6,9  35,0   19:54     O
22  22,2  27,7   19:41  18,7   05:08   0,0   3,9   0,0   7,1  31,0   17:22   OSO
23  23,8  31,8   18:40  17,8   06:58   0,0   5,5   0,0   5,5  26,0   20:01   OSO
24  23,0  29,0   17:01  17,5   07:48   0,0   4,8   0,0   7,5  29,0   18:24   NNO
----------------------------------------------------------------------------------
    23,8  39,7    20    13,0     3     6,7 139,9   6,4   5,5  40,0     2     ONO

Max >=  30,0 16
Max <=  20,0  0
Min <=  30,0 24
Min <=   0,0  0
Max Rain: 4,0 on day 2
Days of Rain: 3 (>= 0,2 mm)  2 (>= 2,0 mm)  0 (>= 20,0 mm)
Heat Base: 18,3  Cool Base: 18,3  Method: Integration