Existen múltiples avisos   Haga clik para más información

Informes Estilo NOAA


Informe 2021 Septiembre
                   Monthly Climatological Summary for sep. 2021

Name: tiempoensevilla.es   City: Sevilla   State: España
Elevation: 6 m  Lat: N 37° 22' 59"   Lon: W 005° 59' 08"

                  Temperature (°C), Rain (mm), Wind Speed (km/h)

                                      Heat  Cool        Avg
    Mean                              Deg   Deg         Wind                 Dom
Day Temp  High   Time   Low    Time   Days  Days  Rain  Speed High   Time    Dir
----------------------------------------------------------------------------------
01  25,1  30,5   17:34  21,4   06:47   0,0   6,8   0,0   5,9  31,0   18:45    SO
02  24,8  30,4   15:38  20,7   07:38   0,0   6,5   0,0   6,1  31,0   17:37    SO
03  25,8  33,8   18:20  20,4   04:28   0,0   7,5   0,0   4,2  27,0   19:46   OSO
04  27,5  34,6   18:33  21,6   08:14   0,0   9,2   0,0   4,2  21,0   19:28    SO
05  29,1  38,3   18:34  22,0   08:55   0,0  10,8   0,0   4,7  48,0   21:24    SO
06  30,2  35,9   18:23  25,4   09:08   0,0  11,9   0,0   5,1  24,0   07:12   ONO
07  26,8  32,7   17:19  23,2   23:55   0,0   8,5   0,0   7,9  29,0   18:37   OSO
08  25,2  31,4   17:32  21,2   06:58   0,0   6,9   0,0   6,1  35,0   17:38   OSO
09  25,3  31,2   18:24  21,5   08:47   0,0   7,0   0,0   5,1  35,0   19:21   OSO
10  25,6  32,3   17:56  20,8   07:21   0,0   7,3   0,0   4,8  27,0   19:07    SO
11  26,8  34,2   17:44  20,9   08:16   0,0   8,5   0,0   5,0  24,0   16:55    SO
12  26,9  35,4   18:26  20,1   08:11   0,0   8,5   0,0   5,2  24,0   20:14   OSO
13  26,3  29,7   17:41  24,1   10:06   0,0   8,0   0,4   5,6  27,0   18:06    SE
14  22,5  26,6   15:49  19,9   07:28   0,0   4,2  31,6   7,4  35,0   16:45   SSO
15  22,6  26,9   18:03  19,7   07:24   0,0   4,3   3,8   3,7  29,0   15:40   OSO
16  23,9  30,3   18:52  19,7   06:02   0,0   5,6   0,0   2,9  18,0   22:04   OSO
17  25,8  31,5   17:00  20,9   05:13   0,0   7,5   0,0   3,4  26,0   18:10    SO
18  24,7  30,2   16:30  20,3   08:29   0,0   6,4   0,0   4,9  27,0   16:46     O
19  24,9  32,4   18:21  18,8   07:42   0,0   6,6   0,0   3,4  19,0   12:40    NE
20  25,5  33,2   17:37  19,8   07:40   0,0   7,2   0,0   4,1  23,0   19:20     O
21  24,6  31,3   17:56  20,1   07:26   0,0   6,3   0,0   5,7  43,0   18:07     E
22  24,3  30,4   17:33  19,6   06:22   0,0   6,0   0,0   5,8  27,0   19:04   ENE
----------------------------------------------------------------------------------
    25,6  38,3     5    18,8    19     0,0 161,5  35,8   5,1  48,0     5      SO

Max >=  30,0 19
Max <=  20,0  0
Min <=  30,0 22
Min <=   0,0  0
Max Rain: 31,6 on day 14
Days of Rain: 3 (>= 0,2 mm)  2 (>= 2,0 mm)  1 (>= 20,0 mm)
Heat Base: 18,3  Cool Base: 18,3  Method: Integration