Campiña-Hay un problema de comunicación. Ir directamente a Meteoalarm : www.meteoalarm.eu y comprobar si hay avisos .

Sevilla, Andalucía, España
Idioma: es English Français Deutsch Italiano Português Español
 

Informes Estilo NOAA


Informe 2022 Enero
                   Monthly Climatological Summary for ene. 2022

Name: tiempoensevilla.es   City: Sevilla   State: España
Elevation: 6 m  Lat: N 37° 22' 59"   Lon: W 005° 59' 08"

                  Temperature (°C), Rain (mm), Wind Speed (km/h)

                                      Heat  Cool        Avg
    Mean                              Deg   Deg         Wind                 Dom
Day Temp  High   Time   Low    Time   Days  Days  Rain  Speed High   Time    Dir
----------------------------------------------------------------------------------
01  14,5  20,6   15:43  10,2   08:29   4,0   0,2   0,0   4,1  19,0   00:32    NE
02  13,3  20,2   16:51   8,4   08:00   5,1   0,2   0,0   3,0  13,0   07:04   NNE
03  14,4  22,3   17:13   9,2   08:11   4,4   0,4   0,0   3,7  26,0   11:31    NE
04  12,4  15,6   14:32  10,2   04:48   5,9   0,0   0,0   4,3  34,0   14:33    NO
05  12,2  16,2   15:35   7,9   08:02   6,1   0,0   0,0   5,6  31,0   02:00     O
06  12,3  16,3   17:37   9,3   08:48   6,0   0,0   0,0   4,7  21,0   00:26     N
07  10,9  15,9   17:15   6,7   07:59   7,4   0,0   0,0   5,8  29,0   14:26   ENE
08  11,1  17,1   16:14   6,1   08:54   7,2   0,0   0,0   5,7  23,0   06:53   ENE
09  10,0  15,6   15:43   3,9   08:27   8,3   0,0   0,0   2,7  14,0   15:01   NNE
10  12,1  16,7   16:43   8,7   06:02   6,2   0,0   0,0   3,1  18,0   15:56    NE
11  13,2  19,2   16:44   8,1   09:06   5,2   0,1   0,0   7,1  32,0   13:35   ENE
12  12,7  18,1   15:20   8,4   08:02   5,6   0,0   0,0   8,1  31,0   15:33   ENE
13  12,2  17,0   15:36   8,4   08:50   6,1   0,0   0,0  10,9  37,0   17:17     E
14  12,0  17,1   16:49   8,0   08:40   6,3   0,0   0,0   8,9  31,0   11:37     E
15  11,3  16,5   16:31   6,4   08:22   7,0   0,0   0,0   5,5  19,0   11:52    NE
16  11,5  16,9   16:29   6,8   08:54   6,8   0,0   0,0   6,2  19,0   10:25   ENE
17  10,8  16,7   16:38   6,3   06:05   7,5   0,0   0,0   6,6  24,0   05:16   ENE
18  10,6  16,6   17:14   6,1   08:49   7,7   0,0   0,0   4,9  23,0   10:37    NE
19   9,8  15,7   15:59   4,7   08:26   8,5   0,0   0,0   4,2  19,0   09:55    NE
20  10,0  16,3   17:05   4,8   08:33   8,3   0,0   0,0   5,2  21,0   12:30   ENE
21  10,2  15,9   15:58   5,4   08:21   8,0   0,0   0,0   5,7  23,0   15:02   ENE
22  11,4  18,6   16:15   6,6   07:03   6,9   0,0   0,0   9,1  34,0   12:29   ENE
23  11,8  17,3   15:59   7,4   07:45   6,5   0,0   0,0   7,1  26,0   11:13   ENE
24  11,7  15,1   15:35   9,4   07:17   6,6   0,0   0,0   5,7  21,0   16:31    NE
25  13,1  16,9   16:15   9,3   09:38   5,2   0,0   0,0   8,2  42,0   16:40     E
26  13,3  17,1   14:26  10,0   04:16   5,0   0,0   0,0   9,9  35,0   14:57     E
----------------------------------------------------------------------------------
    11,9  22,3     3     3,9     9   167,8   0,9   0,0   6,0  42,0    25     ENE

Max >=  30,0  0
Max <=  20,0 23
Min <=  30,0 26
Min <=   0,0  0
Max Rain: 0,0 on day 0
Days of Rain: 0 (>= 0,2 mm)  0 (>= 2,0 mm)  0 (>= 20,0 mm)
Heat Base: 18,3  Cool Base: 18,3  Method: Integration