Campiña-No se requiere un especial cuidado respecto a la situación meteorológica.   -   No hay avisos

Informes Estilo NOAA


Informe 2021 Junio
                   Monthly Climatological Summary for jun. 2021

Name: tiempoensevilla.es   City: Sevilla   State: España
Elevation: 6 m  Lat: N 37° 22' 59"   Lon: W 005° 59' 08"

                  Temperature (°C), Rain (mm), Wind Speed (km/h)

                                      Heat  Cool        Avg
    Mean                              Deg   Deg         Wind                 Dom
Day Temp  High   Time   Low    Time   Days  Days  Rain  Speed High   Time    Dir
----------------------------------------------------------------------------------
01  20,9  25,3   18:21  18,3   07:19   0,0   2,6   0,0   9,6  31,0   15:11   OSO
02  22,3  29,4   17:43  16,3   06:49   0,3   4,3   0,0   5,1  26,0   19:26    SO
03  22,9  28,8   17:12  17,6   07:42   0,1   4,6   0,0   6,1  32,0   17:52    SO
04  23,4  29,3   16:51  18,1   07:59   0,0   5,1   0,0   4,6  23,0   19:20   OSO
05  23,9  29,6   16:19  19,4   05:21   0,0   5,6   0,0   6,7  37,0   19:06   OSO
06  26,6  34,8   18:47  19,0   07:34   0,0   8,3   0,0   4,1  21,0   22:08   ENE
07  28,7  36,7   17:45  20,8   06:56   0,0  10,4   0,0   6,2  26,0   15:19   ENE
08  29,3  37,1   16:11  22,0   07:14   0,0  11,0   0,0   6,2  34,0   21:18     O
09  29,6  37,9   17:53  22,4   08:20   0,0  11,3   0,0   4,3  27,0   21:14   OSO
10  28,7  35,9   17:25  22,0   08:15   0,0  10,4   0,0   6,3  27,0   17:57   OSO
11  27,3  32,6   15:26  22,6   07:19   0,0   9,0   0,0   5,9  31,0   19:17   OSO
12  25,3  30,9   16:52  21,2   06:25   0,0   7,0   0,0   6,2  29,0   17:28   OSO
13  26,2  31,5   18:05  21,6   07:54   0,0   7,8   0,0   6,7  31,0   16:35   OSO
14  26,0  33,1   16:49  20,1   07:04   0,0   7,7   0,0   5,3  24,0   17:49   OSO
15  23,5  29,1   17:45  20,0   06:00   0,0   5,2   0,0   6,4  26,0   20:12    SO
16  23,1  27,2   18:01  20,8   06:43   0,0   4,8   0,0   8,3  34,0   18:58   OSO
17  21,3  24,4   18:05  19,2   09:10   0,0   3,0   4,6   7,7  37,0   16:24    SO
18  20,6  24,9   16:53  18,6   10:14   0,0   2,3   0,8   8,2  39,0   17:54    SO
19  20,2  25,2   18:08  16,1   07:26   0,5   2,4   0,0   6,1  31,0   19:58   OSO
20  20,3  23,8   13:38  16,8   08:05   0,2   2,2   0,0   9,2  34,0   14:05   OSO
21  21,4  26,3   19:27  16,8   07:18   0,2   3,2   0,0   8,3  31,0   16:41    NO
----------------------------------------------------------------------------------
    24,4  37,9     9    16,1    19     1,3 128,2   5,4   6,5  39,0    18     OSO

Max >=  30,0  9
Max <=  20,0  0
Min <=  30,0 21
Min <=   0,0  0
Max Rain: 4,6 on day 17
Days of Rain: 2 (>= 0,2 mm)  1 (>= 2,0 mm)  0 (>= 20,0 mm)
Heat Base: 18,3  Cool Base: 18,3  Method: Integration