Campiña-Pas de vigilance météorologique particuliére.   -   Il n'y a aucun avertissement

Rapports style NOAA


Rapport 2020 octobre
                   Monthly Climatological Summary for oct. 2020

Name: tiempoensevilla.es   City: Sevilla   State: España
Elevation: 6 m  Lat: N 37 22 59   Lon: W 005 59 08

                  Temperature (°C), Rain (mm), Wind Speed (km/h)

                                      Heat  Cool        Avg
    Mean                              Deg   Deg         Wind                 Dom
Day Temp  High   Time   Low    Time   Days  Days  Rain  Speed High   Time    Dir
----------------------------------------------------------------------------------
01  21,9  28,6   18:17  17,2   10:07   0,1   3,7   0,0   5,2  33,8   19:36     O
02  19,9  23,5   17:30  16,2   07:50   0,3   1,8   0,0  11,8  56,3   12:30   ONO
03  17,9  23,5   17:08  12,9   08:40   1,8   1,4   0,0   6,4  29,0   17:33    NO
04  18,8  24,5   17:02  13,9   08:49   1,2   1,7   0,0   5,7  30,6   19:23   ONO
05  20,1  26,1   18:14  15,0   07:42   0,7   2,6   0,0   6,9  22,5   02:21     N
06  22,2  29,2   19:09  15,9   08:34   0,3   4,2   0,0   4,9  20,9   13:23   ENE
07  25,1  32,9   17:26  18,4   09:17   0,0   6,8   0,0   5,1  24,1   13:34    NE
08  25,3  32,9   17:07  17,8   07:10   0,0   7,0   0,0   4,5  20,9   10:20     N
09  24,1  31,2   18:06  18,1   08:19   0,0   5,8   0,0   2,5  12,9   22:03   ONO
10  22,7  31,4   17:42  16,4   08:47   0,1   4,6   0,0   3,7  24,1   19:00   OSO
11  22,1  29,2   18:42  16,7   08:55   0,2   4,0   0,0   4,8  25,7   16:44   ENE
12  20,8  26,6   18:47  16,3   08:38   0,3   2,9   0,0   8,3  41,8   10:26   ENE
13  20,6  28,3   18:16  14,8   08:21   0,8   3,1   0,0   4,7  20,9   21:13    NE
14  18,8  24,9   18:02  14,3   08:36   1,2   1,7   0,0   5,4  20,9   09:49    NO
15  18,1  24,1   17:26  12,7   08:46   1,5   1,3   0,0   4,3  22,5   19:06     O
16  17,6  24,9   18:30  11,1   08:46   2,2   1,6   0,0   3,4  17,7   09:24    NE
17  17,3  24,1   18:41  11,4   08:23   2,4   1,4   0,0   2,7  16,1   20:48   OSO
18  19,3  27,4   18:24  11,5   08:43   1,8   2,8   0,0   4,1  19,3   09:30    NE
19  20,7  28,5   16:12  14,8   09:21   0,9   3,3   0,0   6,6  37,0   18:32     O
20  21,6  26,1   15:38  17,4   22:31   0,1   3,3   9,6   9,8  54,7   17:45   SSO
21  19,3  22,9   17:08  17,5   07:46   0,1   1,1   3,8   6,7  27,4   01:48    SO
22  18,2  21,5   17:48  16,8   09:02   0,5   0,4   6,6   3,3  27,4   18:32    SO
23  17,5  22,7   16:49  13,7   07:51   1,7   0,9   0,2   2,4  17,7   19:34     O
24  17,0  22,0   17:04  12,6   08:54   1,9   0,6   0,0   1,6  12,9   21:46   NNE
25  16,7  21,6   14:45  12,6   09:13   2,3   0,6   2,4   6,3  35,4   15:40   OSO
26  16,6  20,0   17:07  13,7   08:20   1,9   0,2   0,0   6,0  25,7   11:59   NNO
27  15,5  20,9   17:26  10,8   08:09   3,2   0,4   0,0   3,0  14,5   09:44   NNE
----------------------------------------------------------------------------------
    19,8  32,9     7    10,8    27    27,5  69,2  22,6   5,2  56,3     2      NO

Max >=  30,0  4
Max <=  20,0  1
Min <=  30,0 27
Min <=   0,0  0
Max Rain: 9,6 on day 20
Days of Rain: 5 (>= 0,2 mm)  4 (>= 2,0 mm)  0 (>= 20,0 mm)
Heat Base: 18,3  Cool Base: 18,3  Method: Integration