Campiña-Pas de vigilance météorologique particuliére.   -   Il n'y a aucun avertissement

Rapports style NOAA


Rapport 2020 mars
                   Monthly Climatological Summary for mar. 2020

Name: tiempoensevilla.es   City: Sevilla   State: España
Elevation: 6 m  Lat: N 37 22 59   Lon: W 005 59 08

                  Temperature (°C), Rain (mm), Wind Speed (km/h)

                                      Heat  Cool        Avg
    Mean                              Deg   Deg         Wind                 Dom
Day Temp  High   Time   Low    Time   Days  Days  Rain  Speed High   Time    Dir
----------------------------------------------------------------------------------
01  15,3  18,6   14:59  12,1   09:00   3,0   0,0   0,0   7,1  33,8   18:59    SO
02  17,2  20,7   13:49  15,2   23:58   1,5   0,4   1,6  10,2  41,8   15:35   OSO
03  14,8  19,4   16:23  10,4   07:47   3,6   0,0   0,0   5,2  30,6   12:43   OSO
04  16,2  22,9   17:11  10,8   07:17   3,0   0,9   0,2   2,8  19,3   14:40   ONO
05  15,4  20,1   17:42  10,7   07:06   3,1   0,2   0,0   5,3  29,0   13:13   ONO
06  14,9  19,8   16:25  10,8   06:20   3,6   0,2   0,0   7,7  29,0   14:50    NO
07  15,4  21,3   17:32   9,9   08:09   3,4   0,6   0,0   6,9  29,0   12:59    NE
08  16,5  24,4   16:42   9,7   06:09   3,3   1,4   0,0   5,1  22,5   21:55     N
09  18,3  24,9   18:10  12,6   08:22   1,7   1,7   0,0   4,5  19,3   19:14     N
10  20,3  27,4   17:06  12,7   07:34   1,3   3,3   0,0   7,1  32,2   15:27   ENE
11  21,0  29,9   16:23  12,3   07:29   1,3   3,9   0,0   5,4  22,5   11:08    NE
12  18,6  24,3   15:56  14,5   06:14   1,0   1,4   0,0   4,4  24,1   15:22    SO
13  16,3  22,2   16:46  13,0   05:33   2,6   0,7   0,0   4,6  20,9   19:40    SO
14  16,3  22,3   17:30  12,3   04:30   2,7   0,7   0,0   2,5  17,7   01:11   OSO
15  17,1  23,3   17:11  11,8   07:27   2,3   1,1   0,0   4,4  24,1   19:13   OSO
16  13,1  16,6   00:54   9,7   07:57   5,2   0,0   0,0  10,2  41,8   19:02   NNO
17  13,0  18,2   17:36   8,4   08:09   5,3   0,0   3,6   9,2  51,5   15:36     E
18  18,2  23,7   16:56  13,5   05:13   1,6   1,5   0,0  11,8  45,1   15:57     E
19  17,8  22,7   16:46  13,6   08:07   1,6   1,1   0,0   8,0  37,0   11:08   ENE
20  16,5  20,6   16:28  13,9   07:23   2,1   0,3   6,2   4,2  27,4   20:53   SSO
21  11,7  14,6   00:00   9,8   16:02   6,6   0,0  20,8   4,6  35,4   15:59   SSO
22  12,6  17,1   16:49  10,2   01:59   5,7   0,0   0,4   3,2  19,3   12:38   ENE
23  14,0  19,3   17:05   9,7   07:19   4,4   0,0   0,0   7,3  30,6   17:38   ENE
24  15,8  21,1   16:40  10,6   05:38   3,1   0,5   0,6   6,6  32,2   13:00   ENE
25  16,2  20,3   17:26  13,4   07:10   2,3   0,2   0,2   5,7  27,4   01:12    SO
26  16,9  23,2   15:50  12,7   07:23   2,5   1,1   0,0   6,7  37,0   15:27     O
27  13,8  18,8   16:21   8,7   07:35   4,5   0,0   0,0   5,5  24,1   16:34    SO
28  15,1  20,8   17:10  10,2   08:03   3,5   0,3   0,0   4,7  20,9   20:29    SE
29  16,0  20,8   15:19  10,9   08:56   2,7   0,5   0,0   3,5  22,5   20:11     O
30  14,0  18,6   14:21  11,9   08:15   4,3   0,0   7,6   3,8  37,0   16:37    SO
31  14,7  19,0   16:59  12,0   03:01   3,6   0,0  11,0   9,5  40,2   14:21   SSO
----------------------------------------------------------------------------------
    15,9  29,9    11     8,4    17    96,4  22,0  52,2   6,0  51,5    17       O

Max >=  30,0  0
Max <=  20,0 11
Min <=  30,0 31
Min <=   0,0  0
Max Rain: 20,8 on day 21
Days of Rain: 10 (>= 0,2 mm)  5 (>= 2,0 mm)  1 (>= 20,0 mm)
Heat Base: 18,3  Cool Base: 18,3  Method: Integration