No se requiere un especial cuidado respecto a la situación meteorológica.   -   No hay avisos

Informes Estilo NOAA


Informe 2018 Julio
                   Monthly Climatological Summary for jul. 2018

Name: tiempoensevilla.es   City: Sevilla   State: Espaņa
Elevation: 6 m  Lat: N 37 22 59   Lon: W 005 59 08

                  Temperature (°C), Rain (mm), Wind Speed (km/h)

                                      Heat  Cool        Avg
    Mean                              Deg   Deg         Wind                 Dom
Day Temp  High   Time   Low    Time   Days  Days  Rain  Speed High   Time    Dir
----------------------------------------------------------------------------------
01  22,0  25,9   17:56  18,4   06:35   0,0   3,7   0,0   7,4  40,2   16:07    SO
02  22,7  28,1   18:25  17,8   07:42   0,0   4,4   0,0   5,4  25,7   18:56    SO
03  25,2  32,2   16:55  19,4   05:47   0,0   6,9   0,0   5,3  30,6   18:56    SO
04  24,1  30,1   17:06  18,3   07:24   0,0   5,8   0,0   5,5  32,2   17:19     O
05  25,4  30,8   16:14  20,8   07:58   0,0   7,1   0,0   5,7  30,6   18:21   OSO
06  26,9  34,4   16:31  20,6   06:56   0,0   8,6   0,0   4,4  27,4   19:14    SO
07  28,2  36,1   17:32  21,2   07:34   0,0   9,9   0,0   4,6  22,5   21:21    SO
08  28,5  35,3   17:36  22,2   07:28   0,0  10,2   0,0   5,3  29,0   20:17    SO
09  29,1  36,4   18:40  22,5   06:01   0,0  10,8   0,0   5,0  25,7   18:41    SO
10  25,2  29,9   18:20  21,4   08:31   0,0   6,9   0,0   7,7  30,6   16:11   SSO
11  23,1  28,6   15:31  20,2   08:15   0,0   4,8   0,0   7,2  33,8   17:19   SSO
12  22,5  26,6   17:04  19,9   02:24   0,0   4,2   0,0   7,0  29,0   18:28    SO
13  23,1  28,2   18:31  19,4   07:18   0,0   4,8   0,0   5,3  25,7   15:28   SSO
14  22,4  27,5   17:43  18,3   07:23   0,0   4,1   0,0   6,3  33,8   19:01   SSO
15  22,3  27,3   16:09  18,5   05:21   0,0   4,0   0,0   7,3  33,8   17:28    SO
16  25,1  32,9   20:21  19,7   07:23   0,0   6,8   0,0   4,5  22,5   20:40   ONO
17  28,2  35,9   18:46  21,3   04:19   0,0   9,9   0,0   4,7  24,1   20:11    SO
18  26,8  33,1   18:26  21,6   07:36   0,0   8,5   0,0   5,6  25,7   20:09   SSO
----------------------------------------------------------------------------------
    25,0  36,4     9    17,8     2     0,0 121,4   0,0   5,8  40,2     1      SO

Max >=  30,0 10
Max <=  20,0  0
Min <=  30,0 18
Min <=   0,0  0
Max Rain: 0,0 on day 0
Days of Rain: 0 (>= 0,2 mm)  0 (>= 2,0 mm)  0 (>= 20,0 mm)
Heat Base: 18,3  Cool Base: 18,3  Method: Integration