Trovoada Desde: 26-09-2018 12:00 Até: 21:59 Aviso por: Trovoada Nivel: Amarelo info button
 

Relatórios estilo NOAA


Relatório 2018 Setembro
                   Monthly Climatological Summary for sep. 2018

Name: tiempoensevilla.es   City: Sevilla   State: España
Elevation: 6 m  Lat: N 37 22 59   Lon: W 005 59 08

                  Temperature (°C), Rain (mm), Wind Speed (km/h)

                                      Heat  Cool        Avg
    Mean                              Deg   Deg         Wind                 Dom
Day Temp  High   Time   Low    Time   Days  Days  Rain  Speed High   Time    Dir
----------------------------------------------------------------------------------
01  30,8  36,7   14:19  24,0   08:02   0,0  12,5   0,0   4,8  20,9   15:57   SSO
02  30,2  36,9   17:48  25,0   08:26   0,0  11,9   0,0   6,0  30,6   18:54   OSO
03  24,8  28,1   16:04  22,2   23:52   0,0   6,5   0,0   8,5  30,6   17:07    SO
04  23,8  28,4   17:20  20,9   06:10   0,0   5,5   0,0   5,6  27,4   16:57    SO
05  23,6  28,0   16:10  20,4   07:24   0,0   5,3   0,0   5,6  32,2   17:27    SO
06  23,8  29,7   17:09  20,0   07:42   0,0   5,5   0,0   4,7  30,6   18:27   SSO
07  23,6  29,8   18:39  19,9   05:21   0,0   5,3   0,0   5,2  22,5   17:29    SO
08  23,1  26,6   16:57  19,9   06:30   0,0   4,8   0,0   3,8  17,7   00:37   SSO
09  25,4  32,8   17:52  21,4   09:00   0,0   7,1   0,0   6,6  29,0   18:22   ENE
10  27,0  33,7   18:00  20,6   08:07   0,0   8,7   0,0   7,4  30,6   14:53     E
11  28,0  33,8   18:21  22,4   07:32   0,0   9,7   0,0   7,9  35,4   12:54   ENE
12  28,2  34,1   17:18  23,6   07:46   0,0   9,9   0,0   5,9  29,0   18:48   OSO
13  25,4  32,2   17:25  22,2   05:23   0,0   7,1   0,0   5,8  32,2   19:53    SO
14  24,1  29,4   17:49  19,3   21:09   0,0   5,8   8,8   5,6  51,5   20:26   SSO
15  24,2  31,7   18:18  20,7   00:08   0,0   5,9   6,8   4,7  49,9   19:59   ENE
16  26,3  31,7   17:26  21,4   07:27   0,0   8,0   0,0   6,3  29,0   12:24   ENE
17  27,4  32,8   16:57  22,4   06:47   0,0   9,1   0,0   4,5  22,5   18:10   SSE
18  27,2  32,6   16:40  22,3   08:34   0,0   8,9   0,0   4,3  25,7   17:59   SSO
19  27,7  35,6   17:55  22,8   08:09   0,0   9,4   0,0   3,4  19,3   00:17    SO
20  27,3  33,1   17:44  23,3   03:33   0,0   9,0   0,0   4,2  17,7   16:31    SO
21  28,2  35,6   18:17  22,8   08:08   0,0   9,9   0,0   2,5  12,9   11:42     O
22  29,5  37,3   17:12  22,3   08:38   0,0  11,2   0,0   5,6  27,4   16:08     E
23  30,3  37,4   18:01  23,2   06:32   0,0  12,0   0,0   6,2  27,4   13:15   ENE
24  30,4  38,1   17:56  23,4   06:53   0,0  12,1   0,0   6,0  29,0   15:18    NE
25  29,7  36,4   17:42  23,3   08:12   0,0  11,4   0,0   4,2  22,5   21:48     O
----------------------------------------------------------------------------------
    26,8  38,1    24    19,3    14     0,0 212,5  15,6   5,4  51,5    14       S

Max >=  30,0 18
Max <=  20,0  0
Min <=  30,0 25
Min <=   0,0  0
Max Rain: 8,8 on day 14
Days of Rain: 2 (>= 0,2 mm)  2 (>= 2,0 mm)  0 (>= 20,0 mm)
Heat Base: 18,3  Cool Base: 18,3  Method: Integration