Campiña-Non è richiesta alcuna attenzione speciale.   -   Non ci sono nessun avvisi

NOAA-Style Climate Reports


Report for 2019 Ottobre
                   Monthly Climatological Summary for oct. 2019

Name: tiempoensevilla.es   City: Sevilla   State: Espaņa
Elevation: 6 m  Lat: N 37 22 59   Lon: W 005 59 08

                  Temperature (°C), Rain (mm), Wind Speed (km/h)

                                      Heat  Cool        Avg
    Mean                              Deg   Deg         Wind                 Dom
Day Temp  High   Time   Low    Time   Days  Days  Rain  Speed High   Time    Dir
----------------------------------------------------------------------------------
01  24,9  32,4   17:31  18,2   05:50   0,0   6,6   0,0   4,7  33,8   18:10   ONO
02  23,0  29,4   16:20  18,4   08:37   0,0   4,7   0,0   6,0  29,0   19:02   OSO
03  21,6  29,2   16:50  16,7   08:33   0,1   3,4   0,0   4,9  25,7   20:07   SSO
04  22,2  30,1   17:44  16,4   08:23   0,2   4,1   0,0   3,6  19,3   16:34   SSO
05  22,4  29,7   18:28  17,6   09:30   0,1   4,2   0,0   3,7  22,5   19:12    SO
06  23,0  31,8   17:34  16,1   09:10   0,2   4,9   0,0   3,0  17,7   20:09    SO
07  25,0  34,7   18:28  16,8   08:44   0,1   6,8   0,0   2,8  14,5   09:48    NE
08  26,0  33,8   18:20  19,8   09:13   0,0   7,7   0,0   4,2  24,1   19:17     O
09  25,4  32,1   17:30  19,6   08:45   0,0   7,1   0,0   2,9  19,3   19:26    SO
10  25,3  33,0   18:03  19,6   09:36   0,0   7,0   0,0   3,5  16,1   21:26   OSO
11  25,0  29,3   17:35  20,7   08:05   0,0   6,6   0,0   3,4  17,7   05:51   NNE
12  24,7  30,1   16:39  21,2   23:57   0,0   6,4   0,0   6,1  33,8   19:31   OSO
13  23,3  29,1   17:46  18,8   07:58   0,0   5,0   0,0   3,8  19,3   00:22   OSO
14  20,5  24,3   00:00  17,7   08:09   0,0   2,2   2,0   8,4  40,2   16:11   OSO
15  17,8  22,8   17:52  12,9   09:01   1,5   1,0   0,0   4,0  19,3   12:45     N
16  18,6  25,2   18:44  12,8   08:06   1,6   1,8   0,0   4,8  17,7   10:49   NNE
17  19,3  25,4   18:07  13,4   09:34   1,2   2,2   0,0   3,2  19,3   19:04    SO
18  19,8  24,2   17:51  16,2   10:01   0,5   2,0   0,0   4,2  22,5   19:01    SO
19  19,1  22,7   15:33  16,6   06:16   0,4   1,3   2,6   6,9  43,5   20:14    SO
20  16,9  21,2   18:05  13,8   08:59   1,8   0,4   0,2   5,9  22,5   14:02     O
21  16,4  21,8   17:22  11,7   08:06   2,5   0,6   0,0   3,5  16,1   09:54     N
----------------------------------------------------------------------------------
    21,9  34,7     7    11,7    21    10,2  86,0   4,8   4,4  43,5    19     OSO

Max >=  30,0  8
Max <=  20,0  0
Min <=  30,0 21
Min <=   0,0  0
Max Rain: 2,6 on day 19
Days of Rain: 3 (>= 0,2 mm)  2 (>= 2,0 mm)  0 (>= 20,0 mm)
Heat Base: 18,3  Cool Base: 18,3  Method: Integration