NOAA-Style Climate Reports
Select a Year or Month report
2024: Jan Feb Mar Apr May Jun Jul Aug Sep Oct Nov Dec
2023: Jan Feb Mar Apr May Jun Jul Aug Sep Oct Nov Dec
2022: Jan Feb Mar Apr May Jun Jul Aug Sep Oct Nov Dec
2021: Jan Feb Mar Apr May Jun Jul Aug Sep Oct Nov Dec
2020: Jan Feb Mar Apr May Jun Jul Aug Sep Oct Nov Dec
2019: Jan Feb Mar Apr May Jun Jul Aug Sep Oct Nov Dec
2018: Jan Feb Mar Apr May Jun Jul Aug Sep Oct Nov Dec
2017: Jan Feb Mar Apr May Jun Jul Aug Sep Oct Nov Dec
2016: Jan Feb Mar Apr May Jun Jul Aug Sep Oct Nov Dec
2015: Jan Feb Mar Apr May Jun Jul Aug Sep Oct Nov Dec
2014: Jan Feb Mar Apr May Jun Jul Aug Sep Oct Nov Dec
2013: Jan Feb Mar Apr May Jun Jul Aug Sep Oct Nov Dec
2012: Jan Feb Mar Apr May Jun Jul Aug Sep Oct Nov Dec
2011: Jan Feb Mar Apr May Jun Jul Aug Sep Oct Nov Dec
2010: Jan Feb Mar Apr May Jun Jul Aug Sep Oct Nov Dec
2024: Jan Feb Mar Apr May Jun Jul Aug Sep Oct Nov Dec
2023: Jan Feb Mar Apr May Jun Jul Aug Sep Oct Nov Dec
2022: Jan Feb Mar Apr May Jun Jul Aug Sep Oct Nov Dec
2021: Jan Feb Mar Apr May Jun Jul Aug Sep Oct Nov Dec
2020: Jan Feb Mar Apr May Jun Jul Aug Sep Oct Nov Dec
2019: Jan Feb Mar Apr May Jun Jul Aug Sep Oct Nov Dec
2018: Jan Feb Mar Apr May Jun Jul Aug Sep Oct Nov Dec
2017: Jan Feb Mar Apr May Jun Jul Aug Sep Oct Nov Dec
2016: Jan Feb Mar Apr May Jun Jul Aug Sep Oct Nov Dec
2015: Jan Feb Mar Apr May Jun Jul Aug Sep Oct Nov Dec
2014: Jan Feb Mar Apr May Jun Jul Aug Sep Oct Nov Dec
2013: Jan Feb Mar Apr May Jun Jul Aug Sep Oct Nov Dec
2012: Jan Feb Mar Apr May Jun Jul Aug Sep Oct Nov Dec
2011: Jan Feb Mar Apr May Jun Jul Aug Sep Oct Nov Dec
2010: Jan Feb Mar Apr May Jun Jul Aug Sep Oct Nov Dec
Report for 2024 March
Monthly Climatological Summary for mar. 2024 Name: tiempoensevilla.es City: Sevilla State: Espaņa Elevation: 6 m Lat: N 37° 22' 59" Lon: W 005° 59' 08" Temperature (°C), Rain (mm), Wind Speed (km/h) Heat Cool Avg Mean Deg Deg Wind Dom Day Temp High Time Low Time Days Days Rain Speed High Time Dir ---------------------------------------------------------------------------------- 01 13,4 18,8 17:29 9,0 07:41 4,9 0,0 0,0 4,2 24,0 19:50 NNO 02 12,8 18,2 15:21 8,1 07:44 5,5 0,0 1,0 8,7 50,0 17:25 O 03 13,0 17,2 16:35 9,0 07:52 5,3 0,0 0,0 6,8 32,0 16:27 ONO 04 14,6 19,9 17:07 10,8 06:16 3,8 0,1 1,0 4,3 26,0 20:08 O 05 14,1 19,3 17:10 9,2 08:11 4,2 0,1 0,0 5,0 24,0 11:49 NNE 06 14,5 20,8 17:15 8,7 07:47 4,2 0,4 0,0 5,2 21,0 09:45 NE 07 12,7 15,7 11:04 10,2 23:59 5,6 0,0 16,2 7,8 40,0 18:43 SO 08 12,1 16,2 16:41 8,5 07:20 6,2 0,0 14,8 9,2 43,0 22:30 OSO 09 12,6 15,4 01:30 10,6 14:08 5,7 0,0 7,8 10,0 63,0 00:11 OSO 10 13,6 18,2 15:02 9,8 07:58 4,7 0,0 0,2 8,5 40,0 15:55 O 11 14,5 19,9 17:31 10,1 05:01 3,9 0,1 0,0 3,4 19,0 13:37 ONO 12 15,7 22,1 16:49 9,6 07:21 3,4 0,8 0,0 6,4 26,0 09:37 ENE 13 15,8 22,2 16:37 10,5 07:06 3,2 0,7 0,0 5,9 24,0 17:24 N 14 16,9 21,3 17:13 14,0 03:13 1,9 0,5 0,0 3,1 13,0 12:30 OSO 15 16,4 21,9 16:43 11,9 06:29 2,5 0,6 0,0 2,3 14,0 09:28 SSO 16 19,7 27,3 16:22 12,8 07:31 1,6 3,0 0,0 4,7 23,0 10:32 NE 17 20,8 27,8 16:23 14,3 06:52 0,9 3,4 0,0 4,7 19,0 06:56 NE 18 20,4 26,4 16:39 14,7 08:21 0,9 3,0 0,0 4,9 23,0 11:00 NE ---------------------------------------------------------------------------------- 15,2 27,8 17 8,1 2 68,4 12,7 41,0 5,8 63,0 9 ONO Max >= 30,0 0 Max <= 20,0 10 Min <= 30,0 18 Min <= 0,0 0 Max Rain: 16,2 on day 7 Days of Rain: 6 (>= 0,2 mm) 3 (>= 2,0 mm) 0 (>= 20,0 mm) Heat Base: 18,3 Cool Base: 18,3 Method: Integration