Avisos AEMET Campiña SevillanaSin Avisos+ INFO
Sevilla, Andalucía, España
Language: en English Français Deutsch Italiano Português Español
 

NOAA-Style Climate Reports


Report for 2024 February
                   Monthly Climatological Summary for feb. 2024

Name: tiempoensevilla.es   City: Sevilla   State: Espaņa
Elevation: 6 m  Lat: N 37° 22' 59"   Lon: W 005° 59' 08"

                  Temperature (°C), Rain (mm), Wind Speed (km/h)

                                      Heat  Cool        Avg
    Mean                              Deg   Deg         Wind                 Dom
Day Temp  High   Time   Low    Time   Days  Days  Rain  Speed High   Time    Dir
----------------------------------------------------------------------------------
01  13,8  19,3   17:40   9,1   08:41   4,6   0,1   0,0   6,8  24,0   15:21   ENE
02  13,7  20,4   17:00   8,6   08:51   4,8   0,3   0,0   4,2  18,0   10:59   ENE
03  13,8  20,6   17:10   8,6   07:48   4,8   0,3   0,0   5,2  21,0   17:31    NE
04  13,7  20,7   17:08   8,7   08:03   4,9   0,3   0,0   3,9  18,0   08:48    NE
05  12,5  17,3   16:40   7,9   08:52   5,8   0,0   0,0   3,0  14,0   10:12   NNE
06  13,5  20,2   17:01   9,9   09:42   4,9   0,1   0,0   3,5  21,0   17:40    SO
07  13,9  19,1   16:59  10,8   08:10   4,4   0,0   0,0   2,9  13,0   17:02    NO
08  13,6  16,7   16:21  11,6   09:19   4,7   0,0   9,8   5,5  45,0   16:40    SO
09  14,7  18,1   17:48  13,2   00:00   3,6   0,0  65,8  10,9  56,0   00:33    SO
10  14,1  17,6   16:46  11,1   09:03   4,2   0,0   0,0   7,8  34,0   14:17     O
11  11,6  12,7   16:37  10,3   08:18   6,7   0,0   6,4   2,7  18,0   15:24    NE
12  18,5  23,1   17:11  11,8   00:04   0,8   1,1   1,0   8,4  34,0   14:22   OSO
13  17,6  21,8   16:40  14,9   06:10   1,4   0,7   0,0   3,9  21,0   17:55   ENE
14  18,9  24,8   17:40  14,8   08:12   1,1   1,7   0,0   6,1  23,0   10:17    NE
15  17,1  20,7   13:58  15,2   23:55   1,4   0,3   2,4   6,3  42,0   17:46    NO
16  15,8  19,9   16:47  12,9   09:22   2,7   0,2   0,0   3,4  18,0   05:11     O
17  15,7  21,0   17:02  10,8   07:46   3,1   0,5   0,0   6,3  27,0   15:02   ENE
18  15,6  21,1   16:59  10,4   08:14   3,2   0,5   0,0   5,4  19,0   11:22    NE
19  16,7  23,6   16:59  10,6   08:21   2,9   1,3   0,0   6,1  24,0   12:48    NE
20  18,0  24,5   16:58  12,3   08:11   1,8   1,5   0,0   5,1  26,0   12:26   ENE
21  17,3  23,7   16:58  11,3   08:23   2,3   1,3   0,0   4,6  19,0   10:55     N
22  16,0  19,8   16:29  12,4   08:41   2,5   0,2   0,0   6,8  32,0   15:35   OSO
23  13,4  17,1   16:18  10,7   08:17   4,9   0,0   0,4   7,9  39,0   16:32   ONO
----------------------------------------------------------------------------------
    15,2  24,8    14     7,9     5    81,5  10,4  85,8   5,5  56,0     9     NNO

Max >=  30,0  0
Max <=  20,0 10
Min <=  30,0 23
Min <=   0,0  0
Max Rain: 65,8 on day 9
Days of Rain: 6 (>= 0,2 mm)  4 (>= 2,0 mm)  1 (>= 20,0 mm)
Heat Base: 18,3  Cool Base: 18,3  Method: Integration