Avisos AEMET Campiña SevillanaAviso Naranja+ INFO
Sevilla, Andalucía, España
Idioma: es English Français Deutsch Italiano Português Español
 

Informes Estilo NOAA


Informe 2024
                   Annual Climatological Summary for 2024

Name: tiempoensevilla.es   City: Sevilla   State: Espaa
Elevation: 6 m  Lat: N 37° 22' 59"   Lon: W 005° 59' 08"

                  Temperature (°C), Heat Base: 18,3  Cool Base: 18,3
                          Dep.  Heat  Cool                       Max  Max  Min  Min
        Mean  Mean        From  Deg   Deg                        >=   <=   <=   <=
 YR MO  Max   Min   Mean  Norm  Days  Days  Hi  Date  Low  Date 30,0 20,0 30,0   0,0
------------------------------------------------------------------------------------
 24  1  18,3   9,6  13,4   2,5   159     6  24,4  27   4,4    8    0   23   31    0
 24  2  19,7  10,8  14,8   2,3   111    10  24,8  14   7,7   29    0   16   29    0
 24  3  20,7  11,8  15,9   1,0   102    29  27,8  17   8,1    2    0   17   31    0
 24  4  25,5  14,3  19,6   3,1    37    75  32,6  16   9,1    1    3    2   30    0
 24  5  29,0  16,6  22,3   2,6    17   140  38,4  30  10,6    2   14    1   31    0
 24  6  30,4  19,9  24,6   0,8     1   189  39,6  23  15,0   20   17    0   30    0
 24  7  35,6  21,9  28,2   1,0     0   217  41,9   4  18,3    7   20    0   22    0
 24  8
 24  9
 24 10
 24 11
 24 12
------------------------------------------------------------------------------------
        25,2  14,7  19,5   1,5   426   666  41,9jul.   4,4 ene.   54   59  204    0

                                Precipitation (mm)

              Dep.   Max        Days of Rain
              From   Obs.           >=
 YR MO Total  Norm   Day Date  0,2  2,0 20,0
---------------------------------------------
 24  1  36,6 -41,4   9,8  19     9    4    0
 24  2  93,0  41,0  65,8   9     8    6    1
 24  3 148,6 108,6  33,8  31    14    9    2
 24  4   7,0 -51,0   2,2   8     6    1    0
 24  5   4,0 -32,0   4,0   1     1    1    0
 24  6  23,2  21,2  19,6  19     3    2    0
 24  7   0,4  -1,6   0,4   6     1    0    0
---------------------------------------------
       312,8  44,8  65,8 feb.   42   23    3

                                Wind Speed (km/h)
                          Dom
 YR MO   Avg.  Hi   Date  Dir
------------------------------
 24  1   5,0  68,0   17   NNE
 24  2   6,0  56,0    9    NO
 24  3   7,0  68,0   27   OSO
 24  4   5,8  42,0    9    NO
 24  5   6,3  45,0   19   ONO
 24  6   6,3  37,0   19   OSO
 24  7   5,9  39,0    6   OSO
 24  8
 24  9
 24 10
 24 11
 24 12
------------------------------
         6,0  68,0 ene.   ONO