No se requiere un especial cuidado respecto a la situación meteorológica.   -   No hay avisos

Informes Estilo NOAA


Informe 2010 Abril
                   Monthly Climatological Summary for abr 2010

Name: tiempoensevilla.es   City: Sevilla   State: España
Elevation: 6 m  Lat: N 37° 23' 01"   Lon: W 005° 59' 08"

                  Temperature (°C), Rain (mm), Wind Speed (km/h)

                                      Heat  Cool        Avg
    Mean                              Deg   Deg         Wind                 Dom
Day Temp  High   Time   Low    Time   Days  Days  Rain  Speed High   Time    Dir
----------------------------------------------------------------------------------
 1  15,3  21,3   18:43  10,2   06:27   3,0   0,0   0,0   4,0  22,0   16:38   NNO
 2  16,1  22,6   18:48   9,7   08:11   2,2   0,0   0,0   3,4  17,3   12:45    NE
 3  16,6  23,2   17:06  11,5   06:32   1,7   0,0   0,0   5,4  35,6   23:09   NNO
 4  15,7  22,1   19:10  10,1   08:18   2,6   0,0   0,0   6,8  35,6   15:24   ENE
 5  17,1  23,6   17:06  11,8   06:28   1,2   0,0   0,0  11,4  46,4   15:38     E
 6  17,6  24,9   17:51  11,1   08:12   0,7   0,0   0,0   3,9  20,9   17:45   OSO
 7  19,7  26,6   18:33  13,1   07:13   0,0   1,4   0,0   5,0  29,5   16:57   NNE
 8  19,9  25,2   17:29  14,8   09:02   0,0   1,6   0,0   9,2  46,4   14:24     E
 9  19,1  25,7   16:18  12,5   07:07   0,0   0,8   0,0   9,4  42,8   14:15     E
10  18,3  23,7   18:56  14,0   02:17   0,0   0,0   0,0  11,5  45,4   15:54   ESE
11  18,5  25,3   18:09  13,0   06:43   0,0   0,2   0,0   5,2  27,0   12:37   ENE
12  17,8  22,0   18:02  15,3   05:22   0,5   0,0   0,0   4,7  30,6   17:55    SO
13  17,8  22,9   17:03  14,4   06:45   0,5   0,0   0,0   5,3  34,2   17:55    SO
14  18,7  25,4   15:24  14,4   05:55   0,0   0,4   2,1   4,7  36,7   18:55     S
15  19,1  24,0   17:21  15,4   07:57   0,0   0,8   1,8   9,2  39,2   18:43   SSO
16  17,1  22,6   13:50  14,5   06:39   1,2   0,0  10,5   5,1  41,8   14:21     S
17  17,1  21,7   15:20  13,3   06:56   1,2   0,0   0,3   6,4  40,3   17:15   SSO
18  15,9  19,5   17:58  13,7   03:09   2,4   0,0  22,8   5,9  31,7   12:21   SSO
19  18,2  24,0   15:58  13,7   06:51   0,1   0,0   0,3   2,9  22,0   16:45   ESE
20  21,7  28,5   17:19  15,6   06:37   0,0   3,4   0,0   3,9  23,4   08:04   ENE
21  18,8  22,7   15:15  15,7   05:50   0,0   0,5   0,3   4,2  20,9   16:30   NNE
22  18,2  22,5   17:00  14,3   10:10   0,1   0,0  10,2   6,7  28,1   18:25    SO
23  19,3  24,4   18:02  16,0   06:31   0,0   1,0   4,5   4,9  28,1   15:33   SSO
24  20,7  27,1   17:29  15,3   04:09   0,0   2,4   0,0   3,4  22,0   14:27    NE
25  23,9  30,3   18:36  18,9   07:45   0,0   5,6   0,0   5,9  28,1   17:00   ENE
26  24,1  31,9   18:04  16,5   07:16   0,0   5,8   0,0   6,2  31,7   14:55     E
27  25,0  33,8   18:49  17,3   07:34   0,0   6,7   0,0   7,1  40,3   14:49   ENE
28  25,6  34,9   16:37  17,8   07:50   0,0   7,3   0,0   4,8  23,4   18:35     O
29  24,5  31,0   17:23  18,5   07:53   0,0   6,2   0,0   4,5  22,0   20:51   ONO
30  22,6  29,3   17:39  17,0   06:50   0,0   4,3   0,0   4,2  28,1   18:39   OSO
----------------------------------------------------------------------------------
    19,3  34,9    28     9,7     2    17,4  48,4  52,8   5,8  46,4     5     ESE

Max >=  30,0:  5
Max <=  20,0:  1
Min <=  30,0: 30
Min <=   0,0:  0
Max Rain: 22,8 on day 18
Days of Rain: 9 (> 0,2 mm)  5 (> 2,0 mm)  1 (> 20,0 mm)
Heat Base: 18,3  Cool Base: 18,3  Method: Integration