Temperatura máxima Desde: 25-06-2017 11:00 Hasta: 16:59 Aviso por: Temperatura máxima Nivel: Amarillo info button
 

Informes Estilo NOAA


Informe 2010 Mayo
                   Monthly Climatological Summary for may 2010

Name: tiempoensevilla.es   City: Sevilla   State: España
Elevation: 6 m  Lat: N 37° 23' 01"   Lon: W 005° 59' 08"

                  Temperature (°C), Rain (mm), Wind Speed (km/h)

                                      Heat  Cool        Avg
    Mean                              Deg   Deg         Wind                 Dom
Day Temp  High   Time   Low    Time   Days  Days  Rain  Speed High   Time    Dir
----------------------------------------------------------------------------------
 1  21,6  28,3   17:56  15,8   07:51   0,0   3,3   0,0   5,6  27,0   17:04    NO
 2  21,7  27,4   17:18  15,7   07:58   0,0   3,4   0,0   4,3  30,6   19:23   OSO
 3  20,0  24,8   18:38  16,1   07:52   0,0   1,7   0,0   9,7  47,9   15:38   NNO
 4  17,7  21,6   18:32  13,5   07:31   0,6   0,0   0,0   9,8  34,2   12:22     N
 5  17,3  24,0   18:23  11,3   07:40   1,0   0,0   0,0   6,2  33,1   19:52    NO
 6  18,1  24,3   17:12  11,8   07:36   0,2   0,0   0,0   3,8  27,0   20:10    SO
 7  16,3  21,9   18:43  11,6   07:18   2,0   0,0   0,0   6,4  36,7   20:36    SO
 8  18,0  22,8   17:09  12,9   07:44   0,3   0,0   0,0   5,5  27,0   16:41    SO
 9  19,1  23,6   16:12  15,1   07:28   0,0   0,8   2,1  10,0  43,9   15:32    SO
10  19,0  23,8   15:46  14,9   07:05   0,0   0,7   0,0   6,4  37,8   19:10   OSO
11  18,5  23,7   16:25  14,7   08:56   0,0   0,2   2,4   6,7  41,8   18:36   OSO
12  17,1  21,4   15:59  12,9   07:16   1,2   0,0   0,0   6,7  37,8   19:03     O
13  16,9  21,9   17:41  12,6   06:26   1,4   0,0   0,0   5,6  36,7   19:34     O
14  16,8  22,4   15:48  11,3   06:53   1,5   0,0   0,0   7,5  35,6   13:40    NO
15  18,9  25,4   18:58  14,0   05:36   0,0   0,6   0,0   6,0  34,2   01:39    NO
16  20,5  28,1   18:57  13,2   07:15   0,0   2,2   0,0   3,4  45,4   15:05   ENE
17  23,4  30,7   19:28  15,0   07:47   0,0   5,1   0,0   7,0  36,7   16:30   ENE
18  25,0  32,8   18:39  15,9   07:09   0,0   6,7   0,0   6,7  33,1   13:51   ENE
19  26,5  35,2   18:32  17,0   07:27   0,0   8,2   0,0   5,9  34,2   16:59   ENE
20  26,7  33,5   16:54  18,1   07:27   0,0   8,4   0,0   7,6  36,7   18:35   ENE
21  26,1  33,9   18:22  19,1   07:29   0,0   7,8   0,0   7,7  39,2   17:11     E
22  25,5  33,3   16:55  17,4   07:31   0,0   7,2   0,0   5,7  33,1   20:30     O
23  23,9  30,1   15:28  17,9   07:18   0,0   5,6   0,0   6,0  33,1   16:49     O
24  21,6  26,7   15:41  17,2   07:32   0,0   3,3   0,0   5,6  30,6   17:24   OSO
25  21,2  26,2   17:06  16,8   06:46   0,0   2,9   0,0   5,0  29,5   18:30    SO
26  22,3  29,8   16:46  16,3   06:42   0,0   4,0   0,0   4,3  31,7   18:18    SO
27  22,1  27,9   16:37  17,0   07:10   0,0   3,8   0,0   5,9  39,2   17:03   OSO
28  22,3  27,4   21:06  16,6   07:36   0,0   4,0   0,0   6,5  33,1   18:17     O
29  23,4  29,9   18:44  17,2   06:52   0,0   5,1   0,0   3,7  23,4   20:09    SO
30  26,6  35,6   18:42  18,3   07:10   0,0   8,3   0,0   3,3  22,0   12:40    NE
31  30,2  39,1   18:14  21,4   06:41   0,0  11,9   0,0   4,1  27,0   22:51   NNE
----------------------------------------------------------------------------------
    21,4  39,1    31    11,3     5     8,2 105,2   4,5   6,1  47,9     3     ONO

Max >=  30,0:  9
Max <=  20,0:  0
Min <=  30,0: 31
Min <=   0,0:  0
Max Rain: 2,4 on day 11
Days of Rain: 2 (> 0,2 mm)  2 (> 2,0 mm)  0 (> 20,0 mm)
Heat Base: 18,3  Cool Base: 18,3  Method: Integration