Temperatura máxima Desde: 22-08-2017 11:00 Hasta: 18:59 Aviso por: Temperatura máxima Nivel: Amarillo info button
 

Informes Estilo NOAA


Informe 2010 Julio
                   Monthly Climatological Summary for jul 2010

Name: tiempoensevilla.es   City: Sevilla   State: España
Elevation: 6 m  Lat: N 37° 23' 01"   Lon: W 005° 59' 08"

                  Temperature (°C), Rain (mm), Wind Speed (km/h)

                                      Heat  Cool        Avg
    Mean                              Deg   Deg         Wind                 Dom
Day Temp  High   Time   Low    Time   Days  Days  Rain  Speed High   Time    Dir
----------------------------------------------------------------------------------
 1  30,6  38,0   16:59  24,5   03:48   0,0  12,3   0,0   0,9  22,5   21:54   OSO
 2  30,7  36,8   18:02  25,1   06:44   0,0  12,4   0,0   3,2  20,9   16:58   SSO
 3  29,6  35,8   19:52  24,4   05:31   0,0  11,3   0,0   4,6  30,6   22:19    SE
 4  31,2  40,9   18:43  23,5   07:07   0,0  12,9   0,0   7,8  35,4   15:38   ENE
 5  32,3  41,1   17:33  25,2   06:53   0,0  14,0   0,0   4,4  32,2   20:45    SO
 6  31,8  40,1   17:48  25,3   07:06   0,0  13,5   0,0   7,1  30,6   18:03    SE
 7  31,3  40,4   17:17  26,3   07:56   0,0  13,0   0,0   8,4  48,3   12:22     E
 8  29,1  33,6   18:05  24,8   06:51   0,0  10,8   0,0   5,2  25,7   15:47    SO
 9  29,6  38,9   17:43  22,4   04:59   0,0  11,3   0,0   3,1  24,1   19:42   SSO
10  30,4  39,5   17:24  24,3   06:42   0,0  12,1   0,0   3,7  25,7   19:17   SSO
11  30,0  37,6   17:52  24,1   02:55   0,0  11,7   0,0   5,1  27,4   18:25    SO
12  29,8  37,4   19:44  23,5   04:36   0,0  11,5   0,0   5,0  27,4   17:11   SSO
13  27,6  33,5   17:59  22,2   07:34   0,0   9,3   0,0   4,7  32,2   19:33   SSO
14  26,1  31,2   15:49  22,1   07:19   0,0   7,8   0,0   5,5  30,6   17:27   SSO
15  27,1  35,0   18:19  21,9   05:38   0,0   8,8   0,0   4,6  25,7   19:22    SO
16  26,9  35,4   18:05  20,2   07:47   0,0   8,6   0,0   3,2  24,1   19:59   SSO
17  30,1  40,4   19:08  22,8   06:10   0,0  11,8   0,0   2,2  16,1   23:07   SSO
18  29,9  38,2   18:36  22,4   08:08   0,0  11,6   0,0   4,0  24,1   19:57   SSO
19  30,1  38,1   17:10  24,0   06:04   0,0  11,8   0,0   4,0  24,1   18:26   SSO
20  26,0  31,5   16:28  21,6   06:38   0,0   7,7   0,0   6,8  37,0   18:53   SSO
21  26,1  32,0   16:32  20,9   07:21   0,0   7,8   0,0   5,1  33,8   17:53   SSO
22  26,8  32,9   19:16  21,6   06:16   0,0   8,5   0,0   5,3  30,6   19:57   SSO
23  27,8  36,7   18:33  21,1   06:44   0,0   9,5   0,0   2,6  17,7   19:30   SSO
24  29,7  37,7   16:49  22,7   07:37   0,0  11,4   0,0   4,2  25,7   22:15   SSO
25  31,4  39,1   17:46  25,6   07:10   0,0  13,1   0,0   3,7  24,1   20:51   OSO
26  31,4  40,0   18:31  24,7   08:39   0,0  13,1   0,0   3,3  17,7   19:27    SO
27  32,0  39,4   17:04  25,7   08:04   0,0  13,7   1,2   4,7  27,4   19:53     S
28  32,3  40,4   18:57  25,9   07:43   0,0  14,0   0,0   4,8  22,5   21:14   NNO
29  28,8  33,4   17:32  24,7   23:47   0,0  10,5   0,0   7,6  32,2   17:15    SO
30  27,5  34,4   17:19  22,9   07:41   0,0   9,2   0,0   5,8  30,6   17:47   SSO
31  28,7  37,1   18:13  22,3   07:11   0,0  10,4   0,0   4,1  20,9   18:44    SO
----------------------------------------------------------------------------------
    29,4  41,1     5    20,2    16     0,0 345,4   1,2   4,7  48,3     7     SSO

Max >=  30,0: 31
Max <=  20,0:  0
Min <=  30,0: 31
Min <=   0,0:  0
Max Rain: 1,2 on day 27
Days of Rain: 1 (> 0,2 mm)  0 (> 2,0 mm)  0 (> 20,0 mm)
Heat Base: 18,3  Cool Base: 18,3  Method: Integration