Temperatura máxima Desde: 18-08-2017 10:00 Hasta: 18:59 Aviso por: Temperatura máxima Nivel: Amarillo info button
 

Informes Estilo NOAA


Informe 2010 Agosto
                   Monthly Climatological Summary for ago 2010

Name: tiempoensevilla.es   City: Sevilla   State: España
Elevation: 6 m  Lat: N 37° 23' 01"   Lon: W 005° 59' 08"

                  Temperature (°C), Rain (mm), Wind Speed (km/h)

                                      Heat  Cool        Avg
    Mean                              Deg   Deg         Wind                 Dom
Day Temp  High   Time   Low    Time   Days  Days  Rain  Speed High   Time    Dir
----------------------------------------------------------------------------------
 1  30,5  37,1   18:25  24,5   07:50   0,0  12,2   0,0   4,1  24,1   19:55    SO
 2  28,8  35,1   18:26  23,8   07:55   0,0  10,5   0,0   5,2  35,4   16:26   SSO
 3  28,4  36,2   16:38  22,1   07:40   0,0  10,1   0,0   3,1  19,3   17:44   SSO
 4  28,8  36,2   18:33  23,0   03:20   0,0  10,5   0,0   4,6  29,0   19:10    SO
 5  28,4  34,8   18:49  23,6   06:25   0,0  10,1   0,0   4,6  30,6   16:14   SSO
 6  30,0  38,8   19:00  24,0   07:16   0,0  11,7   0,0   3,1  22,5   21:29   OSO
 7  31,4  38,9   18:07  25,2   07:57   0,0  13,1   0,0   5,2  22,5   00:05    SO
 8  31,5  37,3   19:03  27,6   09:14   0,0  13,2   0,0   3,9  24,1   16:19     N
 9  33,6  40,3   18:14  27,6   07:47   0,0  15,3   0,0   4,8  24,1   10:00   NNE
10  33,0  40,3   17:02  27,4   08:17   0,0  14,7   0,0   4,6  25,7   18:38   SSO
11  33,0  40,9   16:48  26,8   08:52   0,0  14,7   0,0   4,4  43,5   19:28    SO
12  33,1  39,6   19:21  26,7   07:18   0,0  14,8   0,0   4,2  27,4   18:26     O
13  27,7  32,2   17:51  22,0   09:05   0,0   9,4   0,0   6,3  27,4   16:07    SO
14  28,0  35,4   18:54  22,8   07:38   0,0   9,7   0,0   3,4  25,7   22:50    SO
15  28,3  33,8   16:21  24,6   23:47   0,0  10,0   0,0   5,7  30,6   18:56    SO
16  25,9  30,1   16:40  23,5   08:13   0,0   7,6   0,0   5,6  32,2   19:43   SSO
17  24,1  31,4   17:19  21,4   18:23   0,0   5,8  13,4   3,5  45,1   17:51   ENE
18  25,3  32,4   17:42  19,9   08:36   0,0   7,0   0,0   3,2  20,9   20:43   ONO
19  27,5  33,6   18:42  22,7   08:03   0,0   9,2   0,0   2,7  17,7   12:41   SSO
20  30,3  37,6   19:44  24,1   03:58   0,0  12,0   0,0   4,6  29,0   13:50   ENE
21  31,7  38,8   16:50  24,8   07:11   0,0  13,4   0,0   4,6  22,5   11:21    SO
22  30,9  37,0   15:40  24,8   07:53   0,0  12,6   0,0   3,7  22,5   19:50   OSO
23  28,9  36,6   18:50  24,1   07:32   0,0  10,6   0,0   4,8  29,0   21:48   SSO
24  28,7  36,4   18:31  23,0   07:43   0,0  10,4   0,0   4,2  24,1   18:32    NO
25  31,9  39,8   17:51  25,0   07:33   0,0  13,6   0,0   3,3  20,9   11:04   ESE
26  32,6  41,4   18:04  24,2   08:22   0,0  14,3   0,0   3,7  20,9   09:39    SO
27  33,1  41,5   17:58  25,7   07:43   0,0  14,8   0,0   2,9  20,9   00:10   OSO
28  32,0  38,5   16:42  26,8   23:28   0,0  13,7   0,0   4,4  29,0   19:09    SO
29  29,4  36,2   17:45  24,1   05:24   0,0  11,1   0,0   4,0  22,5   19:45    SO
30  30,8  39,0   18:18  24,5   04:42   0,0  12,5   0,0   3,3  20,9   22:18    NO
31  30,2  36,1   17:02  25,6   08:49   0,0  11,9   0,0   3,7  22,5   21:09    SO
----------------------------------------------------------------------------------
    29,9  41,5    27    19,9    18     0,0 360,5  13,4   4,2  45,1    17      SO

Max >=  30,0: 31
Max <=  20,0:  0
Min <=  30,0: 31
Min <=   0,0:  0
Max Rain: 13,4 on day 17
Days of Rain: 1 (> 0,2 mm)  1 (> 2,0 mm)  0 (> 20,0 mm)
Heat Base: 18,3  Cool Base: 18,3  Method: Integration