Temperatura máxima Desde: 22-08-2017 11:00 Hasta: 18:59 Aviso por: Temperatura máxima Nivel: Amarillo info button
 

Informes Estilo NOAA


Informe 2011 Enero
                   Monthly Climatological Summary for ene 2011

Name: tiempoensevilla.es   City: Sevilla   State: España
Elevation: 6 m  Lat: N 37° 23' 01"   Lon: W 005° 59' 08"

                  Temperature (°C), Rain (mm), Wind Speed (km/h)

                                      Heat  Cool        Avg
    Mean                              Deg   Deg         Wind                 Dom
Day Temp  High   Time   Low    Time   Days  Days  Rain  Speed High   Time    Dir
----------------------------------------------------------------------------------
 1  14,5  17,3   15:45  12,7   08:26   3,8   0,0   0,2   1,1  14,5   17:13    SO
 2  13,2  16,1   15:15  11,2   23:55   5,1   0,0   0,0   1,2  14,5   15:34   SSO
 3  11,3  14,6   16:54   8,7   08:47   7,0   0,0   0,2   2,8  17,7   10:27    NE
 4  10,2  14,8   17:07   7,3   03:16   8,1   0,0   0,0   3,6  19,3   10:13    NE
 5  11,5  15,3   16:41   8,1   09:11   6,8   0,0   0,0   2,8  14,5   21:27   NNE
 6  15,9  18,0   14:10  14,0   23:59   2,4   0,0   0,4   5,6  29,0   14:01   SSO
 7  14,9  17,8   15:33  12,4   04:42   3,4   0,0   4,6   4,5  25,7   08:39   SSO
 8  14,6  18,3   13:56  11,8   23:29   3,7   0,0  12,0   4,5  38,6   15:17     S
 9  12,6  15,6   14:39  10,3   08:13   5,7   0,0   1,2   2,3  20,9   14:44   OSO
10  11,6  15,9   16:12   7,9   08:46   6,7   0,0   0,0   1,0  11,3   16:47   OSO
11  12,9  17,4   16:27  10,1   07:06   5,4   0,0   0,8   0,5   9,7   17:12   SSO
12  12,8  15,6   16:47   9,9   07:39   5,5   0,0   0,2   2,1  22,5   12:16    NE
13  12,8  18,1   17:17   8,7   08:19   5,5   0,0   0,0   2,8  16,1   14:13   NNE
14  12,0  17,8   16:56   7,8   07:45   6,3   0,0   0,2   1,2  11,3   11:05     N
15  12,2  17,5   16:16   7,6   08:20   6,1   0,0   0,2   1,8  17,7   11:50   NNE
16  11,9  16,7   16:46   7,9   08:28   6,4   0,0   0,0   1,3  14,5   15:50     N
17  11,3  16,6   16:58   7,4   10:09   7,0   0,0   0,2   3,1  17,7   12:28   NNE
18  11,9  16,7   16:37   8,3   08:04   6,4   0,0   0,2   2,4  17,7   11:00   NNE
19  11,7  15,8   16:24   8,3   05:46   6,6   0,0   0,0   3,2  19,3   12:25   NNE
20  11,7  16,6   15:55   7,9   07:51   6,6   0,0   0,0   4,0  19,3   10:17   NNE
21  11,1  15,0   15:40   8,4   23:55   7,2   0,0   0,0   9,9  46,7   12:58   ENE
22   8,2  10,4   16:35   5,6   08:32  10,1   0,0   0,0  12,2  48,3   12:30   ENE
23   7,5   8,8   00:30   6,6   09:00  10,8   0,0   1,4  11,2  41,8   18:30   ENE
24  10,0  12,8   15:03   7,4   00:00   8,3   0,0   0,6  10,0  40,2   13:56   ENE
25  10,0  12,9   16:09   8,0   04:28   8,3   0,0   2,0   7,7  29,0   15:50    NE
26   9,9  12,6   13:32   8,0   05:15   8,4   0,0   0,8   7,7  29,0   05:39    NE
27  11,4  15,0   16:46   9,7   05:36   6,9   0,0   2,8   5,0  24,1   16:29   SSO
28  11,4  15,6   16:28   9,4   07:54   6,9   0,0   1,6   2,6  38,6   15:43    SO
29  10,9  14,8   16:10   7,3   08:56   7,4   0,0   0,0   2,7  22,5   17:51   OSO
30   8,6  12,2   15:22   5,1   07:40   9,7   0,0   0,0   1,8  20,9   18:31    NO
31   8,8  13,3   17:08   4,8   08:29   9,5   0,0   0,0   2,0  17,7   11:20    NE
----------------------------------------------------------------------------------
    11,6  18,3     8     4,8    31   208,0   0,0  29,6   4,0  48,3    22      NE

Max >=  30,0:  0
Max <=  20,0: 31
Min <=  30,0: 31
Min <=   0,0:  0
Max Rain: 12,0 on day 8
Days of Rain: 18 (> 0,2 mm)  4 (> 2,0 mm)  0 (> 20,0 mm)
Heat Base: 18,3  Cool Base: 18,3  Method: Integration