Temperatura máxima Desde: 22-08-2017 11:00 Hasta: 18:59 Aviso por: Temperatura máxima Nivel: Amarillo info button
 

Informes Estilo NOAA


Informe 2011 Julio
                   Monthly Climatological Summary for jul 2011

Name: tiempoensevilla.es   City: Sevilla   State: España
Elevation: 6 m  Lat: N 37° 23' 01"   Lon: W 005° 59' 08"

                  Temperature (°C), Rain (mm), Wind Speed (km/h)

                                      Heat  Cool        Avg
    Mean                              Deg   Deg         Wind                 Dom
Day Temp  High   Time   Low    Time   Days  Days  Rain  Speed High   Time    Dir
----------------------------------------------------------------------------------
 1  30,1  37,6   19:35  25,0   07:39   0,0  11,8   0,0   2,7  24,1   03:07   ONO
 2  30,5  37,6   18:03  24,7   07:57   0,0  12,2   0,0   4,1  27,4   18:46   SSO
 3  24,6  28,3   17:15  20,7   11:01   0,0   6,3   0,0   7,6  35,4   18:01    SO
 4  24,0  30,1   18:56  19,1   06:56   0,0   5,7   0,0   3,8  25,7   00:15    SO
 5  28,5  37,2   17:23  21,2   07:26   0,0  10,2   0,0   2,4  17,7   19:55   SSO
 6  30,1  36,9   17:40  24,1   05:16   0,0  11,8   0,0   4,1  29,0   19:15   OSO
 7  26,9  34,3   19:14  19,6   07:23   0,0   8,6   0,0   5,6  30,6   18:14     O
 8  26,6  34,7   19:08  19,2   08:24   0,0   8,3   0,0   4,3  19,3   05:57    NO
 9  29,3  36,7   18:32  23,0   07:41   0,0  11,0   0,0   5,0  24,1   23:52     N
10  28,7  34,7   18:02  22,6   08:01   0,0  10,4   0,0   4,8  27,4   19:16   OSO
11  27,4  35,0   17:21  20,8   05:50   0,0   9,1   0,0   3,0  20,9   21:21   SSO
12  27,0  33,8   17:32  21,9   07:01   0,0   8,7   0,0   5,9  37,0   20:40    SO
13  27,3  34,2   17:48  22,3   07:52   0,0   9,0   0,0   5,1  22,5   10:22    NO
14  29,0  36,4   19:16  22,8   03:33   0,0  10,7   0,0   3,8  29,0   13:51   NNE
15  29,2  36,7   17:42  23,3   07:32   0,0  10,9   0,0   3,3  22,5   22:37   NNO
16  29,5  36,3   16:40  24,1   07:29   0,0  11,2   0,0   4,1  29,0   19:37   SSO
17  27,0  33,1   17:05  22,7   23:54   0,0   8,7   0,0   6,6  35,4   18:14    SO
18  23,8  28,3   16:10  19,3   07:37   0,0   5,5   0,0   5,4  32,2   17:51   SSO
19  25,3  32,0   17:44  20,3   03:33   0,0   7,0   0,0   4,8  29,0   18:08    SO
20  28,0  36,6   18:39  20,6   07:26   0,0   9,7   0,0   3,8  30,6   16:56   ENE
21  29,5  36,9   18:35  23,3   04:43   0,0  11,2   0,0   3,4  27,4   23:57   SSO
22  25,6  29,4   17:10  22,2   07:36   0,0   7,3   0,0   7,3  32,2   12:28   SSO
23  23,8  28,1   17:06  21,4   07:42   0,0   5,5   0,0   6,8  27,4   18:21   SSO
24  24,3  30,6   17:07  20,2   06:58   0,0   6,0   0,0   3,7  25,7   18:23     S
25  26,5  33,7   18:54  20,7   08:47   0,0   8,2   0,0   3,2  20,9   00:46   SSO
26  30,1  38,6   16:30  23,1   04:16   0,0  11,8   0,0   3,2  24,1   17:40   SSO
27  30,4  38,3   16:01  24,3   07:13   0,0  12,1   0,0   3,9  30,6   20:25   SSO
28  29,5  36,2   17:43  24,6   08:14   0,0  11,2   0,0   4,1  25,7   18:26    SO
29  29,1  34,6   16:41  24,6   07:16   0,0  10,8   0,0   3,7  29,0   17:28   SSO
30  25,6  32,1   17:02  21,3   03:32   0,0   7,3   0,0   7,0  45,1   17:23     S
31  25,8  33,7   17:43  21,0   06:25   0,0   7,5   0,0   4,1  22,5   19:27   SSO
----------------------------------------------------------------------------------
    27,5  38,6    26    19,1     4     0,0 285,7   0,0   4,5  45,1    30      SO

Max >=  30,0: 27
Max <=  20,0:  0
Min <=  30,0: 31
Min <=   0,0:  0
Max Rain: 0,0 on day 0
Days of Rain: 0 (> 0,2 mm)  0 (> 2,0 mm)  0 (> 20,0 mm)
Heat Base: 18,3  Cool Base: 18,3  Method: Integration