No se requiere un especial cuidado respecto a la situación meteorológica.   -   No hay avisos

Informes Estilo NOAA


Informe 2011 Septiembre
                   Monthly Climatological Summary for sep 2011

Name: tiempoensevilla.es   City: Sevilla   State: España
Elevation: 6 m  Lat: N 37° 23' 01"   Lon: W 005° 59' 08"

                  Temperature (°C), Rain (mm), Wind Speed (km/h)

                                      Heat  Cool        Avg
    Mean                              Deg   Deg         Wind                 Dom
Day Temp  High   Time   Low    Time   Days  Days  Rain  Speed High   Time    Dir
----------------------------------------------------------------------------------
 1  20,8  22,7   11:58  19,7   23:59   0,0   2,5   6,2   4,4  33,8   13:46     S
 2  20,0  24,3   17:03  17,3   15:03   0,0   1,6   2,4   2,1  33,8   14:50   OSO
 3  21,4  27,2   17:49  17,6   07:00   0,1   3,2   0,0   3,0  30,6   20:35   OSO
 4  23,1  29,6   18:04  18,2   07:23   0,0   4,8   0,0   2,4  25,7   18:45   OSO
 5  25,5  32,8   19:17  18,6   08:03   0,0   7,2   0,0   3,2  20,9   13:40     N
 6  28,3  35,8   17:56  20,9   08:09   0,0  10,0   0,0   3,6  20,9   16:48    NE
 7  28,8  37,2   17:33  20,7   08:25   0,0  10,5   0,0   4,0  20,9   10:08    NE
 8  29,2  37,6   16:54  20,8   08:01   0,0  10,9   0,0   2,6  17,7   22:03   ONO
 9  29,8  37,2   17:30  21,7   07:26   0,0  11,5   0,0   3,6  22,5   17:34   ONO
10  25,2  30,7   17:47  20,6   06:15   0,0   6,9   0,0   3,8  22,5   19:39    SO
11  25,7  32,2   19:11  21,0   02:57   0,0   7,4   0,0   2,1  19,3   21:57    SO
12  29,4  37,5   18:09  22,7   08:28   0,0  11,1   0,0   2,5  19,3   11:37    NE
13  28,3  36,1   18:51  21,8   07:32   0,0  10,0   0,0   3,1  20,9   20:45   OSO
14  28,8  35,1   19:22  22,6   09:08   0,0  10,5   0,0   3,9  20,9   12:32    SO
15  27,4  33,2   18:12  22,8   09:05   0,0   9,1   0,0   4,6  25,7   18:58   OSO
16  26,1  30,8   17:46  22,3   08:32   0,0   7,8   0,0   3,7  22,5   20:55   OSO
17  25,1  30,9   17:05  21,7   08:24   0,0   6,8   0,0   3,2  24,1   18:31    SO
18  23,3  28,9   16:37  19,7   07:17   0,0   5,0   0,0   4,6  29,0   18:33   SSO
19  24,5  31,2   18:14  18,0   08:47   0,0   6,2   0,0   2,9  20,9   17:37    NE
20  26,4  33,7   16:33  20,3   06:08   0,0   8,1   0,0   4,6  25,7   20:09    NE
21  24,7  29,4   17:45  20,4   08:49   0,0   6,4   0,0   3,8  24,1   14:50   OSO
22  23,8  28,7   16:52  20,2   09:48   0,0   5,5   0,0   2,9  20,9   19:28    SO
23  21,9  26,0   15:48  19,5   05:20   0,0   3,6   0,0   4,6  29,0   18:28    SO
24  21,7  28,1   18:19  16,7   08:29   0,1   3,5   0,0   2,4  19,3   19:56   OSO
25  24,2  31,9   17:38  17,4   08:23   0,1   5,9   0,0   3,1  19,3   08:58    NE
26  24,8  32,8   17:59  18,0   09:22   0,0   6,6   0,0   2,5  20,9   21:27   ONO
27  26,1  32,0   17:40  20,6   08:56   0,0   7,8   0,0   4,2  25,7   15:59     E
28  25,7  31,0   18:00  20,1   08:08   0,0   7,4   0,0   4,7  33,8   16:18     E
29  26,4  31,9   17:30  21,1   08:07   0,0   8,1   0,0   5,6  35,4   16:43     E
30  26,3  31,2   16:42  21,1   08:10   0,0   8,0   0,0   5,3  38,6   16:46     E
----------------------------------------------------------------------------------
    25,4  37,6     8    16,7    24     0,3 213,9   8,6   3,6  38,6    30      SO

Max >=  30,0: 21
Max <=  20,0:  0
Min <=  30,0: 30
Min <=   0,0:  0
Max Rain: 6,2 on day 1
Days of Rain: 2 (> 0,2 mm)  2 (> 2,0 mm)  0 (> 20,0 mm)
Heat Base: 18,3  Cool Base: 18,3  Method: Integration