Temperatura máxima Desde: 11-07-2020 12:00 Hasta: 19:59 Aviso por: Temperatura máxima Nivel: Naranja info button
español:
Temperatura máxima: 40 ºC.

Esté preparado. Tome precauciones y manténgase informado de la predicción meteorológica más actualizada. Las actividades habituales pueden verse alteradas y las realizadas al aire libre, interrumpidas.

english:
Maximum temperature: 40 ºC.

Be prepared. Take precautions and keep up to date with the latest weather forecast. Expect some disruption to daily routines and be prepared for disruption to outdoor activities. 

Informes Estilo NOAA


Informe 2011 Diciembre
                   Monthly Climatological Summary for dic 2011

Name: tiempoensevilla.es   City: Sevilla   State: España
Elevation: 6 m  Lat: N 37° 23' 01"   Lon: W 005° 59' 08"

                  Temperature (°C), Rain (mm), Wind Speed (km/h)

                                      Heat  Cool        Avg
    Mean                              Deg   Deg         Wind                 Dom
Day Temp  High   Time   Low    Time   Days  Days  Rain  Speed High   Time    Dir
----------------------------------------------------------------------------------
 1  13,5  19,3   16:40   8,5   07:52   4,9   0,1   0,0   2,0  12,9   12:11     N
 2  13,2  16,3   14:43  10,6   08:12   5,1   0,0   0,8   5,0  29,0   13:25    NO
 3  12,9  18,3   16:34   8,7   06:42   5,4   0,0   0,0   3,5  24,1   11:05   NNE
 4  12,0  17,5   17:04   7,6   08:18   6,3   0,0   0,0   1,6  12,9   09:46   NNE
 5  12,7  18,9   16:35   8,4   06:00   5,6   0,0   0,0   1,3  17,7   13:41    NE
 6  13,4  18,1   16:31   8,7   09:03   4,9   0,0   0,0   1,0  16,1   15:12    NE
 7  11,9  17,2   17:08   7,7   07:34   6,4   0,0   0,0   3,4  19,3   11:51    NE
 8  12,1  16,7   15:51   8,2   08:13   6,2   0,0   0,0   1,7  14,5   06:48    NE
 9  11,4  15,2   15:09   8,3   08:56   6,9   0,0   0,0   0,9  11,3   10:35   NNE
10   9,9  11,9   15:44   7,7   05:00   8,4   0,0   1,4   1,3  12,9   15:55     S
11  12,0  15,5   15:37   8,8   09:22   6,3   0,0   1,6   2,6  17,7   15:04   OSO
12  12,0  15,5   16:55   9,0   08:42   6,3   0,0   0,0   0,2   8,0   11:33    SO
13  13,7  16,9   15:18  10,7   06:38   4,6   0,0   0,0   0,8  12,9   15:26     S
14  14,1  16,2   14:19  12,4   23:57   4,2   0,0   0,6   1,3  16,1   03:31    SO
15  12,3  16,6   16:17   9,1   08:23   6,0   0,0   0,2   1,1  11,3   11:00   NNE
16  11,7  15,8   17:33   8,1   05:06   6,6   0,0   0,0   3,2  29,0   17:29    SO
17  13,3  16,1   15:55  10,5   23:49   5,0   0,0   0,0   4,7  24,1   00:27    NO
18   9,7  13,7   16:12   5,6   08:56   8,6   0,0   0,0   1,9  17,7   15:47   NNE
19   9,3  14,4   15:49   5,6   06:36   9,0   0,0   0,0   5,0  29,0   13:55    NE
20   9,2  15,2   16:56   4,7   08:57   9,1   0,0   0,0   1,7  16,1   08:40    NE
21  11,0  19,3   16:40   4,5   08:25   7,3   0,0   0,0   1,7  14,5   12:09   NNE
22  12,9  21,8   17:04   7,0   08:31   5,8   0,3   0,0   1,4  12,9   08:23     N
23  11,6  18,1   16:21   6,8   09:00   6,7   0,0   0,0   1,9  14,5   10:50   NNE
24  11,1  17,8   16:27   5,3   08:17   7,2   0,0   0,2   3,0  24,1   13:52    NE
25  12,2  17,7   15:40   7,9   08:26   6,1   0,0   0,0   6,5  29,0   15:21   ENE
26  12,5  18,8   15:53   7,9   08:18   5,8   0,0   0,0   6,6  25,7   15:38   ENE
27  11,7  16,6   15:54   7,4   07:55   6,6   0,0   0,0   4,8  22,5   13:35    NE
28  11,5  16,9   17:38   7,8   07:41   6,8   0,0   0,0   2,7  19,3   12:24    NE
29  11,0  16,9   16:06   5,7   06:58   7,3   0,0   0,0   3,8  29,0   14:39    NE
30  10,4  16,1   16:20   5,6   08:13   7,9   0,0   0,0   2,1  17,7   13:12    NE
31  10,1  18,2   16:43   4,4   08:57   8,2   0,0   0,0   1,4  14,5   09:08   NNE
----------------------------------------------------------------------------------
    11,8  21,8    22     4,4    31   201,5   0,4   4,8   2,6  29,0     2      NE

Max >=  30,0:  0
Max <=  20,0: 30
Min <=  30,0: 31
Min <=   0,0:  0
Max Rain: 1,6 on day 11
Days of Rain: 6 (>= 0,2 mm)  0 (>= 2,0 mm)  0 (>= 20,0 mm)
Heat Base: 18,3  Cool Base: 18,3  Method: Integration