Temperatura máxima Desde: 24-06-2017 12:00 Hasta: 18:59 Aviso por: Temperatura máxima Nivel: Naranja info button
 

Informes Estilo NOAA


Informe 2012 Enero
                   Monthly Climatological Summary for ene 2012

Name: tiempoensevilla.es   City: Sevilla   State: España
Elevation: 6 m  Lat: N 37° 23' 01"   Lon: W 005° 59' 08"

                  Temperature (°C), Rain (mm), Wind Speed (km/h)

                                      Heat  Cool        Avg
    Mean                              Deg   Deg         Wind                 Dom
Day Temp  High   Time   Low    Time   Days  Days  Rain  Speed High   Time    Dir
----------------------------------------------------------------------------------
 1  10,2  16,5   16:47   5,2   09:34   8,1   0,0   0,0   1,1  11,3   19:20   ONO
 2  12,7  17,7   16:23   9,1   09:49   5,6   0,0   0,0   0,9  16,1   17:22   NNO
 3  11,1  17,1   16:38   6,4   09:57   7,2   0,0   0,0   2,2  17,7   14:43    NE
 4  11,7  18,4   17:00   6,2   08:25   6,6   0,0   0,0   3,6  25,7   14:10    NE
 5  13,3  21,9   17:01   8,1   09:15   5,3   0,4   0,0   2,3  16,1   05:43    NE
 6  11,5  18,9   16:33   4,8   08:43   6,9   0,0   0,0   2,4  16,1   13:33     N
 7  13,4  19,4   16:15   9,4   05:22   5,0   0,1   0,0   5,6  29,0   12:26    NE
 8  12,1  18,3   15:51   7,7   08:32   6,2   0,0   0,0   4,2  22,5   11:33    NE
 9  11,2  18,4   16:35   6,0   06:35   7,1   0,0   0,0   2,0  17,7   08:17    NE
10  11,3  17,3   15:48   6,2   08:11   7,0   0,0   0,0   3,4  16,1   19:48   NNE
11  11,3  17,2   16:20   6,7   08:23   7,0   0,0   0,0   3,1  16,1   07:18    NE
12   9,8  13,6   17:26   7,0   07:28   8,5   0,0   0,0   5,3  20,9   14:49    NE
13  11,3  17,8   16:04   6,4   08:34   7,0   0,0   0,0   2,0  11,3   10:00   NNE
14  12,1  17,3   17:16   8,2   07:56   6,2   0,0   0,0   1,2  14,5   20:20   ONO
15   8,8  11,6   00:00   6,7   10:58   9,5   0,0   7,6   0,9  16,1   13:46     N
16   9,5  12,6   16:43   8,0   09:15   8,8   0,0   3,8   4,3  32,2   17:16   NNO
17  11,5  17,2   16:07   7,2   03:26   6,8   0,0   0,0   4,2  27,4   12:26    NE
18  11,7  17,7   16:37   7,0   08:40   6,6   0,0   0,0   2,8  25,7   11:56    NE
19  11,3  16,6   15:39   6,2   08:14   7,0   0,0   0,0   3,4  19,3   11:48    NE
20  10,4  16,9   17:10   5,7   07:59   7,9   0,0   0,0   2,5  16,1   10:53   NNE
21  12,3  18,3   16:10   6,9   07:20   6,0   0,0   0,0   3,6  22,5   13:10    NE
22  11,6  18,3   17:38   6,1   08:59   6,7   0,0   0,0   1,8  17,7   10:33   NNE
23  10,9  16,7   16:08   5,3   08:03   7,4   0,0   0,0   1,6  14,5   09:10   OSO
24  10,6  15,1   16:11   5,9   07:08   7,7   0,0   0,0   2,0  16,1   11:44    NE
25  11,1  18,2   16:35   6,3   05:59   7,2   0,0   0,0   2,1  20,9   09:50    NE
26  11,6  17,9   16:16   6,4   07:49   6,7   0,0   0,0   1,6  12,9   10:23     N
27  11,7  15,1   15:02   9,0   06:31   6,6   0,0   0,0   2,9  20,9   16:56    NE
28  11,8  16,7   16:15   7,0   08:01   6,5   0,0   0,0   3,7  24,1   13:02    NE
29  11,1  15,8   16:11   6,6   08:47   7,2   0,0   0,0   3,1  25,7   12:02    NE
30   9,8  14,8   17:06   4,9   09:08   8,5   0,0   0,0   4,5  27,4   13:55   ENE
31   9,7  17,7   17:05   3,7   08:48   8,6   0,0   0,0   2,6  17,7   10:05   NNE
----------------------------------------------------------------------------------
    11,2  21,9     5     3,7    31   219,4   0,5  11,4   2,8  32,2    16      NE

Max >=  30,0:  0
Max <=  20,0: 30
Min <=  30,0: 31
Min <=   0,0:  0
Max Rain: 7,6 on day 15
Days of Rain: 2 (>= 0,2 mm)  2 (>= 2,0 mm)  0 (>= 20,0 mm)
Heat Base: 18,3  Cool Base: 18,3  Method: Integration