Temperatura máxima Desde: 24-06-2017 12:00 Hasta: 18:59 Aviso por: Temperatura máxima Nivel: Naranja info button
 

Informes Estilo NOAA


Informe 2012 Febrero
                   Monthly Climatological Summary for feb 2012

Name: tiempoensevilla.es   City: Sevilla   State: España
Elevation: 6 m  Lat: N 37° 23' 01"   Lon: W 005° 59' 08"

                  Temperature (°C), Rain (mm), Wind Speed (km/h)

                                      Heat  Cool        Avg
    Mean                              Deg   Deg         Wind                 Dom
Day Temp  High   Time   Low    Time   Days  Days  Rain  Speed High   Time    Dir
----------------------------------------------------------------------------------
 1  10,1  16,8   17:23   3,5   08:49   8,2   0,0   0,0   3,0  17,7   17:31    NO
 2  10,4  13,3   15:52   6,7   23:57   7,9   0,0   0,2   6,3  27,4   12:57     N
 3   6,5  10,9   16:21   3,0   08:11  11,8   0,0   0,0   7,0  33,8   17:06    NE
 4   6,2  10,6   15:24   1,9   06:53  12,1   0,0   0,0   9,4  46,7   11:44    NE
 5   8,1  14,3   19:01   1,7   07:18  10,2   0,0   0,0   3,8  27,4   16:37   OSO
 6  11,4  18,2   16:41   5,1   08:07   6,9   0,0   0,0   1,5  17,7   17:14   SSO
 7  12,3  19,2   16:22   6,9   05:36   6,0   0,1   0,0   2,7  33,8   22:19   NNE
 8   8,8  12,1   16:07   5,2   08:58   9,5   0,0   0,0   6,7  37,0   16:26   ENE
 9   7,1  12,8   16:02   1,2   08:35  11,2   0,0   0,0   4,3  24,1   11:01    NE
10   8,5  15,4   17:56   3,1   07:50   9,8   0,0   0,0   2,3  17,7   18:16    NO
11   8,7  15,0   16:35   2,2   07:57   9,6   0,0   0,0   3,7  29,0   12:22   ENE
12   6,4  11,5   17:37   1,6   07:31  11,9   0,0   0,0   5,7  33,8   11:57   ENE
13   6,6  12,3   16:36   0,8   06:53  11,7   0,0   0,0   5,8  38,6   13:25   ENE
14   8,8  15,1   17:16   3,2   07:40   9,5   0,0   0,0   1,8  16,1   15:56   SSO
15   9,8  14,7   16:46   5,6   08:09   8,5   0,0   0,0   6,2  40,2   11:45   ENE
16  10,4  16,9   16:58   3,7   08:20   7,9   0,0   0,0   3,8  24,1   13:09    NE
17  10,0  14,8   15:00   5,4   07:27   8,2   0,0   0,0   4,4  30,6   16:07     E
18  12,2  18,6   17:38   6,6   08:22   6,1   0,0   0,0   4,3  24,1   11:21    NE
19  12,5  20,3   17:04   6,1   08:11   6,0   0,2   0,0   1,6  19,3   19:18   NNO
20  13,0  20,3   16:41   6,4   07:18   5,5   0,2   0,0   3,5  25,7   11:32    NE
21  11,7  19,0   18:00   5,0   06:27   6,6   0,0   0,0   2,6  19,3   12:36    NE
22  11,4  19,1   17:25   3,6   06:55   7,0   0,0   0,0   1,9  19,3   09:19   NNE
23  12,1  20,2   16:42   3,6   08:08   6,5   0,3   0,0   4,0  27,4   15:15   ENE
24  13,6  21,1   16:48   6,3   07:34   5,2   0,5   0,0   5,3  25,7   14:50   ENE
25  13,2  21,4   16:31   6,3   08:13   5,5   0,5   0,0   3,2  22,5   18:11     O
26  12,9  21,7   17:15   7,1   09:00   5,8   0,4   0,0   2,7  24,1   18:23    SO
27  13,5  22,8   17:25   6,2   07:16   5,4   0,6   0,0   2,5  24,1   19:29     O
28  13,9  21,7   17:51   7,9   08:35   4,9   0,5   0,0   1,0  11,3   16:17    NO
29  14,0  21,2   17:02   6,8   07:48   4,7   0,4   0,0   1,7  17,7   20:51    SO
----------------------------------------------------------------------------------
    10,5  22,8    27     0,8    13   230,1   3,7   0,2   3,9  46,7     4      NE

Max >=  30,0:  0
Max <=  20,0: 20
Min <=  30,0: 29
Min <=   0,0:  0
Max Rain: 0,2 on day 2
Days of Rain: 1 (>= 0,2 mm)  0 (>= 2,0 mm)  0 (>= 20,0 mm)
Heat Base: 18,3  Cool Base: 18,3  Method: Integration