No se requiere un especial cuidado respecto a la situación meteorológica.   -   No hay avisos

Informes Estilo NOAA


Informe 2012 Marzo
                   Monthly Climatological Summary for mar 2012

Name: tiempoensevilla.es   City: Sevilla   State: España
Elevation: 6 m  Lat: N 37° 23' 01"   Lon: W 005° 59' 08"

                  Temperature (°C), Rain (mm), Wind Speed (km/h)

                                      Heat  Cool        Avg
    Mean                              Deg   Deg         Wind                 Dom
Day Temp  High   Time   Low    Time   Days  Days  Rain  Speed High   Time    Dir
----------------------------------------------------------------------------------
 1  13,2  18,8   15:14   8,7   09:05   5,2   0,0   0,0   3,1  25,7   17:22    SO
 2  12,8  16,6   16:47   9,8   06:30   5,5   0,0   0,0   1,6  14,5   12:58   SSO
 3  13,7  19,6   17:30   8,8   06:50   4,7   0,1   0,0   1,7  14,5   10:40   NNE
 4  15,8  23,1   16:44   9,8   08:28   3,4   0,9   0,0   2,3  19,3   18:50   NNO
 5  16,0  22,2   18:29  11,5   07:48   2,9   0,6   0,0   1,9  17,7   19:53     N
 6  15,2  21,4   17:08   9,9   08:00   3,6   0,4   0,0   1,8  20,9   10:49    NE
 7  14,4  20,0   17:12   7,9   07:57   4,1   0,2   0,0   4,8  35,4   12:20   ENE
 8  15,0  23,7   18:02   7,4   08:57   4,3   1,0   0,0   1,4  16,1   13:37    NE
 9  16,4  22,2   17:30  10,4   07:43   2,7   0,8   0,0   3,6  33,8   15:30   ENE
10  14,6  20,9   16:49   7,7   07:44   4,1   0,4   0,0   3,5  20,9   20:26    NO
11  15,3  23,1   18:06   7,9   08:45   3,9   0,9   0,0   2,7  17,7   21:50   NNO
12  16,8  24,1   17:30   8,6   08:08   3,0   1,6   0,0   2,8  19,3   15:22    NE
13  18,0  27,3   16:58  10,1   08:19   2,8   2,5   0,0   4,3  22,5   10:50   ENE
14  18,9  28,3   17:55  10,9   05:48   2,2   2,8   0,0   3,5  20,9   08:40   NNE
15  16,8  22,2   16:16  14,1   23:56   2,0   0,6   0,0   2,8  22,5   17:40    SO
16  14,7  19,1   16:47  12,1   07:30   3,6   0,0   3,4   3,4  25,7   15:08    SO
17  14,7  20,7   17:47  11,6   06:07   3,9   0,2   0,0   1,6  17,7   17:55   ONO
18  15,0  19,4   15:33  11,3   08:08   3,4   0,1   0,0   6,0  27,4   11:58     N
19  14,9  20,7   16:31   9,2   06:06   3,8   0,4   0,0   8,1  40,2   11:10    NE
20  13,8  18,5   14:48  10,6   07:02   4,5   0,0   0,0   8,6  41,8   19:09   ENE
21  12,6  18,3   18:19   6,9   07:04   5,7   0,0   0,0   2,2  17,7   14:56    NE
22  15,3  22,6   17:37   7,7   07:42   3,9   0,9   0,0   6,0  29,0   17:55   ENE
23  19,1  27,3   16:50  11,8   06:43   2,0   2,8   0,0   4,4  27,4   10:30     E
24  17,3  19,6   00:00  15,0   23:37   1,1   0,1   0,2   3,8  29,0   11:46    NE
25  18,4  24,2   16:33  14,2   03:41   1,6   1,7   0,0   6,7  35,4   14:49   ENE
26  18,9  25,3   17:08  13,2   08:31   1,5   2,1   0,0   7,1  40,2   17:52     E
27  18,2  23,9   17:18  13,1   06:12   1,7   1,7   0,0  10,7  46,7   11:46     E
28  18,2  24,0   18:09  11,6   07:24   1,8   1,7   0,0  10,9  51,5   14:32     E
29  17,5  21,8   15:24  12,3   07:48   1,8   0,9   0,0   6,3  29,0   04:50   ESE
30  16,1  22,7   14:31  13,2   09:14   2,7   0,5   2,2   4,6  37,0   16:53   OSO
31  15,2  19,0   18:21  12,9   05:19   3,1   0,0   1,6   1,2  14,5   14:59     E
----------------------------------------------------------------------------------
    15,9  28,3    14     6,9    21   100,5  25,9   7,4   4,3  51,5    28     ENE

Max >=  30,0:  0
Max <=  20,0: 10
Min <=  30,0: 31
Min <=   0,0:  0
Max Rain: 3,4 on day 16
Days of Rain: 4 (>= 0,2 mm)  2 (>= 2,0 mm)  0 (>= 20,0 mm)
Heat Base: 18,3  Cool Base: 18,3  Method: Integration