Temperatura máxima Desde: 11-07-2020 12:00 Hasta: 19:59 Aviso por: Temperatura máxima Nivel: Naranja info button
español:
Temperatura máxima: 40 ºC.

Esté preparado. Tome precauciones y manténgase informado de la predicción meteorológica más actualizada. Las actividades habituales pueden verse alteradas y las realizadas al aire libre, interrumpidas.

english:
Maximum temperature: 40 ºC.

Be prepared. Take precautions and keep up to date with the latest weather forecast. Expect some disruption to daily routines and be prepared for disruption to outdoor activities. 

Informes Estilo NOAA


Informe 2012 Abril
                   Monthly Climatological Summary for abr 2012

Name: tiempoensevilla.es   City: Sevilla   State: España
Elevation: 6 m  Lat: N 37° 23' 01"   Lon: W 005° 59' 08"

                  Temperature (°C), Rain (mm), Wind Speed (km/h)

                                      Heat  Cool        Avg
    Mean                              Deg   Deg         Wind                 Dom
Day Temp  High   Time   Low    Time   Days  Days  Rain  Speed High   Time    Dir
----------------------------------------------------------------------------------
 1  15,7  18,4   15:07  14,2   10:41   2,6   0,0   3,2   3,8  22,5   15:51   SSE
 2  14,2  16,9   17:44  12,9   03:38   4,1   0,0  11,0   1,8  17,7   13:27   SSO
 3  14,9  18,3   17:23  13,0   03:16   3,4   0,0  10,4   2,7  25,7   14:53    SO
 4  14,8  17,3   16:31  13,1   07:10   3,5   0,0   0,0   4,5  29,0   17:25   OSO
 5  13,0  17,7   15:13   9,9   23:55   5,3   0,0   3,0   5,1  29,0   12:25   OSO
 6  11,0  15,4   16:31   6,8   07:53   7,3   0,0   2,4   4,8  33,8   16:47    SO
 7  13,1  19,0   18:25   7,9   06:35   5,2   0,0   0,0   1,7  17,7   14:51    SO
 8  16,4  23,7   19:33   8,9   07:53   3,3   1,4   0,0   3,6  24,1   13:25   ENE
 9  19,8  28,6   18:20  12,0   07:08   1,9   3,4   0,0   2,3  17,7   09:48     N
10  16,7  20,3   14:53  12,6   06:14   2,0   0,4   0,0   7,1  43,5   15:19   OSO
11  16,5  21,0   19:00  13,2   07:57   2,2   0,4   0,0   4,8  25,7   16:50     O
12  15,9  20,2   15:49  12,7   08:19   2,6   0,2   0,2   5,6  32,2   15:18    NO
13  15,6  20,2   16:02  11,1   07:55   2,9   0,2   0,0   9,2  41,8   18:51    NO
14  15,3  19,1   17:59  12,9   03:44   3,0   0,1   0,6  11,0  46,7   16:23     O
15  14,4  19,0   18:37  10,2   08:50   4,0   0,0   0,0   9,4  40,2   19:57   NNO
16  15,8  20,8   18:59  11,2   07:00   3,0   0,5   0,0   5,4  27,4   14:23     N
17  17,6  24,7   16:58  10,9   08:24   2,2   1,4   0,0   3,9  32,2   17:44    SO
18  16,1  20,0   15:41  12,2   07:27   2,3   0,2   0,0   6,7  32,2   17:18   ONO
19  16,1  19,9   15:04  12,6   04:27   2,5   0,2   0,0   9,4  41,8   14:43     O
20  16,7  21,1   18:50  13,7   07:34   2,0   0,4   0,0   6,0  29,0   16:33     O
21  18,5  25,2   18:25  12,5   07:24   1,8   1,9   0,0   3,1  24,1   16:28    NO
22  19,4  24,5   17:23  15,2   07:49   0,7   1,8   0,0   5,1  30,6   17:29    NO
23  17,9  24,4   16:56  12,7   07:33   1,9   1,5   0,0   6,7  37,0   17:15    NO
24  18,0  24,6   18:24  13,1   08:09   1,8   1,4   0,0   5,3  22,5   01:11   ONO
25  15,9  20,7   17:19  11,0   07:45   2,8   0,4   0,0   6,2  35,4   17:57    SO
26  17,2  20,0   16:07  14,4   00:58   1,4   0,4   0,0   8,0  32,2   13:47    SO
27  17,3  20,8   17:22  15,6   06:39   1,3   0,4   1,4   6,2  33,8   12:53    SO
28  14,3  17,7   15:07  11,4   22:20   4,0   0,0   6,8   7,6  41,8   15:20   OSO
29  13,0  17,1   16:32  10,6   03:51   5,3   0,0   2,4   5,7  37,0   16:25    SO
30  14,0  18,5   17:21  10,1   07:13   4,3   0,0   2,0   3,4  40,2   18:17    SO
----------------------------------------------------------------------------------
    15,8  28,6     9     6,8     6    90,6  16,6  43,4   5,5  46,7    14       O

Max >=  30,0:  0
Max <=  20,0: 15
Min <=  30,0: 30
Min <=   0,0:  0
Max Rain: 11,0 on day 2
Days of Rain: 11 (>= 0,2 mm)  8 (>= 2,0 mm)  0 (>= 20,0 mm)
Heat Base: 18,3  Cool Base: 18,3  Method: Integration