No se requiere un especial cuidado respecto a la situación meteorológica.   -   No hay avisos

Informes Estilo NOAA


Informe 2012 Junio
                   Monthly Climatological Summary for jun 2012

Name: tiempoensevilla.es   City: Sevilla   State: España
Elevation: 6 m  Lat: N 37° 23' 01"   Lon: W 005° 59' 08"

                  Temperature (°C), Rain (mm), Wind Speed (km/h)

                                      Heat  Cool        Avg
    Mean                              Deg   Deg         Wind                 Dom
Day Temp  High   Time   Low    Time   Days  Days  Rain  Speed High   Time    Dir
----------------------------------------------------------------------------------
 1  25,4  29,8   00:00  21,8   08:39   0,0   7,1   0,0   5,9  32,2   17:47   OSO
 2  21,8  25,5   16:54  19,7   08:10   0,0   3,5   0,0   5,3  27,4   19:45   SSO
 3  23,8  31,1   18:18  19,3   07:19   0,0   5,5   0,0   3,7  27,4   20:49    SO
 4  25,7  33,4   16:29  19,1   06:21   0,0   7,4   0,0   3,0  30,6   19:13   SSO
 5  27,6  35,9   18:04  22,2   07:54   0,0   9,3   0,0   3,5  30,6   19:16   SSO
 6  28,7  35,7   17:10  22,8   07:45   0,0  10,4   0,0   4,4  25,7   20:45   ONO
 7  25,4  30,3   15:28  21,3   06:21   0,0   7,1   0,0   5,8  32,2   19:32   OSO
 8  24,1  29,5   18:54  19,6   07:27   0,0   5,8   0,0   4,4  22,5   17:50    NO
 9  24,0  30,1   17:20  18,8   08:38   0,0   5,7   0,0   4,0  30,6   19:38     O
10  26,6  33,9   18:44  20,3   07:43   0,0   8,3   0,0   3,8  29,0   19:27   ONO
11  25,9  30,9   17:29  21,0   08:09   0,0   7,6   0,0   8,2  35,4   15:12    NO
12  24,0  30,8   19:06  17,9   06:58   0,0   5,7   0,0   7,4  27,4   00:25     N
13  26,4  32,7   17:02  20,9   07:17   0,0   8,1   0,0   4,3  27,4   21:08   ONO
14  26,0  32,3   17:10  19,4   06:09   0,0   7,7   0,0   4,5  25,7   21:06    SO
15  26,8  34,4   17:47  20,3   06:33   0,0   8,5   0,0   3,3  24,1   19:57    SO
16  28,9  36,1   18:13  22,6   08:25   0,0  10,6   0,0   3,3  27,4   17:54    NO
17  29,8  36,1   17:25  24,0   07:35   0,0  11,5   0,0   5,4  32,2   19:15    NO
18  29,0  34,1   16:01  23,6   07:05   0,0  10,7   0,0   4,3  24,1   17:40    NO
19  25,0  29,4   17:28  19,9   23:55   0,0   6,7   0,0   5,0  35,4   18:14   SSO
20  22,3  28,4   17:51  17,4   07:09   0,1   4,0   0,0   5,4  30,6   19:07    SO
21  22,9  29,3   17:45  17,6   07:00   0,1   4,7   0,0   3,8  24,1   18:32    SO
22  27,3  35,5   17:22  19,9   04:43   0,0   9,0   0,0   2,6  22,5   17:55    SO
23  28,5  37,7   18:47  21,1   05:46   0,0  10,2   0,0   2,1  16,1   10:50    SO
24  30,7  39,3   16:23  23,6   07:20   0,0  12,4   0,0   2,8  20,9   20:26    SO
25  30,8  40,2   19:02  24,6   03:55   0,0  12,5   0,0   0,9  14,5   23:48   SSE
26  33,0  39,5   18:20  26,1   08:19   0,0  14,7   0,0   3,2  22,5   00:16    SO
27  32,9  39,0   16:13  27,2   23:57   0,0  14,6   0,0   4,1  27,4   16:17    SO
28  29,1  36,9   15:37  23,7   05:23   0,0  10,8   0,0   4,3  32,2   18:38   SSO
29  26,2  33,1   17:27  20,9   07:28   0,0   7,9   0,0   4,8  27,4   21:02    SO
30  25,1  30,8   18:15  20,5   07:38   0,0   6,8   0,0   5,8  29,0   18:17    NO
----------------------------------------------------------------------------------
    26,8  40,2    25    17,4    20     0,2 254,8   0,0   4,3  35,4    11     OSO

Max >=  30,0: 24
Max <=  20,0:  0
Min <=  30,0: 30
Min <=   0,0:  0
Max Rain: 0,0 on day 0
Days of Rain: 0 (>= 0,2 mm)  0 (>= 2,0 mm)  0 (>= 20,0 mm)
Heat Base: 18,3  Cool Base: 18,3  Method: Integration