Temperatura máxima Desde: 24-06-2017 12:00 Hasta: 18:59 Aviso por: Temperatura máxima Nivel: Naranja info button
 

Informes Estilo NOAA


Informe 2012 Septiembre
                   Monthly Climatological Summary for sep 2012

Name: tiempoensevilla.es   City: Sevilla   State: España
Elevation: 6 m  Lat: N 37° 23' 01"   Lon: W 005° 59' 08"

                  Temperature (°C), Rain (mm), Wind Speed (km/h)

                                      Heat  Cool        Avg
    Mean                              Deg   Deg         Wind                 Dom
Day Temp  High   Time   Low    Time   Days  Days  Rain  Speed High   Time    Dir
----------------------------------------------------------------------------------
 1  28,4  34,6   18:28  22,2   07:58   0,0  10,1   0,0   4,6  30,6   16:36   ENE
 2  28,4  34,6   18:14  21,5   08:16   0,0  10,1   0,0   4,9  30,6   13:23   ENE
 3  26,7  33,3   18:11  20,3   08:17   0,0   8,1   0,0   4,0  25,7   16:05   ENE
 4  27,3  34,8   17:32  19,8   08:05   0,0   9,0   0,0   4,2  33,8   17:48     E
 5  27,6  33,8   18:22  20,4   07:29   0,0   9,3   0,0   4,1  22,5   11:16   SSO
 6  28,4  35,5   18:32  21,7   08:17   0,0  10,1   0,0   4,6  29,0   12:25    SE
 7  27,0  33,1   16:15  23,1   07:50   0,0   8,7   0,0   4,1  25,7   19:09     O
 8  26,1  31,7   17:59  21,8   08:22   0,0   7,8   0,0   3,0  29,0   19:05    SO
 9  24,0  28,8   16:25  20,6   08:26   0,0   5,7   0,0   3,9  25,7   17:02    SO
10  24,4  30,4   17:19  20,4   05:46   0,0   6,1   0,0   2,2  24,1   18:55    SO
11  26,6  34,7   18:42  20,6   05:14   0,0   8,3   0,0   1,4  19,3   21:38   NNO
12  28,4  36,7   17:44  22,3   09:40   0,0  10,1   0,0   2,2  25,7   18:59   SSO
13  27,5  35,7   17:01  22,2   05:54   0,0   9,2   0,0   1,9  27,4   18:40   SSO
14  27,3  35,7   18:20  21,2   08:01   0,0   9,0   0,0   1,9  19,3   22:39     E
15  26,7  35,2   17:51  19,3   08:57   0,0   8,4   0,0   2,5  17,7   21:02   OSO
16  25,8  31,7   16:26  21,2   05:46   0,0   7,5   0,0   2,6  25,7   17:47   SSO
17  25,5  33,0   17:49  20,6   03:39   0,0   7,2   0,0   1,2  16,1   21:16    SO
18  24,7  30,3   15:55  21,6   05:57   0,0   6,4   0,0   2,6  25,7   18:28    SO
19  24,7  30,8   16:34  21,2   08:35   0,0   6,4   0,0   3,9  25,7   18:24   SSO
20  25,8  32,9   18:28  20,8   08:59   0,0   7,5   0,0   2,2  22,5   20:56   OSO
21  26,0  31,2   18:03  22,5   07:30   0,0   7,7   0,0   3,1  22,5   15:58   OSO
22  24,3  30,5   17:55  20,8   07:44   0,0   6,0   0,0   2,8  27,4   17:11    SO
23  23,0  27,6   16:25  19,3   07:20   0,0   4,7   0,0   5,3  37,0   17:13    SO
24  22,1  26,5   17:57  17,9   06:55   0,0   3,8   0,0   2,7  22,5   20:30     O
25  20,9  24,9   17:34  17,8   09:00   0,0   2,6   0,0   4,6  35,4   19:36   OSO
26  19,4  21,3   18:15  17,9   08:13   0,0   1,1   0,4   2,5  22,5   07:50   OSO
27  17,8  19,5   23:38  16,2   09:05   0,7   0,2  51,2   3,1  24,1   10:55   ENE
28  18,8  21,1   15:56  17,0   10:32   0,3   0,8   1,4   1,9  19,3   19:18   SSO
29  19,3  23,9   18:40  16,8   08:08   0,5   1,5   0,2   0,4  11,3   11:38   OSO
30  21,0  26,2   17:43  16,3   08:41   0,3   3,0   0,0   1,6  22,5   10:20     E
----------------------------------------------------------------------------------
    24,8  36,7    12    16,2    27     1,8 196,4  53,2   3,0  37,0    23     SSO

Max >=  30,0: 21
Max <=  20,0:  1
Min <=  30,0: 30
Min <=   0,0:  0
Max Rain: 51,2 on day 27
Days of Rain: 4 (>= 0,2 mm)  1 (>= 2,0 mm)  1 (>= 20,0 mm)
Heat Base: 18,3  Cool Base: 18,3  Method: Integration