Temperatura máxima Desde: 25-06-2017 11:00 Hasta: 16:59 Aviso por: Temperatura máxima Nivel: Amarillo info button
 

Informes Estilo NOAA


Informe 2013 Marzo
                   Monthly Climatological Summary for mar 2013

Name: tiempoensevilla.es   City: Sevilla   State: España
Elevation: 6 m  Lat: N 37° 23' 01"   Lon: W 005° 59' 08"

                  Temperature (°C), Rain (mm), Wind Speed (km/h)

                                      Heat  Cool        Avg
    Mean                              Deg   Deg         Wind                 Dom
Day Temp  High   Time   Low    Time   Days  Days  Rain  Speed High   Time    Dir
----------------------------------------------------------------------------------
 1  10,0  15,7   17:12   4,5   07:25   8,3   0,0   0,0   1,3  19,3   20:52    SO
 2  11,2  16,4   16:43   6,2   04:56   7,1   0,0   0,0   4,6  27,4   12:17   ENE
 3  12,9  16,8   15:29   9,7   08:05   5,4   0,0   1,2   1,8  20,9   21:09    NE
 4  12,9  14,7   16:24  10,9   01:44   5,4   0,0   8,0   5,3  29,0   05:08   ESE
 5  14,5  16,9   17:11  12,4   07:26   3,8   0,0  17,6   6,6  32,2   11:45     S
 6  15,7  18,9   16:08  13,7   02:45   2,6   0,0   2,0   8,5  41,8   13:28    SO
 7  17,0  19,1   16:09  15,6   05:24   1,4   0,0  18,8  15,0  49,9   12:57    SO
 8  16,1  18,6   13:11  13,8   18:43   2,2   0,0   7,0   9,9  51,5   15:30    SO
 9  15,6  18,7   13:13  13,1   23:41   2,7   0,0  12,2   8,5  41,8   15:23    SO
10  13,5  18,4   14:15  10,9   04:38   4,8   0,0   5,6   5,8  37,0   13:41    SO
11  13,3  16,8   13:19  10,8   07:50   5,0   0,0   1,6   7,1  38,6   16:35   OSO
12  12,7  16,6   14:48  11,4   03:35   5,6   0,0  19,0   4,6  37,0   15:45    SO
13  11,7  14,8   17:59   8,6   08:04   6,7   0,0   0,2   7,2  32,2   06:39    NO
14  10,8  16,4   17:14   6,4   05:53   7,5   0,0   0,0   2,8  16,1   00:37    NO
15  12,5  18,6   16:49   6,6   06:07   5,8   0,0   0,0   2,9  20,9   10:31    NE
16  14,2  18,3   15:07  10,4   08:14   4,1   0,0   0,2   2,1  19,3   16:01   ENE
17  14,6  20,3   13:49  11,6   05:34   3,8   0,1   6,6   3,8  22,5   15:41    SO
18  13,6  18,9   17:26   8,4   07:45   4,7   0,0   0,2   3,0  22,5   02:22    NO
19  12,1  17,6   17:29   8,9   08:55   6,2   0,0  24,6   4,4  37,0   17:33     O
20  13,4  18,7   18:17   8,4   08:04   4,9   0,0   0,0   4,6  25,7   13:58   OSO
21  14,7  20,8   15:56   8,5   06:37   4,0   0,4   0,0   2,9  27,4   10:59     E
22  13,8  16,9   17:40  11,1   05:25   4,5   0,0   3,8   5,1  35,4   16:56   SSO
23  11,9  12,8   16:18  10,3   23:58   6,4   0,0  13,4   3,6  32,2   14:22   SSO
24  12,8  18,7   15:12   9,0   06:47   5,5   0,0   3,0   3,7  37,0   15:13   OSO
25  13,7  16,9   14:05  10,1   05:12   4,6   0,0   0,2   6,3  37,0   16:58    SO
26  15,5  18,3   14:12  14,0   01:00   2,8   0,0   4,0   9,3  35,4   12:40   SSO
27  16,0  19,1   13:49  14,2   07:16   2,3   0,0   1,2   7,7  35,4   16:25    SO
28  16,4  20,0   15:40  14,0   07:39   2,1   0,2   0,2   5,0  33,8   16:02   OSO
29  15,8  17,0   10:59  14,1   00:39   2,5   0,0   2,0   8,8  35,4   10:35    SO
30  17,5  22,0   16:21  15,1   07:17   1,4   0,6   0,6   5,7  33,8   18:52   OSO
31  16,4  18,6   14:27  14,6   07:05   1,8   0,0  10,0   9,2  54,7   23:43    SO
----------------------------------------------------------------------------------
    14,0  22,0    30     4,5     1   135,9   1,3 163,2   5,7  54,7    31      SO

Max >=  30,0:  0
Max <=  20,0: 28
Min <=  30,0: 31
Min <=   0,0:  0
Max Rain: 24,6 on day 19
Days of Rain: 25 (>= 0,2 mm)  16 (>= 2,0 mm)  1 (>= 20,0 mm)
Heat Base: 18,3  Cool Base: 18,3  Method: Integration