No se requiere un especial cuidado respecto a la situación meteorológica.   -   No hay avisos

Informes Estilo NOAA


Informe 2013 Abril
                   Monthly Climatological Summary for abr 2013

Name: tiempoensevilla.es   City: Sevilla   State: España
Elevation: 6 m  Lat: N 37° 23' 01"   Lon: W 005° 59' 08"

                  Temperature (°C), Rain (mm), Wind Speed (km/h)

                                      Heat  Cool        Avg
    Mean                              Deg   Deg         Wind                 Dom
Day Temp  High   Time   Low    Time   Days  Days  Rain  Speed High   Time    Dir
----------------------------------------------------------------------------------
 1  15,5  18,4   19:26  12,8   15:54   2,8   0,0  12,0   7,8  40,2   00:25   OSO
 2  15,5  19,7   17:15  11,9   06:06   2,9   0,1   0,0   3,6  25,7   17:01    SO
 3  13,7  16,9   17:46  10,8   06:09   4,6   0,0   9,4   4,4  35,4   14:10   SSO
 4  13,4  17,6   16:00  10,9   07:34   4,9   0,0  20,6   3,9  35,4   17:27   SSO
 5  14,6  19,6   15:46  11,4   05:39   3,9   0,1   2,4   4,8  37,0   16:20   NNO
 6  12,8  17,7   17:43   8,6   06:16   5,5   0,0   0,0   3,7  20,9   00:35   ONO
 7  14,1  19,4   19:48   8,8   08:40   4,2   0,1   0,0   1,7  14,5   11:38     N
 8  15,5  21,2   17:15  10,1   08:07   3,2   0,5   0,0   3,6  27,4   17:32   OSO
 9  15,2  18,3   14:05  12,3   07:06   3,1   0,0   0,0   2,8  22,5   17:21   OSO
10  15,7  18,8   17:53  12,8   05:44   2,6   0,0   0,0   1,1  16,1   19:39   OSO
11  16,9  20,7   15:43  14,5   03:31   1,7   0,3   0,0   5,0  30,6   16:08    SO
12  17,3  22,4   18:03  12,2   06:23   2,1   1,0   0,0   2,4  17,7   00:14   NNO
13  19,6  26,7   17:58  12,7   07:55   1,6   2,9   0,0   3,3  19,3   09:56    NE
14  21,6  28,4   16:52  15,1   06:52   0,6   3,9   0,0   3,4  24,1   23:00     O
15  21,0  27,0   18:35  15,4   08:04   0,5   3,2   0,0   1,7  14,5   00:18    SO
16  22,8  30,4   19:07  16,6   08:01   0,4   4,9   0,0   1,4  19,3   11:37     N
17  23,9  32,4   17:56  17,2   08:24   0,1   5,7   0,0   2,3  17,7   09:45   OSO
18  23,8  31,0   16:47  17,4   07:17   0,1   5,6   0,0   2,8  20,9   20:27    SO
19  23,8  30,5   18:05  17,7   08:24   0,0   5,5   0,0   3,2  16,1   14:36   NNO
20  22,1  27,2   17:35  16,1   08:01   0,2   4,0   0,0   4,4  24,1   17:25   ENE
21  19,9  26,2   17:36  15,2   07:52   0,6   2,2   0,0   4,2  32,2   18:41   OSO
22  19,4  25,3   16:06  15,5   07:28   0,9   2,0   0,0   3,1  20,9   18:02   SSO
23  19,4  24,3   16:42  14,9   07:05   0,9   2,0   0,0   4,6  29,0   15:52   ESE
24  19,1  24,8   18:12  13,4   07:28   1,1   1,9   0,0   6,4  35,4   16:32     E
25  20,3  26,9   18:16  13,9   06:25   1,2   3,2   0,0   6,2  51,5   13:13    NE
26  20,9  26,0   16:33  17,2   08:51   0,2   2,7   0,0   4,3  25,7   19:54   SSO
27  18,2  21,9   16:54  13,9   08:46   0,9   0,8   0,0   8,4  35,4   15:44    SO
28  13,2  17,5   00:02   9,7   08:15   5,1   0,0   0,0  11,3  48,3   16:22     N
29  11,4  13,5   16:21   9,1   11:24   6,9   0,0   0,4   3,5  22,5   17:29     O
30  13,1  18,1   17:42   9,2   05:11   5,2   0,0   0,0   1,6  17,7   21:37    SO
----------------------------------------------------------------------------------
    17,8  32,4    17     8,6     6    68,0  52,6  44,8   4,0  51,5    25       O

Max >=  30,0:  4
Max <=  20,0: 12
Min <=  30,0: 30
Min <=   0,0:  0
Max Rain: 20,6 on day 4
Days of Rain: 5 (>= 0,2 mm)  4 (>= 2,0 mm)  1 (>= 20,0 mm)
Heat Base: 18,3  Cool Base: 18,3  Method: Integration