Temperatura máxima Desde: 25-06-2017 11:00 Hasta: 16:59 Aviso por: Temperatura máxima Nivel: Amarillo info button
 

Informes Estilo NOAA


Informe 2013 Mayo
                   Monthly Climatological Summary for may 2013

Name: tiempoensevilla.es   City: Sevilla   State: España
Elevation: 6 m  Lat: N 37° 23' 01"   Lon: W 005° 59' 08"

                  Temperature (°C), Rain (mm), Wind Speed (km/h)

                                      Heat  Cool        Avg
    Mean                              Deg   Deg         Wind                 Dom
Day Temp  High   Time   Low    Time   Days  Days  Rain  Speed High   Time    Dir
----------------------------------------------------------------------------------
 1  15,9  21,9   17:03   9,1   07:50   3,3   0,9   0,0   2,2  20,9   13:25    NE
 2  18,9  25,3   19:20  11,9   07:41   1,7   2,3   0,0   2,4  22,5   13:23    NE
 3  19,2  26,2   17:43  12,8   08:15   1,4   2,3   3,6   2,5  29,0   21:02    SO
 4  20,5  27,6   18:39  15,2   05:10   1,0   3,2   0,0   2,3  22,5   21:50    SO
 5  21,4  28,6   19:32  15,3   07:55   0,8   3,9   0,0   1,6  19,3   22:51   OSO
 6  22,9  29,6   17:52  16,5   08:37   0,2   4,8   0,0   2,5  19,3   20:38   OSO
 7  24,9  31,7   18:44  19,1   07:32   0,0   6,6   0,0   2,2  22,5   20:35    NO
 8  24,3  30,7   16:32  18,8   05:19   0,0   6,0   0,0   1,7  20,9   18:54    SO
 9  24,1  31,2   17:33  17,4   07:25   0,1   5,8   0,0   3,3  27,4   18:52    SO
10  23,8  30,4   19:04  18,1   07:50   0,0   5,5   0,0   2,7  30,6   19:24   OSO
11  24,1  30,5   19:05  18,9   07:29   0,0   5,8   0,0   1,9  22,5   20:33    SO
12  23,6  30,3   18:07  18,0   07:50   0,0   5,4   0,0   3,3  30,6   20:25   OSO
13  23,4  28,9   17:33  18,7   07:32   0,0   5,1   0,0   2,9  25,7   22:33   OSO
14  23,1  27,5   17:14  19,7   23:50   0,0   4,8   0,0   4,6  35,4   18:12    SO
15  16,9  19,7   00:00  13,4   07:23   1,5   0,1   5,0   5,9  29,0   14:45   OSO
16  16,7  20,6   17:10  12,9   08:16   2,0   0,4   0,0   6,1  40,2   23:37     O
17  15,1  17,9   12:38  12,8   04:58   3,2   0,0   1,4   9,4  41,8   12:42   OSO
18  15,0  20,4   15:50   9,8   07:10   3,6   0,3   0,0   6,7  43,5   16:38     O
19  14,4  18,9   16:04  10,8   06:28   3,9   0,0   2,4   4,0  35,4   17:43     O
20  15,0  20,9   19:46   9,6   06:45   3,6   0,3   0,0   2,8  20,9   20:26   NNO
21  17,9  23,4   15:12  13,4   07:11   1,7   1,2   0,0   3,7  30,6   19:31   OSO
22  19,7  27,0   16:30  13,8   07:40   1,2   2,6   0,0   3,5  29,0   18:09   SSO
23  20,5  27,8   16:28  14,9   07:11   0,8   3,1   0,0   4,9  35,4   17:18   SSO
24  18,4  23,2   16:59  15,3   03:55   1,2   1,3   0,0   5,6  29,0   15:09   SSO
25  18,9  24,2   17:32  16,2   01:50   0,9   1,5   0,0   4,1  24,1   19:07    SO
26  18,5  22,8   16:05  15,5   04:49   1,0   1,2   0,0   4,7  25,7   18:56    SO
27  18,0  23,7   17:13  13,8   08:20   1,4   1,1   0,0   5,8  40,2   18:28   OSO
28  17,6  21,9   19:19  14,1   07:48   1,3   0,6   0,0   5,3  32,2   17:02    SO
29  18,6  24,7   19:42  13,1   07:23   1,6   1,9   0,0   7,1  32,2   11:44    NO
30  20,0  27,3   18:49  15,7   06:35   0,6   2,3   0,0   4,7  29,0   20:10   ONO
31  21,1  28,7   16:51  14,7   06:26   0,9   3,8   0,0   3,2  29,0   17:29    SO
----------------------------------------------------------------------------------
    19,8  31,7     7     9,1     1    38,9  84,1  12,4   4,0  43,5    18     OSO

Max >=  30,0:  6
Max <=  20,0:  3
Min <=  30,0: 31
Min <=   0,0:  0
Max Rain: 5,0 on day 15
Days of Rain: 4 (>= 0,2 mm)  3 (>= 2,0 mm)  0 (>= 20,0 mm)
Heat Base: 18,3  Cool Base: 18,3  Method: Integration