Temperatura máxima Desde: 25-06-2017 11:00 Hasta: 16:59 Aviso por: Temperatura máxima Nivel: Amarillo info button
 

Informes Estilo NOAA


Informe 2013 Junio
                   Monthly Climatological Summary for jun 2013

Name: tiempoensevilla.es   City: Sevilla   State: España
Elevation: 6 m  Lat: N 37° 23' 01"   Lon: W 005° 59' 08"

                  Temperature (°C), Rain (mm), Wind Speed (km/h)

                                      Heat  Cool        Avg
    Mean                              Deg   Deg         Wind                 Dom
Day Temp  High   Time   Low    Time   Days  Days  Rain  Speed High   Time    Dir
----------------------------------------------------------------------------------
 1  22,9  30,3   18:45  16,3   07:32   0,2   4,9   0,0   4,3  35,4   09:23    NE
 2  25,2  32,8   18:42  18,2   06:56   0,0   6,9   0,0   3,3  30,6   13:37    NE
 3  24,7  33,0   19:05  17,5   07:36   0,0   6,5   0,0   2,4  25,7   20:29     O
 4  25,1  32,7   17:50  18,9   07:10   0,0   6,8   0,0   3,1  29,0   19:48   OSO
 5  21,2  24,8   14:25  18,1   07:19   0,0   2,9   0,0   7,1  37,0   17:15   SSO
 6  19,1  22,1   17:11  17,2   23:55   0,3   1,0   0,0   8,1  32,2   18:25    SO
 7  18,8  23,1   16:23  15,7   07:00   0,7   1,2   0,0   5,4  35,4   17:20    SO
 8  17,9  21,6   16:57  13,3   06:43   1,3   0,9   0,0   5,1  27,4   15:59     O
 9  18,8  23,7   18:28  14,6   07:06   1,0   1,5   0,0   4,1  32,2   20:24     O
10  20,7  27,7   18:13  15,8   06:51   0,5   2,9   0,0   2,9  25,7   16:40   SSO
11  23,0  31,8   17:54  16,6   07:52   0,3   5,0   0,0   2,4  24,1   18:31    SO
12  26,1  34,9   18:06  19,8   07:18   0,0   7,8   0,0   2,0  22,5   18:59   SSO
13  28,4  36,7   17:26  21,3   03:34   0,0  10,1   0,0   2,4  20,9   20:18    SO
14  29,1  36,6   16:43  22,3   07:12   0,0  10,8   0,0   3,0  27,4   18:53    SO
15  29,0  36,2   19:13  22,8   06:19   0,0  10,7   0,0   2,8  20,9   17:23   SSO
16  27,3  33,8   18:35  21,3   07:44   0,0   9,0   0,0   4,1  30,6   15:47   SSO
17  22,8  27,3   18:27  19,5   07:09   0,0   4,5   0,0   5,3  37,0   15:15     O
18  18,9  22,2   20:03  15,7   07:22   0,6   1,2   0,8   7,5  37,0   14:11   OSO
19  20,7  27,3   19:39  15,6   07:40   0,4   2,8   0,0   3,5  27,4   20:09     O
20  23,4  31,1   18:39  17,6   07:14   0,1   5,2   0,0   2,9  30,6   20:01    SO
21  25,1  32,3   17:54  19,2   07:19   0,0   6,8   0,0   2,0  22,5   20:50   SSO
22  27,8  34,8   18:22  21,7   08:08   0,0   9,5   0,0   3,5  25,7   20:51   ENE
23  29,1  36,9   18:16  20,6   06:44   0,0  10,8   0,0   1,9  17,7   22:34     S
24  30,3  37,0   17:41  22,9   07:18   0,0  12,0   0,0   3,9  30,6   14:14   ESE
25  28,8  35,6   16:43  21,8   07:23   0,0  10,5   0,0   4,6  24,1   14:02    SE
26  28,2  36,3   17:08  21,3   06:53   0,0   9,9   0,0   4,0  30,6   16:11   ESE
27  28,0  34,6   17:48  20,7   07:33   0,0   9,7   0,0   4,2  37,0   17:27     E
28  27,4  34,3   17:10  21,3   07:02   0,0   9,1   0,0   3,2  22,5   01:54   OSO
29  28,3  34,8   18:24  20,8   07:50   0,0  10,0   0,0   6,1  41,8   14:17     E
30  29,2  37,2   16:40  21,4   07:00   0,0  10,9   0,0   5,7  30,6   11:50   ENE
----------------------------------------------------------------------------------
    24,8  37,2    30    13,3     8     5,4 201,8   0,8   4,0  41,8    29     SSO

Max >=  30,0: 21
Max <=  20,0:  0
Min <=  30,0: 30
Min <=   0,0:  0
Max Rain: 0,8 on day 18
Days of Rain: 1 (>= 0,2 mm)  0 (>= 2,0 mm)  0 (>= 20,0 mm)
Heat Base: 18,3  Cool Base: 18,3  Method: Integration