No se requiere un especial cuidado respecto a la situación meteorológica.   -   No hay avisos

Informes Estilo NOAA


Informe 2013 Julio
                   Monthly Climatological Summary for jul 2013

Name: tiempoensevilla.es   City: Sevilla   State: España
Elevation: 6 m  Lat: N 37° 23' 01"   Lon: W 005° 59' 08"

                  Temperature (°C), Rain (mm), Wind Speed (km/h)

                                      Heat  Cool        Avg
    Mean                              Deg   Deg         Wind                 Dom
Day Temp  High   Time   Low    Time   Days  Days  Rain  Speed High   Time    Dir
----------------------------------------------------------------------------------
 1  28,2  34,7   18:09  22,3   06:59   0,0   9,9   0,0   4,0  27,4   19:56   OSO
 2  26,7  33,0   17:54  22,3   07:37   0,0   8,4   0,0   5,1  29,0   20:44    SO
 3  28,8  38,2   18:57  20,4   06:28   0,0  10,5   0,0   1,6  22,5   20:44   OSO
 4  31,0  40,3   18:52  23,6   07:24   0,0  12,7   0,0   2,3  30,6   19:08   SSO
 5  31,7  37,8   17:27  24,6   07:45   0,0  13,4   0,0   5,6  38,6   16:42     E
 6  30,9  37,9   18:38  23,6   07:04   0,0  12,6   0,0   7,1  37,0   14:11     E
 7  31,3  38,9   18:47  23,6   06:49   0,0  13,0   0,0   5,3  35,4   12:49     E
 8  31,8  40,3   19:00  24,0   07:05   0,0  13,5   0,0   4,8  35,4   16:57     E
 9  31,9  39,4   16:20  24,7   07:35   0,0  13,6   0,0   3,7  24,1   18:38    SO
10  31,9  38,6   17:17  26,3   06:09   0,0  13,6   0,0   3,4  30,6   19:22   SSO
11  28,0  34,3   15:38  23,2   23:56   0,0   9,7   0,0   4,8  24,1   00:25   SSO
12  24,2  29,8   17:36  20,2   07:26   0,0   5,9   0,0   4,9  30,6   19:23   SSO
13  23,0  28,2   17:59  20,1   06:45   0,0   4,7   0,0   3,1  22,5   19:30   SSO
14  24,3  30,1   18:09  21,0   02:14   0,0   6,0   0,0   3,0  25,7   19:27   SSO
15  25,9  33,3   19:10  20,6   06:25   0,0   7,6   0,0   2,9  20,9   18:35   SSO
16  27,6  35,6   17:38  20,2   08:27   0,0   9,3   0,0   2,2  22,5   20:36    SO
17  29,0  36,5   17:28  22,6   08:28   0,0  10,7   0,0   2,8  22,5   18:08    SO
18  28,8  35,7   17:31  22,7   04:41   0,0  10,5   0,0   2,3  20,9   18:49   SSO
19  27,8  34,5   17:39  21,9   06:53   0,0   9,5   0,0   3,1  29,0   19:29    SO
20  25,8  30,6   16:58  21,5   07:29   0,0   7,5   0,0   3,8  24,1   18:13   SSO
21  25,3  32,2   18:14  20,4   07:02   0,0   7,0   0,0   3,1  22,5   18:25   SSO
22  27,5  34,6   18:06  21,5   06:54   0,0   9,2   0,0   2,9  24,1   18:22    SO
23  27,7  33,2   17:57  22,4   06:07   0,0   9,4   0,0   3,7  25,7   16:23   SSO
24  28,9  37,3   18:19  22,9   03:18   0,0  10,6   0,0   2,0  24,1   18:45    SO
25  27,8  32,8   15:19  23,4   06:03   0,0   9,5   0,0   4,0  29,0   17:54   SSO
26  24,3  28,2   16:31  21,3   06:36   0,0   6,0   0,0   6,4  30,6   17:27   SSO
27  22,2  27,1   16:29  18,8   07:13   0,0   3,9   0,0   5,6  30,6   18:47    SO
28  23,9  29,6   18:06  20,3   07:45   0,0   5,6   0,0   3,3  29,0   19:39    SO
29  26,9  34,6   20:00  20,5   03:20   0,0   8,6   0,0   2,5  22,5   17:33    NE
30  30,3  39,1   17:06  22,3   08:17   0,0  12,0   0,0   3,7  25,7   20:57   ENE
31  31,1  38,3   17:16  23,3   06:42   0,0  12,8   0,0   2,9  24,1   18:42   ONO
----------------------------------------------------------------------------------
    27,9  40,3     4    18,8    27     0,0 297,2   0,0   3,7  38,6     5     SSO

Max >=  30,0: 26
Max <=  20,0:  0
Min <=  30,0: 31
Min <=   0,0:  0
Max Rain: 0,0 on day 0
Days of Rain: 0 (>= 0,2 mm)  0 (>= 2,0 mm)  0 (>= 20,0 mm)
Heat Base: 18,3  Cool Base: 18,3  Method: Integration