Temperatura máxima Desde: 18-08-2017 10:00 Hasta: 18:59 Aviso por: Temperatura máxima Nivel: Amarillo info button
 

Informes Estilo NOAA


Informe 2013 Octubre
                   Monthly Climatological Summary for oct 2013

Name: tiempoensevilla.es   City: Sevilla   State: España
Elevation: 6 m  Lat: N 37° 23' 01"   Lon: W 005° 59' 08"

                  Temperature (°C), Rain (mm), Wind Speed (km/h)

                                      Heat  Cool        Avg
    Mean                              Deg   Deg         Wind                 Dom
Day Temp  High   Time   Low    Time   Days  Days  Rain  Speed High   Time    Dir
----------------------------------------------------------------------------------
 1  23,6  27,6   17:29  21,5   07:23   0,0   5,3   1,2   2,7  20,9   13:05    SO
 2  22,1  26,8   16:45  18,8   09:59   0,0   3,7   0,0   1,2  17,7   21:16   OSO
 3  23,2  27,8   17:44  20,9   02:05   0,0   4,9   3,4   1,6  17,7   20:44   SSO
 4  23,8  28,8   17:54  20,1   07:56   0,0   5,5   0,0   1,6  19,3   16:49    SO
 5  23,7  29,4   16:48  18,7   07:25   0,0   5,4   0,0   1,4  14,5   12:12   NNO
 6  24,4  30,3   17:22  19,1   08:31   0,0   6,1   0,0   1,1  16,1   11:23     N
 7  24,0  30,5   18:31  18,2   08:03   0,0   5,7   0,0   1,1  14,5   13:59    NE
 8  24,7  30,8   17:39  18,9   08:09   0,0   6,4   0,0   3,1  25,7   14:02   ENE
 9  24,5  30,4   16:27  19,0   08:10   0,0   6,2   0,0   3,9  30,6   13:48   ENE
10  24,1  30,3   17:36  18,3   06:15   0,0   5,8   0,0   2,3  22,5   18:09    NE
11  22,8  29,9   17:02  18,4   07:12   0,0   4,5   0,0   1,9  25,7   17:50   SSO
12  18,8  22,9   17:55  13,7   08:57   0,9   1,3   0,0   3,4  27,4   15:53   SSO
13  19,5  25,1   17:44  15,4   08:39   0,6   1,9   0,0   1,2  14,5   12:06   ONO
14  21,0  27,1   16:20  16,3   07:34   0,5   3,2   0,0   1,3  16,1   11:57     N
15  22,6  29,6   19:08  17,2   08:22   0,2   4,5   0,0   0,8  14,5   14:09   NNE
16  23,9  30,5   18:01  18,4   07:00   0,0   5,6   0,0   2,2  19,3   11:32    NE
17  23,6  30,2   18:08  19,3   08:45   0,0   5,3   0,0   1,6  19,3   16:05   ENE
18  20,4  25,1   15:18  15,4   08:38   0,3   2,4   0,2   3,0  27,4   15:53    SO
19  21,3  24,7   14:36  18,4   05:31   0,0   3,0   1,0   3,2  24,1   15:47   SSO
20  21,1  26,0   17:07  17,8   06:36   0,0   2,8   0,0   1,3  14,5   15:51    SO
21  20,2  24,9   16:19  15,8   08:24   0,5   2,4   0,0   0,8  14,5   17:33    SO
22  19,1  21,8   13:54  16,6   04:58   0,3   1,1   7,8   6,5  40,2   16:39     S
23  20,6  24,1   16:41  18,2   02:11   0,0   2,3   0,0   0,8  16,1   18:45   SSO
24  21,6  24,1   15:02  19,7   05:10   0,0   3,3   1,0   6,1  35,4   14:52     S
25  19,4  22,1   18:00  17,4   22:02   0,2   1,3  24,2   3,6  29,0   01:40     S
26  19,1  22,9   16:12  16,2   08:34   0,5   1,3   0,0   0,3  11,3   14:24     E
27  19,9  26,7   16:25  14,5   06:30   1,0   2,8   0,0   4,0  24,1   12:33    NE
28  21,3  27,3   14:13  16,4   07:32   0,3   3,3   0,0   1,9  29,0   20:49   NNO
29  18,1  21,3   14:45  14,4   07:50   1,0   0,8   0,0   7,9  32,2   16:59   NNO
30  16,9  21,8   16:24  13,1   08:09   2,1   0,7   0,0   4,5  25,7   11:37   NNE
31  16,4  21,7   16:34  11,7   07:41   2,7   0,7   0,0   3,3  20,9   11:55    NE
----------------------------------------------------------------------------------
    21,5  30,8     8    11,7    31    11,1 109,5  38,8   2,6  40,2    22     SSE

Max >=  30,0:  7
Max <=  20,0:  0
Min <=  30,0: 31
Min <=   0,0:  0
Max Rain: 24,2 on day 25
Days of Rain: 7 (>= 0,2 mm)  3 (>= 2,0 mm)  1 (>= 20,0 mm)
Heat Base: 18,3  Cool Base: 18,3  Method: Integration