Temperatura máxima Desde: 22-08-2017 11:00 Hasta: 18:59 Aviso por: Temperatura máxima Nivel: Amarillo info button
 

Informes Estilo NOAA


Informe 2013 Noviembre
                   Monthly Climatological Summary for nov 2013

Name: tiempoensevilla.es   City: Sevilla   State: España
Elevation: 6 m  Lat: N 37° 23' 01"   Lon: W 005° 59' 08"

                  Temperature (°C), Rain (mm), Wind Speed (km/h)

                                      Heat  Cool        Avg
    Mean                              Deg   Deg         Wind                 Dom
Day Temp  High   Time   Low    Time   Days  Days  Rain  Speed High   Time    Dir
----------------------------------------------------------------------------------
 1  16,4  22,8   16:03  10,9   07:16   2,8   0,9   0,0   2,0  19,3   09:51   NNE
 2  17,8  26,4   16:51  11,4   07:14   2,4   1,9   0,0   2,5  22,5   11:27   NNE
 3  18,4  23,8   16:16  14,2   08:26   1,3   1,4   0,0   1,2  16,1   10:37   NNE
 4  16,9  20,1   16:13  13,1   07:42   1,6   0,3   0,0   2,9  25,7   15:41   OSO
 5  20,0  24,8   16:00  17,1   08:11   0,3   2,0   0,0   3,6  19,3   06:32     O
 6  19,1  24,8   16:23  15,0   07:22   0,9   1,7   0,0   1,4  16,1   10:41     N
 7  17,6  22,2   14:32  13,7   07:39   1,4   0,7   0,0   1,2  14,5   21:31   ONO
 8  17,9  22,0   16:08  14,5   07:18   1,3   0,9   0,0   1,5  16,1   14:30   ONO
 9  16,3  20,9   15:11  12,0   08:16   2,3   0,3   0,0   5,8  32,2   16:28     N
10  16,8  22,3   16:45  12,3   06:32   2,2   0,7   0,0   3,6  24,1   17:27   NNE
11  18,5  25,3   16:21  12,7   07:17   2,0   2,2   0,0   3,7  30,6   12:17    NE
12  20,3  25,5   16:51  15,7   06:35   0,4   2,5   0,0   3,0  25,7   11:55    NE
13  18,5  24,2   16:52  13,6   05:49   1,3   1,5   0,0   3,2  25,7   19:12    NE
14  18,1  23,4   16:09  13,8   07:09   1,4   1,2   0,0   6,0  32,2   13:15    NE
15  15,4  19,3   15:32  10,8   07:44   3,0   0,1   0,0   7,2  35,4   16:25    NE
16  11,7  15,6   16:24   8,4   08:02   6,6   0,0   0,0   3,7  29,0   13:20    NE
17  11,3  16,3   14:10   6,2   08:19   7,0   0,0   0,0   2,7  20,9   04:17    NO
18  13,5  17,8   14:42  10,5   08:25   4,8   0,0   1,0   2,8  22,5   14:45   ONO
19  12,7  17,4   17:33   8,3   07:53   5,6   0,0   0,0   0,7  14,5   00:01   SSO
20  12,0  16,5   16:10   7,9   05:53   6,3   0,0   0,0   1,8  25,7   12:03    NE
21   9,6  13,4   13:28   4,4   08:23   8,7   0,0   0,0   2,7  24,1   15:41    SO
22  11,3  12,3   16:53  10,2   08:39   7,0   0,0   0,2   2,1  17,7   14:21    NE
23  10,0  13,5   17:54   6,8   08:24   8,3   0,0   0,0   4,5  29,0   13:45    NE
24  10,3  16,0   16:28   5,6   08:32   8,0   0,0   0,0   5,5  37,0   12:00    NE
25  10,9  16,4   16:23   6,4   07:20   7,4   0,0   0,0   4,3  27,4   12:10    NE
26  10,3  16,5   16:42   5,0   08:24   8,0   0,0   0,0   2,9  25,7   11:58    NE
27  11,7  17,5   16:11   7,3   07:47   6,6   0,0   0,0   4,9  27,4   10:38    NE
28  11,9  16,3   15:23   7,4   05:54   6,4   0,0   0,0   7,0  35,4   16:08   ENE
29  11,8  16,6   16:12   7,1   08:03   6,5   0,0   0,0   6,7  32,2   11:23    NE
30  10,3  17,1   16:55   5,6   06:39   8,0   0,0   0,0   2,3  19,3   01:58    NE
----------------------------------------------------------------------------------
    14,6  26,4     2     4,4    21   129,8  18,3   1,2   3,5  37,0    24     NNE

Max >=  30,0:  0
Max <=  20,0: 16
Min <=  30,0: 30
Min <=   0,0:  0
Max Rain: 1,0 on day 18
Days of Rain: 2 (>= 0,2 mm)  0 (>= 2,0 mm)  0 (>= 20,0 mm)
Heat Base: 18,3  Cool Base: 18,3  Method: Integration