No se requiere un especial cuidado respecto a la situación meteorológica.   -   No hay avisos

Informes Estilo NOAA


Informe 2013 Diciembre
                   Monthly Climatological Summary for dic 2013

Name: tiempoensevilla.es   City: Sevilla   State: España
Elevation: 6 m  Lat: N 37° 23' 01"   Lon: W 005° 59' 08"

                  Temperature (°C), Rain (mm), Wind Speed (km/h)

                                      Heat  Cool        Avg
    Mean                              Deg   Deg         Wind                 Dom
Day Temp  High   Time   Low    Time   Days  Days  Rain  Speed High   Time    Dir
----------------------------------------------------------------------------------
 1  10,8  15,8   16:46   6,4   08:23   7,5   0,0   0,0   5,6  37,0   12:16    NE
 2  11,1  17,8   15:15   5,3   08:11   7,1   0,0   0,0   3,2  22,5   10:51    NE
 3  12,1  18,6   16:00   7,2   08:37   6,2   0,0   0,0   5,6  27,4   15:02    NE
 4  13,3  19,9   15:53   8,1   08:28   5,2   0,2   0,0   6,0  29,0   15:32    NE
 5  13,6  19,7   16:25   9,0   07:40   4,8   0,1   0,0   5,0  22,5   12:49    NE
 6  12,5  19,7   16:07   7,2   07:44   5,9   0,1   0,0   4,6  22,5   11:06    NE
 7  11,3  18,6   16:24   5,8   08:33   7,0   0,0   0,0   2,0  14,5   03:05     N
 8  10,2  17,9   16:20   4,2   08:01   8,1   0,0   0,0   1,9  19,3   09:30     N
 9  10,9  18,4   16:17   4,6   07:31   7,4   0,0   0,0   4,8  25,7   15:03    NE
10  13,0  20,4   15:39   7,8   08:18   5,5   0,2   0,0   5,6  27,4   19:00    NE
11  13,0  17,4   16:06   8,6   07:48   5,3   0,0   0,0   3,1  19,3   09:23   NNE
12  13,0  18,1   15:05   8,4   04:50   5,3   0,0   0,0   2,6  20,9   07:20   NNE
13  14,5  18,8   15:04  11,7   05:46   3,8   0,0   0,4   0,6  11,3   05:53   NNE
14  14,0  19,9   16:18   9,0   04:22   4,5   0,2   0,0   3,7  24,1   11:45   NNE
15  13,4  18,7   16:17   9,2   07:17   4,9   0,0   0,0   5,3  24,1   16:55    NE
16  12,6  18,1   15:28   8,2   08:33   5,7   0,0   0,0   3,5  19,3   11:58   NNE
17  12,4  15,0   15:31  10,7   01:59   5,9   0,0   0,0   2,2  12,9   07:36   NNE
18  13,5  16,3   17:04  11,5   09:29   4,8   0,0   2,4   1,4  17,7   15:17    SO
19  12,8  15,4   12:59  10,4   23:48   5,5   0,0   5,6   4,8  43,5   14:56   OSO
20  10,9  15,2   16:07   8,2   07:34   7,4   0,0   0,0   7,1  32,2   04:59     N
21  10,1  15,6   16:28   5,2   08:52   8,2   0,0   0,0   2,8  24,1   11:30   NNE
22  10,6  17,8   17:06   5,3   06:27   7,7   0,0   0,0   1,3  14,5   09:52     N
23  10,4  16,8   16:22   5,4   07:45   7,9   0,0   0,0   1,3  16,1   09:25   NNE
24  11,8  16,2   21:28   6,1   04:09   6,5   0,0   1,6   7,2  49,9   23:58   SSO
25  13,8  15,9   02:57  10,1   23:47   4,5   0,0  36,6  11,3  54,7   01:02    SO
26  12,9  16,8   16:35   9,6   02:09   5,4   0,0   0,0   2,0  24,1   14:07   OSO
27  14,1  16,9   16:37  11,9   07:16   4,2   0,0   0,4   1,6  20,9   16:34   SSO
28  13,7  15,5   03:32  10,0   23:40   4,6   0,0   1,0   7,1  35,4   05:48   ONO
29  10,0  14,6   15:15   6,2   09:36   8,3   0,0   0,0   2,0  22,5   15:44     N
30   8,6  13,4   16:25   4,6   08:37   9,7   0,0   0,0   1,7  14,5   11:55   NNE
31   9,2  13,1   14:44   5,0   04:57   9,1   0,0   0,0   1,1  12,9   04:29     N
----------------------------------------------------------------------------------
    12,1  20,4    10     4,2     8   193,9   0,8  48,0   3,8  54,7    25     NNE

Max >=  30,0:  0
Max <=  20,0: 30
Min <=  30,0: 31
Min <=   0,0:  0
Max Rain: 36,6 on day 25
Days of Rain: 7 (>= 0,2 mm)  3 (>= 2,0 mm)  1 (>= 20,0 mm)
Heat Base: 18,3  Cool Base: 18,3  Method: Integration