Temperatura máxima Desde: 18-08-2017 10:00 Hasta: 18:59 Aviso por: Temperatura máxima Nivel: Amarillo info button
 

Informes Estilo NOAA


Informe 2014 Febrero
                   Monthly Climatological Summary for feb 2014

Name: tiempoensevilla.es   City: Sevilla   State: España
Elevation: 6 m  Lat: N 37° 23' 01"   Lon: W 005° 59' 08"

                  Temperature (°C), Rain (mm), Wind Speed (km/h)

                                      Heat  Cool        Avg
    Mean                              Deg   Deg         Wind                 Dom
Day Temp  High   Time   Low    Time   Days  Days  Rain  Speed High   Time    Dir
----------------------------------------------------------------------------------
 1  13,7  17,2   15:54  10,9   23:53   4,6   0,0   0,4   5,7  32,2   14:40   ONO
 2  10,1  14,3   16:58   6,1   08:25   8,2   0,0   0,0   1,0  14,5   00:04     N
 3   9,8  15,4   15:01   5,7   04:21   8,5   0,0   6,0   1,5  25,7   14:49     O
 4  10,5  15,1   15:57   6,3   08:04   7,8   0,0   1,0   4,2  35,4   15:44   SSO
 5  15,1  17,9   15:12  13,2   01:46   3,2   0,0  11,6   8,6  38,6   04:45   SSO
 6  14,6  17,9   15:32  11,3   23:55   3,7   0,0   7,8   8,5  45,1   15:42   SSO
 7  12,1  15,9   14:53   8,3   08:02   6,2   0,0   0,0   4,3  30,6   17:42    SO
 8  13,0  15,4   12:25  11,0   02:35   5,3   0,0   7,8   7,7  46,7   14:33   SSO
 9  13,1  16,1   15:12   9,9   06:36   5,2   0,0  24,8   9,4  54,7   16:30    SO
10  11,5  14,3   17:04   8,8   08:21   6,8   0,0   0,0   9,9  49,9   00:55     O
11  10,5  14,8   22:27   6,4   07:26   7,8   0,0   2,6   5,3  37,0   14:28    SO
12  13,7  17,3   17:27  11,2   07:15   4,6   0,0   1,6   2,1  24,1   17:50    SO
13  16,0  17,5   15:07  15,3   02:05   2,3   0,0   0,4   8,4  33,8   14:27    SO
14  15,5  18,4   14:59  13,9   08:13   2,8   0,0   0,8   6,0  35,4   18:13   SSO
15  13,9  15,0   12:40  11,5   23:48   4,4   0,0   0,0   4,9  32,2   05:41   ONO
16  12,4  16,8   16:57   8,8   08:28   5,9   0,0   0,0   1,0  12,9   15:51   NNO
17  11,7  15,7   15:55   8,6   08:21   6,6   0,0   0,4   1,0  19,3   11:55   NNE
18  12,6  16,7   15:06   9,8   09:08   5,7   0,0   2,8   2,4  30,6   18:19    NO
19  12,3  17,8   16:51   7,8   06:33   6,0   0,0   0,0   0,9  14,5   13:39    SO
20  11,2  14,7   17:38   6,8   09:27   7,1   0,0   0,0   0,9  11,3   11:23   SSO
21  13,1  16,1   17:41  10,5   08:05   5,2   0,0   1,2   3,6  22,5   15:19    NO
22  11,6  16,5   17:04   7,2   08:13   6,7   0,0   0,0   1,2  19,3   13:32    NE
23  12,9  20,1   15:56   7,2   07:00   5,6   0,2   0,0   4,8  33,8   19:47   SSE
24  12,6  16,9   17:14   9,8   08:45   5,7   0,0   4,0   3,7  41,8   00:46   OSO
25  12,0  14,8   18:24   8,9   06:42   6,3   0,0   0,0   1,0  19,3   14:24   SSO
26  12,6  17,5   16:38   7,9   05:12   5,7   0,0   0,2   2,4  25,7   17:31   NNO
27  13,2  17,1   16:29   9,8   07:34   5,1   0,0   0,0   0,6  12,9   15:36   ONO
28  13,9  19,3   16:23   8,3   08:36   4,5   0,0   0,0   3,5  33,8   15:48   OSO
----------------------------------------------------------------------------------
    12,7  20,1    23     5,7     3   157,5   0,2  73,4   4,1  54,7     9      SO

Max >=  30,0:  0
Max <=  20,0: 27
Min <=  30,0: 28
Min <=   0,0:  0
Max Rain: 24,8 on day 9
Days of Rain: 16 (>= 0,2 mm)  8 (>= 2,0 mm)  1 (>= 20,0 mm)
Heat Base: 18,3  Cool Base: 18,3  Method: Integration