Temperatura máxima Desde: 22-08-2017 11:00 Hasta: 18:59 Aviso por: Temperatura máxima Nivel: Amarillo info button
 

Informes Estilo NOAA


Informe 2014 Marzo
                   Monthly Climatological Summary for mar 2014

Name: tiempoensevilla.es   City: Sevilla   State: España
Elevation: 6 m  Lat: N 37° 23' 01"   Lon: W 005° 59' 08"

                  Temperature (°C), Rain (mm), Wind Speed (km/h)

                                      Heat  Cool        Avg
    Mean                              Deg   Deg         Wind                 Dom
Day Temp  High   Time   Low    Time   Days  Days  Rain  Speed High   Time    Dir
----------------------------------------------------------------------------------
 1  14,8  18,6   14:58  11,7   08:40   3,5   0,0   0,0   7,6  40,2   15:46   OSO
 2  16,0  19,6   15:49  13,8   04:33   2,4   0,1   0,0   9,1  38,6   16:56   OSO
 3  14,3  17,3   17:06  11,7   23:51   4,0   0,0   0,4   7,2  35,4   15:20     O
 4  12,9  17,8   16:36   6,8   07:12   5,4   0,0   0,0   3,6  24,1   14:42     O
 5  15,7  21,8   14:56  10,3   06:15   3,3   0,6   0,0   1,6  29,0   10:08    SO
 6  16,8  23,6   16:50  10,5   07:46   2,9   1,4   0,0   3,1  24,1   09:49    NE
 7  16,7  22,8   15:01  10,8   07:45   2,6   1,0   0,0   4,0  30,6   17:47   ENE
 8  17,0  24,7   17:58  10,7   07:50   3,0   1,7   0,0   3,7  24,1   11:06    NE
 9  15,9  23,0   16:35  10,8   07:48   3,3   0,9   0,0   3,3  20,9   16:52    NE
10  15,0  20,7   16:13   9,3   07:46   3,7   0,4   0,0   9,7  48,3   12:48   ENE
11  15,6  22,7   16:01   8,6   06:46   3,8   1,0   0,0   8,6  43,5   16:06   ENE
12  15,7  20,3   17:29  11,3   07:51   2,9   0,3   0,0   5,8  33,8   19:45   ENE
13  15,1  19,8   15:52  10,3   05:24   3,4   0,2   0,2   3,6  24,1   11:23   ENE
14  14,8  19,6   16:16  10,3   08:08   3,6   0,1   0,0   3,1  24,1   14:10    NE
15  16,4  22,7   17:53  10,0   07:46   3,1   1,2   0,0   2,9  24,1   14:46    NE
16  17,7  25,9   17:36   9,9   07:53   2,7   2,1   0,0   1,8  17,7   11:50    NE
17  18,8  26,8   17:30  11,4   08:02   2,1   2,6   0,0   2,4  24,1   07:51   NNE
18  17,8  26,6   17:19  10,7   07:27   2,5   1,9   0,0   1,3  20,9   19:15    SO
19  16,4  22,7   14:55  11,2   08:23   2,7   0,8   0,0   2,6  27,4   16:32   SSO
20  16,3  21,4   17:09  12,3   07:46   2,6   0,5   0,0   2,3  22,5   19:48    SO
21  15,8  22,3   16:16  11,2   06:04   3,2   0,7   0,0   2,1  22,5   19:54   SSO
22  14,7  21,4   17:35  11,1   06:37   3,9   0,3   1,0   2,8  27,4   19:26   ONO
23  14,1  19,9   17:34   8,3   07:25   4,4   0,2   0,0   3,8  24,1   10:20   NNO
24  15,0  21,5   16:21   9,7   07:15   3,7   0,4   0,0   2,8  33,8   16:39     O
25  15,2  21,1   14:51  10,7   07:12   3,5   0,4   0,0   5,3  35,4   18:33   ONO
26  14,2  18,3   17:40  10,0   07:19   4,1   0,0   0,0   6,0  32,2   02:40   ONO
27  12,7  17,1   15:06   7,6   07:01   5,6   0,0   0,0   5,2  29,0   15:39    SO
28  10,3  12,6   00:00   8,9   06:05   7,9   0,0  20,4   3,1  24,1   01:47   ESE
29  12,1  17,1   17:13   9,1   03:59   6,2   0,0   0,4   3,9  33,8   16:47    SO
30  12,8  17,9   16:18   8,0   08:38   5,3   0,0   0,6   3,4  37,0   18:17   SSO
31  16,1  20,5   14:45  12,7   08:10   2,6   0,4  14,0   5,8  35,4   14:45   SSO
----------------------------------------------------------------------------------
    15,2  26,8    17     6,8     4   113,9  19,2  37,0   4,2  48,3    10      NO

Max >=  30,0:  0
Max <=  20,0: 12
Min <=  30,0: 31
Min <=   0,0:  0
Max Rain: 20,4 on day 28
Days of Rain: 7 (>= 0,2 mm)  2 (>= 2,0 mm)  1 (>= 20,0 mm)
Heat Base: 18,3  Cool Base: 18,3  Method: Integration