No se requiere un especial cuidado respecto a la situación meteorológica.   -   No hay avisos

Informes Estilo NOAA


Informe 2014 Mayo
                   Monthly Climatological Summary for may 2014

Name: tiempoensevilla.es   City: Sevilla   State: España
Elevation: 6 m  Lat: N 37° 23' 01"   Lon: W 005° 59' 08"

                  Temperature (°C), Rain (mm), Wind Speed (km/h)

                                      Heat  Cool        Avg
    Mean                              Deg   Deg         Wind                 Dom
Day Temp  High   Time   Low    Time   Days  Days  Rain  Speed High   Time    Dir
----------------------------------------------------------------------------------
 1  25,4  32,0   19:25  17,7   08:24   0,0   7,1   0,0   3,5  24,1   12:20     N
 2  26,5  32,4   17:25  20,0   08:04   0,0   8,2   0,0   5,0  33,8   15:58    NE
 3  24,6  29,7   18:37  18,6   08:03   0,0   6,3   0,0   6,1  37,0   10:19    NE
 4  23,8  31,3   17:54  15,4   08:29   0,3   5,8   0,0   2,5  24,1   14:25    NE
 5  24,5  32,6   17:12  16,3   08:08   0,1   6,3   0,0   2,4  24,1   21:31     N
 6  25,3  33,5   18:11  16,5   07:23   0,1   7,1   0,0   2,6  24,1   08:30     N
 7  24,9  32,7   18:02  18,2   06:41   0,0   6,6   0,0   2,1  17,7   19:34    SO
 8  24,0  28,9   17:41  18,7   09:09   0,0   5,7   0,0   4,1  24,1   13:25   SSO
 9  23,6  30,7   18:08  18,5   07:25   0,0   5,3   0,0   3,6  27,4   20:28   SSO
10  25,2  34,0   17:39  19,4   05:14   0,0   7,0   0,0   2,3  24,1   19:03   SSO
11  27,6  35,7   17:55  20,6   06:53   0,0   9,3   0,0   1,9  16,1   15:36     N
12  28,1  34,2   18:28  21,3   07:07   0,0   9,8   0,0   4,1  24,1   21:53    SO
13  26,2  35,1   17:42  20,1   05:01   0,0   7,9   0,0   4,0  30,6   21:31    SO
14  25,1  32,9   17:46  18,8   07:41   0,0   6,8   0,0   3,9  33,8   18:57     E
15  24,2  32,4   17:27  17,9   07:06   0,0   5,9   0,0   5,0  22,5   18:53   ENE
16  23,0  29,6   18:22  16,1   07:07   0,2   4,9   0,0   3,1  22,5   20:16   SSE
17  22,4  29,3   18:02  17,3   08:12   0,1   4,2   0,0   4,4  33,8   19:09   OSO
18  21,6  28,1   18:00  17,1   04:38   0,2   3,5   0,0   4,1  32,2   18:19    SO
19  19,7  23,5   13:26  17,2   06:54   0,2   1,6   0,0   7,9  45,1   16:18   SSO
20  18,4  21,9   17:06  15,8   07:01   0,7   0,8   0,0   6,3  35,4   15:13   SSO
21  17,2  20,7   15:56  13,6   06:36   1,5   0,3  10,4   9,8  46,7   14:40    SO
22  17,7  22,4   16:25  13,9   07:51   1,6   1,0   0,0   3,6  33,8   18:19    SO
23  18,6  22,8   20:25  14,9   07:22   1,1   1,4   0,0   2,0  19,3   21:09   OSO
24  19,9  24,9   17:16  15,3   06:42   0,6   2,2   0,0   3,5  33,8   19:17   OSO
25  18,6  24,7   18:04  13,3   07:28   1,4   1,7   0,0   3,3  33,8   18:54    SO
26  19,8  27,0   19:27  13,3   07:22   1,2   2,7   0,0   3,6  24,1   20:35   ONO
27  20,5  25,7   18:01  15,5   08:06   0,4   2,6   0,0   4,9  30,6   18:45   OSO
28  20,8  25,4   18:59  16,6   07:41   0,3   2,8   0,0   4,9  29,0   11:02     O
29  21,9  29,2   17:16  16,1   07:09   0,3   3,9   0,0   4,1  30,6   19:01     O
30  23,5  29,9   18:21  18,1   07:29   0,0   5,2   0,0   4,3  22,5   15:14    NO
31  23,8  30,5   17:36  19,4   07:58   0,0   5,5   0,0   3,3  30,6   19:39    SO
----------------------------------------------------------------------------------
    22,8  35,7    11    13,3    25    10,3 149,4  10,4   4,1  46,7    21     OSO

Max >=  30,0: 14
Max <=  20,0:  0
Min <=  30,0: 31
Min <=   0,0:  0
Max Rain: 10,4 on day 21
Days of Rain: 1 (>= 0,2 mm)  1 (>= 2,0 mm)  0 (>= 20,0 mm)
Heat Base: 18,3  Cool Base: 18,3  Method: Integration