Temperatura máxima Desde: 11-07-2020 12:00 Hasta: 19:59 Aviso por: Temperatura máxima Nivel: Naranja info button
español:
Temperatura máxima: 40 ºC.

Esté preparado. Tome precauciones y manténgase informado de la predicción meteorológica más actualizada. Las actividades habituales pueden verse alteradas y las realizadas al aire libre, interrumpidas.

english:
Maximum temperature: 40 ºC.

Be prepared. Take precautions and keep up to date with the latest weather forecast. Expect some disruption to daily routines and be prepared for disruption to outdoor activities. 

Informes Estilo NOAA


Informe 2014 Diciembre
                   Monthly Climatological Summary for dic 2014

Name: tiempoensevilla.es   City: Sevilla   State: España
Elevation: 6 m  Lat: N 37° 23' 01"   Lon: W 005° 59' 08"

                  Temperature (°C), Rain (mm), Wind Speed (km/h)

                                      Heat  Cool        Avg
    Mean                              Deg   Deg         Wind                 Dom
Day Temp  High   Time   Low    Time   Days  Days  Rain  Speed High   Time    Dir
----------------------------------------------------------------------------------
 1  14,5  18,7   16:39  11,3   06:26   3,8   0,0   0,0   1,6  19,3   15:04   SSO
 2  14,4  18,6   14:58  11,2   08:02   3,9   0,0   0,0   0,3  11,3   04:03    NE
 3  12,5  16,2   15:28   9,0   07:41   5,8   0,0   0,0   0,4  19,3   11:30   NNE
 4  12,7  16,7   16:20   9,4   08:55   5,6   0,0   0,0   0,2  12,9   21:23    SO
 5  11,4  15,6   16:53   8,1   08:48   6,9   0,0   0,0   0,1   9,7   15:14   SSE
 6  10,1  14,7   16:30   6,8   08:48   8,2   0,0   0,2   0,9  17,7   12:49   NNE
 7  10,0  14,3   15:57   6,3   08:30   8,3   0,0   0,0   1,8  29,0   13:15    NE
 8  10,2  16,0   16:57   5,5   08:33   8,1   0,0   0,0   2,4  20,9   12:53    NE
 9  10,2  13,7   16:06   6,7   07:57   8,1   0,0   0,0   1,9  17,7   22:07   NNE
10  10,6  15,9   16:13   6,6   08:33   7,7   0,0   0,0   3,8  24,1   13:04    NE
11  10,6  17,0   17:02   5,8   09:14   7,7   0,0   0,0   2,6  19,3   13:51   NNE
12  10,1  14,6   16:15   5,8   08:51   8,2   0,0   0,0   1,5  11,3   12:10     N
13  13,4  16,7   14:32  11,7   21:48   4,9   0,0  36,6   3,5  46,7   12:44   SSE
14  11,7  13,1   11:07  10,4   07:22   6,6   0,0   4,8   5,5  32,2   10:57   ESE
15  12,6  17,7   16:12   9,3   07:54   5,7   0,0   0,6   1,4  24,1   13:33   NNE
16  12,0  15,5   15:29   9,0   08:11   6,3   0,0   0,0   1,1  14,5   10:46     S
17  10,7  13,4   16:17   8,7   09:36   7,6   0,0   0,0   2,0  19,3   11:17    NE
18  10,1  15,6   16:49   6,8   09:10   8,2   0,0   0,2   1,8  12,9   12:08   NNE
19  10,1  16,2   15:34   6,8   08:51   8,2   0,0   0,4   0,9  11,3   17:56     S
20  10,3  16,3   16:52   6,1   10:26   8,0   0,0   0,0   1,3  12,9   21:15   NNE
21  11,3  17,6   16:07   5,9   04:19   7,0   0,0   0,2   1,0  11,3   12:08    NE
22  12,1  17,8   16:08   8,1   08:08   6,2   0,0   0,0   4,3  20,9   13:28   NNE
23  11,9  16,9   16:42   8,1   08:45   6,4   0,0   0,0   3,4  17,7   10:00   NNE
24  11,6  17,1   16:21   7,2   08:18   6,7   0,0   0,0   1,7  20,9   11:25   NNE
25  11,0  15,3   15:50   7,2   08:47   7,3   0,0   0,0   1,7  14,5   13:56   NNE
26  10,7  16,1   16:42   6,3   09:20   7,6   0,0   0,0   1,9  19,3   12:30   NNE
27   9,4  13,7   14:41   5,3   07:33   8,9   0,0   0,0   0,7  12,9   06:34    SO
28   9,7  16,2   16:15   3,9   09:16   8,6   0,0   0,2   2,2  20,9   16:22    SO
29   9,4  12,2   15:51   6,3   22:35   8,9   0,0   0,0   5,9  43,5   13:44    NE
30   7,6  12,5   16:55   3,3   08:44  10,7   0,0   0,0   5,1  27,4   11:29    NE
31   8,4  14,7   16:40   3,8   08:23   9,9   0,0   0,0   4,1  20,9   05:24    NE
----------------------------------------------------------------------------------
    11,0  18,7     1     3,3    30   226,0   0,0  43,2   2,2  46,7    13      NE

Max >=  30,0:  0
Max <=  20,0: 31
Min <=  30,0: 31
Min <=   0,0:  0
Max Rain: 36,6 on day 13
Days of Rain: 8 (>= 0,2 mm)  2 (>= 2,0 mm)  1 (>= 20,0 mm)
Heat Base: 18,3  Cool Base: 18,3  Method: Integration