Temperatura máxima Desde: 18-08-2017 10:00 Hasta: 18:59 Aviso por: Temperatura máxima Nivel: Amarillo info button
 

Informes Estilo NOAA


Informe 2015 Junio
                   Monthly Climatological Summary for jun 2015

Name: tiempoensevilla.es   City: Sevilla   State: España
Elevation: 6 m  Lat: N 37° 23' 01"   Lon: W 005° 59' 08"

                  Temperature (°C), Rain (mm), Wind Speed (km/h)

                                      Heat  Cool        Avg
    Mean                              Deg   Deg         Wind                 Dom
Day Temp  High   Time   Low    Time   Days  Days  Rain  Speed High   Time    Dir
----------------------------------------------------------------------------------
 1  24,9  31,8   17:49  19,3   06:41   0,0   6,6   0,0   3,2  27,4   18:08   SSO
 2  27,3  35,3   19:20  20,4   06:51   0,0   9,0   0,0   1,6  24,1   19:54     S
 3  28,8  36,1   17:21  21,3   07:31   0,0  10,5   0,0   4,3  33,8   16:22     E
 4  28,1  35,2   16:58  21,0   06:21   0,0   9,8   0,0   3,1  27,4   15:04   ESE
 5  28,0  34,5   18:10  20,4   07:22   0,0   9,7   0,0   2,7  17,7   05:01   OSO
 6  28,9  35,0   16:27  22,3   07:28   0,0  10,6   0,0   2,8  29,0   19:33     S
 7  28,4  35,6   16:43  21,5   07:17   0,0  10,1   0,0   3,9  32,2   15:58   ENE
 8  26,5  32,9   13:56  21,7   06:33   0,0   8,2   0,0   3,3  25,7   19:41    NO
 9  25,7  31,4   16:34  20,9   07:48   0,0   7,4   0,0   2,8  30,6   16:43   SSO
10  23,6  27,8   16:03  20,4   07:11   0,0   5,3   0,0   4,1  32,2   17:04   SSO
11  21,1  24,0   19:00  19,4   06:49   0,0   2,8   0,0   3,4  27,4   18:25    SO
12  21,2  24,7   15:59  19,1   02:50   0,0   2,9   0,0   2,7  29,0   16:49   SSO
13  19,8  23,8   15:48  16,8   05:02   0,3   1,8   0,0   3,2  32,2   15:03    SO
14  19,6  23,1   17:19  16,9   06:25   0,3   1,6   1,0   3,3  38,6   19:43   SSO
15  20,6  25,2   20:05  16,5   07:42   0,3   2,6   0,4   2,4  27,4   14:14   OSO
16  23,3  30,9   20:34  17,3   07:36   0,2   5,2   0,0   2,3  20,9   13:43   NNE
17  27,0  34,6   19:10  20,1   06:49   0,0   8,7   0,0   2,6  24,1   15:10    NE
18  27,5  34,8   20:08  20,8   08:14   0,0   9,2   0,0   2,9  25,7   21:19    SO
19  28,3  37,2   20:08  21,3   07:43   0,0  10,0   0,0   2,8  22,5   21:56   ONO
20  29,5  37,0   17:35  22,9   08:11   0,0  11,2   0,0   2,6  29,0   19:43    SO
21  27,5  32,3   17:50  22,4   08:34   0,0   9,2   1,4   1,9  24,1   17:18    SO
22  24,3  29,4   18:32  21,2   05:12   0,0   6,0   0,0   3,8  29,0   19:46     S
23  24,9  32,1   18:44  19,1   06:25   0,0   6,6   0,0   3,8  41,8   19:43    SO
24  25,1  31,3   17:28  19,4   05:45   0,0   6,8   0,0   2,6  30,6   18:11   SSO
25  26,7  34,9   16:15  19,2   05:32   0,0   8,4   0,0   2,0  20,9   17:05   SSO
26  30,5  39,2   18:45  21,9   07:18   0,0  12,2   0,0   3,6  29,0   14:50     E
27  33,2  41,4   17:28  24,2   06:56   0,0  14,9   0,0   3,7  25,7   18:19   ENE
28  33,5  40,8   17:02  25,1   08:03   0,0  15,2   0,0   2,1  20,9   17:57    SO
29  29,1  35,9   18:03  22,1   07:32   0,0  10,8   0,0   2,9  20,9   19:54   SSO
30  25,7  30,6   18:07  22,0   07:58   0,0   7,4   0,0   3,6  32,2   15:17   SSO
----------------------------------------------------------------------------------
    26,3  41,4    27    16,5    15     1,1 240,7   2,8   3,0  41,8    23     SSO

Max >=  30,0: 23
Max <=  20,0:  0
Min <=  30,0: 30
Min <=   0,0:  0
Max Rain: 1,4 on day 21
Days of Rain: 3 (>= 0,2 mm)  0 (>= 2,0 mm)  0 (>= 20,0 mm)
Heat Base: 18,3  Cool Base: 18,3  Method: Integration