Temperatura máxima Desde: 11-07-2020 12:00 Hasta: 19:59 Aviso por: Temperatura máxima Nivel: Naranja info button
español:
Temperatura máxima: 40 ºC.

Esté preparado. Tome precauciones y manténgase informado de la predicción meteorológica más actualizada. Las actividades habituales pueden verse alteradas y las realizadas al aire libre, interrumpidas.

english:
Maximum temperature: 40 ºC.

Be prepared. Take precautions and keep up to date with the latest weather forecast. Expect some disruption to daily routines and be prepared for disruption to outdoor activities. 

Informes Estilo NOAA


Informe 2015 Agosto
                   Monthly Climatological Summary for ago 2015

Name: tiempoensevilla.es   City: Sevilla   State: España
Elevation: 6 m  Lat: N 37° 23' 01"   Lon: W 005° 59' 08"

                  Temperature (°C), Rain (mm), Wind Speed (km/h)

                                      Heat  Cool        Avg
    Mean                              Deg   Deg         Wind                 Dom
Day Temp  High   Time   Low    Time   Days  Days  Rain  Speed High   Time    Dir
----------------------------------------------------------------------------------
 1  27,5  35,9   20:05  20,9   07:21   0,0   9,2   0,0   1,0  19,3   00:33   OSO
 2  29,9  37,7   17:56  22,9   07:27   0,0  11,6   0,0   2,8  22,5   00:53    SO
 3  28,6  31,8   17:29  23,4   23:28   0,0  10,3   0,0   3,9  27,4   14:30    SO
 4  28,1  37,7   18:25  22,7   08:24   0,0   9,8   0,0   1,6  20,9   00:01   SSO
 5  29,8  37,7   17:30  23,3   03:55   0,0  11,5   0,0   1,7  24,1   18:04   SSO
 6  30,5  37,6   18:23  23,6   02:59   0,0  12,2   0,0   1,2  20,9   02:31   SSO
 7  33,2  39,4   17:12  28,3   05:59   0,0  14,9   0,0   2,3  19,3   01:23     O
 8  31,5  36,7   17:42  26,1   10:28   0,0  13,2   0,0   2,4  24,1   08:25   ENE
 9  31,3  34,1   13:26  27,4   07:45   0,0  13,0   0,0   3,6  25,7   15:22   NNE
10  30,8  36,7   15:42  24,1   23:37   0,0  12,5   0,0   3,5  33,8   17:18   SSO
11  26,5  32,3   15:59  22,6   08:07   0,0   8,2   0,0   3,4  30,6   16:39   SSO
12  27,9  35,2   19:00  22,0   06:23   0,0   9,6   0,0   2,0  25,7   20:33    SO
13  27,8  33,9   17:08  21,3   08:47   0,0   9,5   0,0   4,3  27,4   21:26   ONO
14  24,7  30,3   16:55  19,8   07:32   0,0   6,4   0,0   2,7  32,2   18:24    SO
15  24,0  30,1   15:58  19,8   05:28   0,0   5,7   0,0   3,2  38,6   16:58   SSO
16  25,8  31,4   18:01  20,9   06:44   0,0   7,5   0,0   2,7  33,8   18:21   SSO
17  25,4  31,0   16:31  21,2   23:59   0,0   7,1   0,0   2,6  32,2   18:37   SSO
18  23,9  30,6   15:51  19,7   06:37   0,0   5,6   0,0   3,3  29,0   18:18   SSO
19  25,9  33,8   18:34  19,9   03:54   0,0   7,6   0,0   1,2  20,9   00:20   SSO
20  29,2  36,8   18:12  22,9   08:13   0,0  10,9   0,0   3,1  29,0   20:12   SSO
21  28,8  33,8   17:01  25,3   07:32   0,0  10,5   0,0   3,2  29,0   18:38    SO
22  23,7  28,9   18:07  20,9   09:41   0,0   5,4   0,0   3,8  30,6   18:54    SO
23  23,4  29,3   17:13  19,4   06:11   0,0   5,1   0,0   3,6  38,6   19:44    SO
24  23,7  28,8   18:45  18,6   07:44   0,0   5,4   0,0   2,3  24,1   19:42    SO
25  26,7  34,9   19:03  20,4   07:55   0,0   8,4   0,0   1,7  24,1   21:56   NNE
26  26,3  33,8   17:50  20,6   07:01   0,0   8,0   0,0   2,2  24,1   19:08   SSO
27  27,5  35,2   17:11  21,5   04:10   0,0   9,2   0,0   1,9  25,7   19:11   SSO
28  29,8  39,6   19:10  22,9   07:34   0,0  11,5   0,0   2,4  24,1   21:58   ONO
29  30,5  36,6   15:09  25,4   08:47   0,0  12,2   0,0   2,1  22,5   18:25    SO
30  29,6  35,7   15:51  25,4   08:07   0,0  11,3   0,0   2,7  22,5   03:41    SO
31  25,8  31,1   18:13  22,3   23:53   0,0   7,5   0,0   2,7  24,1   16:58   SSO
----------------------------------------------------------------------------------
    27,7  39,6    28    18,6    24     0,0 290,8   0,0   2,6  38,6    15      SO

Max >=  30,0: 28
Max <=  20,0:  0
Min <=  30,0: 31
Min <=   0,0:  0
Max Rain: 0,0 on day 0
Days of Rain: 0 (>= 0,2 mm)  0 (>= 2,0 mm)  0 (>= 20,0 mm)
Heat Base: 18,3  Cool Base: 18,3  Method: Integration