Temperatura máxima Desde: 22-08-2017 11:00 Hasta: 18:59 Aviso por: Temperatura máxima Nivel: Amarillo info button
 

Informes Estilo NOAA


Informe 2015 Diciembre
                   Monthly Climatological Summary for dic 2015

Name: tiempoensevilla.es   City: Sevilla   State: España
Elevation: 6 m  Lat: N 37° 23' 01"   Lon: W 005° 59' 08"

                  Temperature (°C), Rain (mm), Wind Speed (km/h)

                                      Heat  Cool        Avg
    Mean                              Deg   Deg         Wind                 Dom
Day Temp  High   Time   Low    Time   Days  Days  Rain  Speed High   Time    Dir
----------------------------------------------------------------------------------
 1  13,2  19,6   16:06   8,3   06:56   5,1   0,0   0,0   2,4  17,7   10:06   NNE
 2  13,5  19,4   16:50   9,1   07:31   4,9   0,1   0,0   2,7  16,1   09:37   NNE
 3  15,1  22,9   16:30  10,0   06:25   3,9   0,7   0,0   3,7  22,5   10:55   NNE
 4  15,0  22,2   16:31   9,4   08:54   3,9   0,6   0,0   2,0  16,1   10:55   NNE
 5  15,0  22,1   15:34  10,6   08:19   3,7   0,5   0,0   1,6  16,1   08:43   NNE
 6  13,5  19,5   16:08   7,8   09:00   4,9   0,1   0,0   2,0  14,5   16:02     N
 7  13,3  17,1   16:41  10,2   04:12   5,0   0,0   0,0   4,7  22,5   11:15   NNE
 8  14,6  18,6   15:27  11,3   07:56   3,7   0,0   0,0   3,1  16,1   14:02    NE
 9  15,9  21,2   15:22  11,4   06:03   2,9   0,5   0,0   6,6  27,4   09:29    NE
10  16,7  21,7   14:44  13,5   06:14   2,3   0,6   0,0   2,6  24,1   16:20   ENE
11  15,2  20,5   14:52  11,8   05:28   3,4   0,3   0,0   3,3  17,7   01:17    NE
12  14,0  18,3   15:56  10,1   08:55   4,3   0,0   0,8   2,0  19,3   18:53   NNE
13  13,3  15,2   15:58  12,0   05:34   5,0   0,0   1,8   1,3   9,7   11:52   NNE
14  14,5  18,2   17:06  12,1   00:43   3,8   0,0   0,0   1,1   9,7   03:46   NNE
15  14,8  21,1   16:06  10,2   07:16   3,9   0,4   0,0   2,8  14,5   09:47   NNE
16  15,3  21,6   16:20  10,2   06:21   3,6   0,5   0,0   3,9  19,3   04:35   NNE
17  14,1  21,2   15:58   9,6   09:06   4,5   0,3   0,0   1,4  14,5   10:13   NNE
18  13,6  20,3   16:16   9,6   08:13   4,9   0,2   0,0   2,6  17,7   11:56   NNE
19  13,7  21,7   16:33   8,3   08:39   4,9   0,4   0,0   2,4  17,7   05:47   NNE
20  14,3  18,8   15:15  10,7   03:51   4,1   0,1   0,0   2,2  17,7   14:10     N
21  15,3  20,1   16:40  11,6   08:09   3,3   0,2   0,0   3,3  20,9   11:30    NE
22  14,0  20,1   17:07   9,6   08:32   4,5   0,2   0,0   2,5  14,5   10:05   NNE
23  12,7  18,6   16:22   7,9   09:14   5,6   0,0   0,0   1,0  11,3   09:01     N
24  13,1  19,0   17:14   9,6   02:39   5,2   0,0   0,0   1,7  14,5   11:54     N
25  12,5  18,8   17:19   7,8   09:07   5,8   0,0   0,0   2,5  19,3   11:39   NNE
26  12,6  18,7   16:39   7,8   08:25   5,7   0,0   0,0   3,3  19,3   18:25    NE
27  14,4  19,9   16:31  10,3   08:26   4,1   0,2   0,0   3,2  19,3   06:34   NNE
28  14,3  18,8   16:11  10,9   05:15   4,0   0,0   1,6   2,2  25,7   20:10     S
29  15,0  18,7   16:47  11,6   10:02   3,4   0,0   6,0   1,0  17,7   00:00    SO
30  12,2  16,1   16:32   8,1   07:52   6,1   0,0   0,0   0,9  14,5   10:19    NE
31  15,3  17,8   12:49  13,4   02:13   3,0   0,0   5,8   1,4  19,3   10:41   SSO
----------------------------------------------------------------------------------
    14,2  22,9     3     7,8     6   133,4   5,9  16,0   2,5  27,4     9     NNE

Max >=  30,0:  0
Max <=  20,0: 18
Min <=  30,0: 31
Min <=   0,0:  0
Max Rain: 6,0 on day 29
Days of Rain: 5 (>= 0,2 mm)  2 (>= 2,0 mm)  0 (>= 20,0 mm)
Heat Base: 18,3  Cool Base: 18,3  Method: Integration