Temperatura máxima Desde: 11-07-2020 12:00 Hasta: 19:59 Aviso por: Temperatura máxima Nivel: Naranja info button
español:
Temperatura máxima: 40 ºC.

Esté preparado. Tome precauciones y manténgase informado de la predicción meteorológica más actualizada. Las actividades habituales pueden verse alteradas y las realizadas al aire libre, interrumpidas.

english:
Maximum temperature: 40 ºC.

Be prepared. Take precautions and keep up to date with the latest weather forecast. Expect some disruption to daily routines and be prepared for disruption to outdoor activities. 

Informes Estilo NOAA


Informe 2016 Enero
                   Monthly Climatological Summary for ene 2016

Name: tiempoensevilla.es   City: Sevilla   State: España
Elevation: 6 m  Lat: N 37° 23' 01"   Lon: W 005° 59' 08"

                  Temperature (°C), Rain (mm), Wind Speed (km/h)

                                      Heat  Cool        Avg
    Mean                              Deg   Deg         Wind                 Dom
Day Temp  High   Time   Low    Time   Days  Days  Rain  Speed High   Time    Dir
----------------------------------------------------------------------------------
 1  16,3  18,3   15:32  15,4   00:00   2,0   0,0   7,2   3,9  30,6   16:36   SSO
 2  15,6  18,3   16:45  13,4   09:34   2,7   0,0   0,0   0,7  19,3   00:33   OSO
 3  14,7  17,1   16:38  12,6   06:31   3,6   0,0   0,8   2,3  22,5   19:10   SSO
 4  17,3  19,0   15:21  16,0   23:45   1,1   0,1   0,8   7,9  41,8   13:34    SO
 5  12,8  16,2   01:19   8,8   23:31   5,5   0,0  16,6   3,2  51,5   16:13     O
 6  11,2  15,8   17:33   7,5   03:27   7,1   0,0   0,0   1,5  16,1   03:57    SO
 7  14,3  16,4   15:22  12,7   02:18   4,0   0,0   0,2   2,0  24,1   15:23    SO
 8  15,3  17,2   15:13  12,4   09:39   3,0   0,0   1,0   2,8  25,7   12:55   SSO
 9  14,9  16,9   16:28  13,2   09:21   3,4   0,0  12,2   2,8  33,8   03:12    SO
10  14,8  17,3   13:04  11,9   06:03   3,5   0,0   0,6   6,5  45,1   14:43   SSO
11  14,6  17,0   09:31  12,9   11:12   3,7   0,0   5,6   4,6  35,4   09:31    SO
12  11,8  15,8   16:34   8,1   08:40   6,5   0,0   0,4   0,7  14,5   14:58   NNE
13  11,7  16,9   16:18   7,8   07:40   6,6   0,0   0,0   2,5  19,3   11:12    NE
14  10,9  14,4   16:37   7,4   08:42   7,4   0,0   0,0   1,0  11,3   08:51   NNE
15  13,7  17,6   15:19  10,7   23:57   4,6   0,0   0,0   2,5  25,7   16:31   NNO
16  10,2  14,0   16:30   6,6   08:28   8,1   0,0   0,0   6,4  45,1   13:43   ENE
17   9,4  13,3   15:45   6,3   04:07   8,9   0,0   0,0   3,9  25,7   01:29    NE
18  11,4  15,8   16:13   7,8   07:24   6,9   0,0   0,0   1,0  16,1   16:49    SO
19  10,7  13,9   16:24   7,6   08:35   7,6   0,0   0,0   0,3   9,7   16:31   SSO
20  12,3  17,1   16:28   9,1   07:48   6,0   0,0   4,0   1,9  17,7   07:46   NNE
21  12,8  14,1   17:57  11,3   08:33   5,5   0,0   1,8   1,3  11,3   10:18    NE
22  15,3  18,9   17:22  13,1   01:32   3,0   0,0   0,0   3,0  19,3   12:48    NE
23  16,1  21,5   16:26  12,2   09:07   2,7   0,6   0,0   2,4  16,1   11:36    NE
24  15,4  20,5   16:48  11,3   07:53   3,2   0,3   0,0   1,4  17,7   09:42   NNE
25  14,6  19,1   16:28  11,2   07:51   3,8   0,1   0,2   1,5  16,1   16:14   OSO
26  13,0  15,9   17:34  10,5   09:10   5,3   0,0   4,8   0,4  12,9   00:01   OSO
27  12,4  17,1   15:26   8,2   08:45   5,9   0,0   0,2   1,5  16,1   10:25    NE
28  11,6  14,7   18:02   8,3   05:41   6,7   0,0   0,0   1,6  11,3   04:45   NNE
29  12,2  17,2   16:14   8,7   09:09   6,1   0,0   0,0   2,0  20,9   13:05   NNE
30  12,4  18,6   16:54   7,7   08:44   5,9   0,0   0,0   0,5  11,3   02:14   NNE
31  12,8  17,9   16:50   8,6   08:22   5,5   0,0   0,0   2,0  20,9   14:18    NE
----------------------------------------------------------------------------------
    13,3  21,5    23     6,3    17   155,8   1,1  56,4   2,5  51,5     5     OSO

Max >=  30,0:  0
Max <=  20,0: 29
Min <=  30,0: 31
Min <=   0,0:  0
Max Rain: 16,6 on day 5
Days of Rain: 15 (>= 0,2 mm)  6 (>= 2,0 mm)  0 (>= 20,0 mm)
Heat Base: 18,3  Cool Base: 18,3  Method: Integration