Temperatura máxima Desde: 25-06-2017 11:00 Hasta: 16:59 Aviso por: Temperatura máxima Nivel: Amarillo info button
 

Informes Estilo NOAA


Informe 2016 Febrero
                   Monthly Climatological Summary for feb 2016

Name: tiempoensevilla.es   City: Sevilla   State: España
Elevation: 6 m  Lat: N 37° 23' 01"   Lon: W 005° 59' 08"

                  Temperature (°C), Rain (mm), Wind Speed (km/h)

                                      Heat  Cool        Avg
    Mean                              Deg   Deg         Wind                 Dom
Day Temp  High   Time   Low    Time   Days  Days  Rain  Speed High   Time    Dir
----------------------------------------------------------------------------------
 1  15,2  22,1   17:33   9,0   07:58   3,7   0,6   0,0   1,6  19,3   11:43    NE
 2  14,7  21,3   16:49  10,2   07:56   3,9   0,3   0,0   0,7  16,1   07:21     N
 3  14,3  18,4   16:31  10,4   08:20   4,0   0,0   0,0   2,7  22,5   17:18    NE
 4  14,1  19,2   16:41  10,4   06:46   4,2   0,1   0,0   7,7  35,4   16:59   ENE
 5  13,8  17,8   16:00   9,7   08:58   4,5   0,0   0,0   2,8  16,1   08:28    NE
 6  14,0  18,1   14:22  10,3   04:22   4,3   0,0   0,0   3,1  35,4   13:13    SO
 7  15,3  18,1   17:26  12,7   23:55   3,0   0,0   1,0   3,0  30,6   04:40   OSO
 8  12,8  17,6   17:33   8,9   08:53   5,5   0,0   0,0   0,3  12,9   00:48    NO
 9  14,9  17,8   13:46  12,4   08:52   3,4   0,0   0,0   3,9  35,4   14:44    SO
10  15,9  18,6   14:32  14,3   05:25   2,4   0,0   0,4   3,8  27,4   12:57    SO
11  16,9  20,0   16:36  15,0   23:54   1,6   0,2   2,2   3,7  32,2   14:02   OSO
12  15,5  17,4   14:10  12,7   02:59   2,8   0,0   0,0   5,5  40,2   13:44    SO
13  16,4  18,6   15:57  15,3   04:55   1,9   0,0   0,0   5,7  32,2   16:12    SO
14  13,3  16,5   15:06   8,4   21:37   5,0   0,0   0,8   9,7  61,2   13:51   ONO
15  11,9  15,3   16:50   8,2   03:47   6,4   0,0   0,0   7,3  41,8   15:41   NNO
16  10,1  13,7   17:38   6,7   07:45   8,2   0,0   0,0   6,1  37,0   11:37    NE
17   9,0  14,8   16:58   3,5   08:40   9,3   0,0   0,0   2,0  27,4   16:33    SO
18  10,7  13,4   15:44   8,6   06:27   7,6   0,0   8,6   2,2  24,1   11:45     N
19  11,5  16,3   17:19   7,5   07:20   6,8   0,0   0,0   3,7  33,8   11:47    NE
20  13,6  19,9   16:33   7,9   06:36   4,9   0,2   0,0   6,1  37,0   17:04   ENE
21  15,4  22,2   17:18  10,5   08:36   3,6   0,7   0,0   3,1  20,9   11:40    NE
22  14,6  20,4   15:30  10,6   05:51   3,9   0,3   0,0   2,3  19,3   17:32   SSO
23  13,6  19,3   17:11   9,3   05:55   4,8   0,0   0,0   1,1  14,5   09:55    SO
24  12,4  16,5   16:18   8,4   07:42   5,9   0,0   4,0   2,4  32,2   17:09    SO
25  13,4  16,8   15:39  10,2   07:10   4,9   0,0   0,0   3,0  24,1   17:52   OSO
26  11,0  13,8   00:00   8,1   23:58   7,3   0,0   9,6   3,2  54,7   16:36    SO
27   9,1  12,9   16:11   6,2   08:55   9,2   0,0   0,0   4,5  35,4   14:31   ONO
28  11,3  16,9   16:11   5,7   07:34   7,0   0,0   0,0   3,5  27,4   00:44    NO
29  13,2  19,4   17:22   8,1   08:00   5,1   0,0   0,0   1,7  19,3   18:33   NNO
----------------------------------------------------------------------------------
    13,4  22,2    21     3,5    17   145,1   2,4  26,6   3,7  61,2    14     ONO

Max >=  30,0:  0
Max <=  20,0: 25
Min <=  30,0: 29
Min <=   0,0:  0
Max Rain: 9,6 on day 26
Days of Rain: 7 (>= 0,2 mm)  4 (>= 2,0 mm)  0 (>= 20,0 mm)
Heat Base: 18,3  Cool Base: 18,3  Method: Integration