Temperatura máxima Desde: 22-08-2017 11:00 Hasta: 18:59 Aviso por: Temperatura máxima Nivel: Amarillo info button
 

Informes Estilo NOAA


Informe 2016 Abril
                   Monthly Climatological Summary for abr 2016

Name: tiempoensevilla.es   City: Sevilla   State: España
Elevation: 6 m  Lat: N 37° 23' 01"   Lon: W 005° 59' 08"

                  Temperature (°C), Rain (mm), Wind Speed (km/h)

                                      Heat  Cool        Avg
    Mean                              Deg   Deg         Wind                 Dom
Day Temp  High   Time   Low    Time   Days  Days  Rain  Speed High   Time    Dir
----------------------------------------------------------------------------------
 1  15,1  21,3   19:00   9,9   07:08   3,7   0,5   0,0   1,9  20,9   12:32   NNE
 2  14,5  19,7   15:00   8,5   08:22   3,9   0,2   0,0   2,3  25,7   16:15    SO
 3  13,8  18,4   17:39  10,2   07:35   4,4   0,0   0,2   2,4  32,2   18:18    SO
 4  14,1  15,9   14:47  12,2   05:00   4,2   0,0  19,5   6,5  37,0   14:38    SO
 5  14,8  21,0   17:42   9,9   06:04   3,7   0,4   0,0   4,1  25,7   12:15    NO
 6  17,2  24,4   18:29  11,4   08:45   2,4   1,3   0,0   2,4  20,9   11:59     N
 7  18,6  25,9   18:12  11,3   08:00   2,1   2,4   0,0   1,3  17,7   20:27     O
 8  17,8  21,8   17:21  13,1   07:22   1,4   0,9   0,0   4,1  40,2   13:50   NNE
 9  16,5  23,1   17:19  11,4   07:58   2,7   0,8   0,0   2,6  27,4   18:37    SO
10  14,3  17,6   15:40  11,2   07:24   4,0   0,0   1,2   5,0  40,2   17:40    SO
11  14,3  18,8   15:02  11,1   05:16   4,0   0,0   2,6   4,7  40,2   14:51    SO
12  15,0  18,1   15:26  13,2   13:34   3,3   0,0   9,8   5,1  35,4   13:31    SO
13  15,7  20,4   17:22  12,1   05:52   2,9   0,3   0,6   3,1  30,6   15:41    SO
14  17,3  22,7   18:18  13,2   06:38   2,1   1,0   0,0   1,6  20,9   17:52    SO
15  16,7  20,6   16:24  13,5   08:06   2,1   0,5   1,2   5,2  35,4   15:11    SO
16  17,0  19,8   14:46  15,8   03:49   1,4   0,1   9,4   5,8  41,8   15:20    SO
17  17,8  21,9   16:59  14,7   07:53   1,4   0,9   0,0   1,5  19,3   17:09    SO
18  19,4  28,0   18:02  12,2   07:56   2,0   3,2   0,0   2,2  22,5   14:29     E
19  17,4  21,6   00:00  15,3   15:41   1,2   0,3   5,4   1,7  22,5   18:13   OSO
20  15,0  17,2   13:38  12,0   08:07   3,3   0,0   6,8   2,9  37,0   15:16    SO
21  16,1  21,1   17:28  11,4   07:50   2,8   0,6   0,0   0,8  17,7   13:14    NE
22  19,0  22,8   17:17  15,3   06:50   0,9   1,6   0,2   2,0  20,9   10:28     N
23  19,1  22,2   13:50  15,1   06:28   0,6   1,5   0,0   1,7  19,3   13:55     O
24  20,5  27,1   19:13  15,3   07:48   0,8   2,9   0,0   2,5  29,0   15:18   NNE
25  21,4  26,8   19:01  15,1   07:29   0,5   3,6   0,0   3,0  30,6   14:44    NE
26  20,7  27,3   18:10  15,4   07:46   0,7   3,1   0,0   2,4  22,5   19:57    SO
27  19,6  24,5   15:42  15,2   06:56   0,8   2,0   0,0   3,3  27,4   16:14    SO
28  18,9  24,9   17:57  14,8   06:28   1,1   1,8   0,0   2,1  27,4   19:09    SO
29  19,3  23,9   16:23  15,1   08:16   1,0   2,0   0,0   0,8  17,7   21:36    NO
30  21,7  27,9   16:32  17,3   07:18   0,1   3,5   0,0   1,3  22,5   15:43   ONO
----------------------------------------------------------------------------------
    17,3  28,0    18     8,5     2    65,5  35,4  56,9   2,8  41,8    16     OSO

Max >=  30,0:  0
Max <=  20,0:  8
Min <=  30,0: 30
Min <=   0,0:  0
Max Rain: 19,5 on day 4
Days of Rain: 11 (>= 0,2 mm)  6 (>= 2,0 mm)  0 (>= 20,0 mm)
Heat Base: 18,3  Cool Base: 18,3  Method: Integration