Temperatura máxima Desde: 11-07-2020 12:00 Hasta: 19:59 Aviso por: Temperatura máxima Nivel: Naranja info button
español:
Temperatura máxima: 40 ºC.

Esté preparado. Tome precauciones y manténgase informado de la predicción meteorológica más actualizada. Las actividades habituales pueden verse alteradas y las realizadas al aire libre, interrumpidas.

english:
Maximum temperature: 40 ºC.

Be prepared. Take precautions and keep up to date with the latest weather forecast. Expect some disruption to daily routines and be prepared for disruption to outdoor activities. 

Informes Estilo NOAA


Informe 2016 Junio
                   Monthly Climatological Summary for jun 2016

Name: tiempoensevilla.es   City: Sevilla   State: España
Elevation: 6 m  Lat: N 37° 23' 01"   Lon: W 005° 59' 08"

                  Temperature (°C), Rain (mm), Wind Speed (km/h)

                                      Heat  Cool        Avg
    Mean                              Deg   Deg         Wind                 Dom
Day Temp  High   Time   Low    Time   Days  Days  Rain  Speed High   Time    Dir
----------------------------------------------------------------------------------
 1  26,3  32,7   19:11  19,3   08:20   0,0   8,0   0,0   2,3  27,4   16:52    NE
 2  25,5  32,9   17:30  18,8   07:33   0,0   7,2   0,0   1,5  25,7   18:27   OSO
 3  21,7  25,6   14:25  18,2   06:57   0,0   3,4   0,0   5,0  37,0   20:28   SSO
 4  20,9  28,8   17:41  15,4   06:16   0,6   3,2   0,0   3,0  29,0   19:05   OSO
 5  23,9  30,9   19:00  18,2   03:56   0,0   5,6   0,0   1,8  22,5   20:29     O
 6  25,8  33,3   19:00  19,3   04:42   0,0   7,5   0,0   1,6  19,3   20:42    SO
 7  29,0  37,6   18:19  21,7   05:18   0,0  10,7   0,0   2,4  22,5   11:24    NE
 8  29,8  38,2   18:48  21,2   07:15   0,0  11,5   0,0   2,4  17,7   10:21     N
 9  28,7  34,7   15:34  23,5   04:05   0,0  10,4   0,0   2,8  32,2   16:10   SSO
10  26,8  31,8   17:04  21,1   07:25   0,0   8,5   0,0   2,9  25,7   16:34   ONO
11  24,8  30,6   16:59  18,9   06:57   0,0   6,5   0,0   3,0  27,4   17:52    SO
12  27,3  35,6   17:44  20,7   05:33   0,0   9,0   0,0   1,9  19,3   17:02   SSO
13  29,9  36,7   17:03  24,5   07:10   0,0  11,6   0,0   4,6  33,8   21:44   NNO
14  28,1  34,2   16:40  22,5   07:41   0,0   9,8   0,0   3,8  32,2   22:06    NO
15  22,6  26,3   00:00  19,5   07:06   0,0   4,3   0,0   5,6  38,6   13:05     O
16  20,4  25,0   18:01  15,9   06:05   0,5   2,5   0,0   3,5  30,6   19:22     O
17  22,3  28,7   18:33  17,3   07:35   0,1   4,1   0,0   2,2  25,7   20:23   ONO
18  25,3  32,4   18:57  19,2   07:15   0,0   7,0   0,0   2,5  25,7   19:52   NNO
19  27,5  35,1   19:33  21,4   07:33   0,0   9,2   0,0   2,8  27,4   20:18    NE
20  27,7  36,8   18:36  20,2   06:54   0,0   9,4   0,0   3,8  29,0   12:53     E
21  28,7  35,6   17:46  21,3   08:02   0,0  10,4   0,0   5,5  37,0   16:46     E
22  28,5  35,3   17:22  21,4   06:48   0,0  10,2   0,0   3,2  27,4   18:18   SSO
23  27,4  34,3   19:43  21,3   07:45   0,0   9,1   0,0   2,5  22,5   17:44   OSO
24  28,4  35,4   18:04  21,3   07:01   0,0  10,1   0,0   2,9  29,0   19:19    SO
25  26,5  32,4   17:11  21,6   07:08   0,0   8,2   0,0   3,1  30,6   17:20   SSO
26  23,0  28,4   18:14  19,2   06:20   0,0   4,7   0,0   3,6  22,5   16:58   SSO
27  26,9  36,7   18:13  19,7   07:08   0,0   8,6   0,0   3,3  32,2   16:07   ESE
28  29,0  35,2   16:01  24,8   07:08   0,0  10,7   0,0   3,7  32,2   16:34     N
29  27,4  32,9   15:45  22,5   08:11   0,0   9,1   0,0   4,3  33,8   18:03    SO
30  25,7  32,1   18:52  22,1   04:46   0,0   7,4   0,0   3,5  25,7   14:59   SSO
----------------------------------------------------------------------------------
    26,2  38,2     8    15,4     4     1,2 237,9   0,0   3,2  38,6    15     OSO

Max >=  30,0: 24
Max <=  20,0:  0
Min <=  30,0: 30
Min <=   0,0:  0
Max Rain: 0,0 on day 0
Days of Rain: 0 (>= 0,2 mm)  0 (>= 2,0 mm)  0 (>= 20,0 mm)
Heat Base: 18,3  Cool Base: 18,3  Method: Integration