Temperatura máxima Desde: 11-07-2020 12:00 Hasta: 19:59 Aviso por: Temperatura máxima Nivel: Naranja info button
español:
Temperatura máxima: 40 ºC.

Esté preparado. Tome precauciones y manténgase informado de la predicción meteorológica más actualizada. Las actividades habituales pueden verse alteradas y las realizadas al aire libre, interrumpidas.

english:
Maximum temperature: 40 ºC.

Be prepared. Take precautions and keep up to date with the latest weather forecast. Expect some disruption to daily routines and be prepared for disruption to outdoor activities. 

Informes Estilo NOAA


Informe 2016 Agosto
                   Monthly Climatological Summary for ago 2016

Name: tiempoensevilla.es   City: Sevilla   State: España
Elevation: 6 m  Lat: N 37° 23' 01"   Lon: W 005° 59' 08"

                  Temperature (°C), Rain (mm), Wind Speed (km/h)

                                      Heat  Cool        Avg
    Mean                              Deg   Deg         Wind                 Dom
Day Temp  High   Time   Low    Time   Days  Days  Rain  Speed High   Time    Dir
----------------------------------------------------------------------------------
 1  29,6  37,4   17:17  23,2   06:28   0,0  11,3   0,0   1,7  27,4   17:41   SSO
 2  28,8  36,7   18:26  22,8   07:48   0,0  10,5   0,0   2,4  20,9   17:39    SO
 3  29,1  34,9   16:44  23,9   06:22   0,0  10,8   0,0   2,5  25,7   18:22   SSO
 4  29,4  38,2   17:48  22,7   07:47   0,0  11,1   0,0   2,2  24,1   18:18   OSO
 5  30,4  36,8   16:15  25,1   07:21   0,0  12,1   0,0   3,0  30,6   19:48   OSO
 6  31,9  39,5   18:32  26,0   08:04   0,0  13,6   0,0   2,7  27,4   17:33   ENE
 7  31,9  38,9   17:22  25,3   08:02   0,0  13,6   0,0   3,2  30,6   17:36     E
 8  31,3  38,6   18:47  25,2   08:30   0,0  13,0   0,0   4,5  33,8   13:33     E
 9  30,3  38,6   16:45  24,4   07:58   0,0  12,0   0,0   3,0  30,6   22:02    SO
10  28,6  35,2   19:20  23,9   06:12   0,0  10,3   0,0   3,2  27,4   02:47    SO
11  29,8  35,7   18:56  24,4   07:29   0,0  11,5   0,0   6,2  35,4   11:08     E
12  29,6  35,8   16:21  23,8   06:08   0,0  11,3   0,0   6,2  38,6   14:34     E
13  29,5  36,6   17:44  23,1   06:00   0,0  11,2   0,0   4,5  37,0   15:40     E
14  29,4  36,6   18:32  23,3   07:29   0,0  11,1   0,0   2,1  19,3   20:11    SO
15  28,2  32,5   17:17  24,6   08:41   0,0   9,9   0,0   2,0  24,1   18:34    SO
16  29,2  35,0   18:40  23,7   08:38   0,0  10,9   0,8   2,8  25,7   18:14    SO
17  27,7  35,0   17:17  22,0   08:15   0,0   9,4   0,0   2,2  32,2   19:07   SSO
18  28,7  33,7   16:22  24,3   23:56   0,0  10,4   0,0   2,9  27,4   17:17   SSO
19  27,3  34,7   15:10  21,7   08:07   0,0   9,0   0,0   2,6  35,4   18:32   SSO
20  29,2  37,3   18:51  24,8   23:59   0,0  10,9   0,0   2,3  25,7   15:17   OSO
21  28,5  36,8   17:45  21,9   08:48   0,0  10,2   0,0   1,9  20,9   14:40   SSO
22  30,5  37,7   17:29  24,5   08:16   0,0  12,2   0,0   3,0  22,5   21:54     S
23  31,2  39,1   16:46  24,7   07:51   0,0  12,9   0,0   3,5  25,7   16:55   SSE
24  30,3  37,1   17:30  24,2   07:54   0,0  12,0   0,0   2,8  20,9   13:31   SSE
25  29,9  36,5   18:21  23,1   07:01   0,0  11,6   0,0   2,7  35,4   22:31    SO
26  30,8  38,8   18:41  24,4   08:08   0,0  12,5   0,0   2,6  24,1   23:12     E
27  31,1  37,9   17:49  24,8   08:31   0,0  12,8   0,0   2,4  22,5   17:19    SO
28  30,2  35,9   16:19  24,4   08:57   0,0  11,9   0,0   2,3  27,4   20:09   SSO
29  29,4  37,6   16:39  22,4   08:03   0,0  11,1   0,0   2,3  25,7   16:43    SO
30  26,7  32,6   16:06  22,1   07:59   0,0   8,4   0,0   3,8  30,6   19:26   SSO
31  24,9  31,4   17:18  20,6   07:09   0,0   6,6   0,0   2,9  22,5   13:57   SSO
----------------------------------------------------------------------------------
    29,5  39,5     6    20,6    31     0,0 346,1   0,8   3,0  38,6    12       S

Max >=  30,0: 31
Max <=  20,0:  0
Min <=  30,0: 31
Min <=   0,0:  0
Max Rain: 0,8 on day 16
Days of Rain: 1 (>= 0,2 mm)  0 (>= 2,0 mm)  0 (>= 20,0 mm)
Heat Base: 18,3  Cool Base: 18,3  Method: Integration