No se requiere un especial cuidado respecto a la situación meteorológica.   -   No hay avisos

Informes Estilo NOAA


Informe 2016 Octubre
                   Monthly Climatological Summary for oct 2016

Name: tiempoensevilla.es   City: Sevilla   State: España
Elevation: 6 m  Lat: N 37° 23' 01"   Lon: W 005° 59' 08"

                  Temperature (°C), Rain (mm), Wind Speed (km/h)

                                      Heat  Cool        Avg
    Mean                              Deg   Deg         Wind                 Dom
Day Temp  High   Time   Low    Time   Days  Days  Rain  Speed High   Time    Dir
----------------------------------------------------------------------------------
 1  24,4  29,9   15:48  19,8   07:43   0,0   6,1   0,0   2,1  20,9   17:35    SO
 2  23,0  29,0   17:44  19,2   05:56   0,0   4,7   0,0   1,2  19,3   18:50    SO
 3  23,9  31,1   17:59  17,6   07:24   0,1   5,6   0,0   1,3  16,1   17:07    NO
 4  25,7  33,5   18:05  18,8   07:29   0,0   7,4   0,0   1,4  16,1   10:48     N
 5  24,6  31,0   15:57  19,2   09:39   0,0   6,3   0,0   1,5  17,7   15:59   SSO
 6  24,7  30,8   17:48  19,6   08:03   0,0   6,4   0,0   1,5  20,9   16:15    SO
 7  22,8  30,3   17:53  18,7   09:09   0,0   4,5   0,0   1,3  19,3   19:17   SSO
 8  22,3  29,2   16:04  16,2   08:28   0,2   4,2   0,0   1,4  19,3   17:58   SSO
 9  20,7  27,5   17:13  15,6   07:35   0,4   2,8   0,0   2,0  24,1   17:01    SO
10  19,5  26,4   17:57  15,4   08:43   0,7   2,0   0,0   1,2  19,3   20:56   SSO
11  19,2  25,6   17:28  15,6   05:34   0,8   1,7   0,0   2,1  25,7   18:58    SO
12  18,7  22,2   15:23  16,6   02:52   0,4   0,8  12,4   3,1  41,8   20:41   SSO
13  18,6  22,9   17:50  15,3   08:45   0,8   1,1   0,4   1,8  30,6   17:52   OSO
14  18,7  23,3   16:56  15,8   08:50   0,7   1,2   0,0   2,0  27,4   18:56    SO
15  18,2  24,7   17:06  12,4   07:55   2,0   1,9   0,0   1,4  17,7   13:53   ENE
16  19,9  26,1   17:20  14,8   08:13   0,8   2,4   0,0   1,4  12,9   10:20   NNE
17  21,2  26,4   16:47  17,1   06:21   0,1   3,0   0,0   0,6  14,5   16:49   OSO
18  22,8  28,2   17:42  18,0   06:05   0,0   4,5   0,0   2,4  19,3   10:22   NNE
19  23,3  27,5   16:08  19,7   07:14   0,0   5,0   0,0   0,5  11,3   21:56   ONO
20  22,3  26,6   16:05  19,0   09:02   0,0   4,0   0,0   1,7  19,3   16:19    SO
21  20,4  23,9   16:47  17,4   08:49   0,1   2,2   0,0   1,8  19,3   20:04    SO
22  19,1  20,3   00:00  17,6   13:49   0,0   0,8  58,0   3,9  30,6   23:12     S
23  17,7  19,6   00:17  15,1   23:55   0,9   0,4  18,0   2,3  35,4   07:17   SSO
24  17,1  21,6   17:53  14,1   02:42   1,9   0,7  12,2   2,8  22,5   00:31     E
25  20,2  24,3   17:39  17,3   08:38   0,3   2,2   2,4   1,7  17,7   09:37   NNE
26  23,3  29,6   17:13  18,6   07:56   0,0   5,0   0,0   3,6  25,7   13:06    NE
27  24,6  30,8   16:41  20,6   08:27   0,0   6,3   0,0   3,8  30,6   10:00   ENE
28  23,2  29,9   16:18  18,9   08:04   0,0   4,9   0,0   3,0  24,1   17:25   ENE
29  21,9  27,3   16:41  17,9   09:06   0,0   3,6   0,0   3,5  24,1   12:19   ENE
30  19,9  26,7   16:02  14,7   08:00   1,0   2,6   0,0   2,6  20,9   07:17    NE
31  19,3  26,3   17:07  13,8   07:43   1,3   2,4   0,0   1,3  14,5   07:05    NE
----------------------------------------------------------------------------------
    21,3  33,5     4    12,4    15    12,5 106,7 103,4   2,0  41,8    12     SSE

Max >=  30,0:  6
Max <=  20,0:  1
Min <=  30,0: 31
Min <=   0,0:  0
Max Rain: 58,0 on day 22
Days of Rain: 6 (>= 0,2 mm)  5 (>= 2,0 mm)  1 (>= 20,0 mm)
Heat Base: 18,3  Cool Base: 18,3  Method: Integration