Temperatura máxima Desde: 22-08-2017 11:00 Hasta: 18:59 Aviso por: Temperatura máxima Nivel: Amarillo info button
 

Informes Estilo NOAA


Informe 2017 Enero
                   Monthly Climatological Summary for ene 2017

Name: tiempoensevilla.es   City: Sevilla   State: España
Elevation: 6 m  Lat: N 37° 23' 01"   Lon: W 005° 59' 08"

                  Temperature (°C), Rain (mm), Wind Speed (km/h)

                                      Heat  Cool        Avg
    Mean                              Deg   Deg         Wind                 Dom
Day Temp  High   Time   Low    Time   Days  Days  Rain  Speed High   Time    Dir
----------------------------------------------------------------------------------
 1  10,0  16,2   17:08   5,7   06:52   8,3   0,0   0,0   4,7  20,9   09:54   NNE
 2  11,2  18,9   16:41   6,7   08:44   7,1   0,0   0,0   4,1  17,7   07:04    NE
 3  12,1  18,1   16:29   8,3   08:22   6,2   0,0   0,0   3,6  14,5   11:41   NNE
 4  12,8  19,0   16:08   7,9   08:52   5,5   0,0   0,0   2,9  12,9   12:46     N
 5  13,3  18,7   17:25   9,8   08:53   5,0   0,0   0,0   3,7  19,3   13:28    NE
 6  12,3  18,3   16:41   7,3   08:16   6,0   0,0   0,0   4,9  17,7   09:59    NE
 7  11,9  17,2   15:39   7,7   08:47   6,4   0,0   0,0   5,9  25,7   14:51    NE
 8  10,7  16,3   17:39   6,4   08:18   7,6   0,0   0,0   5,0  22,5   13:31    NE
 9  10,6  19,3   17:34   4,3   07:46   7,8   0,0   0,0   3,4  17,7   13:42   NNE
10  10,4  15,2   16:49   5,1   09:21   7,9   0,0   0,0   2,8  16,1   15:37    NO
11  12,3  19,4   17:13   6,8   07:57   6,0   0,1   0,0   4,1  20,9   15:33    NE
12  12,7  19,8   16:55   8,1   08:33   5,6   0,1   0,0   2,9  14,5   06:26     N
13  12,4  17,0   16:53   9,2   08:51   5,9   0,0   0,0   3,3  22,5   20:02     N
14  10,4  14,8   16:34   6,8   08:16   7,9   0,0   0,0   7,4  46,7   13:37    NE
15   9,6  15,5   16:24   3,9   08:34   8,7   0,0   0,0   5,2  22,5   14:26    NE
16  10,5  18,1   17:25   4,6   09:06   7,8   0,0   0,0   3,8  22,5   13:56    NE
17  11,1  18,1   16:34   6,6   09:51   7,2   0,0   0,0   3,1  17,7   16:43   OSO
18   6,7   9,9   00:00   2,2   08:24  11,6   0,0   0,0  10,8  41,8   03:28   ENE
19   7,6  12,9   16:34   4,1   03:15  10,6   0,0   0,0   5,8  24,1   10:13    NE
20   9,0  11,6   17:26   6,8   09:05   9,3   0,0   0,0   3,1  16,1   12:05     N
21   8,7  15,2   16:28   3,1   08:49   9,6   0,0   0,0   2,7  16,1   10:29     N
22   9,8  15,4   16:29   3,9   08:48   8,5   0,0   0,0   3,9  22,5   16:59   OSO
23   9,6  16,1   16:29   4,1   08:47   8,7   0,0   0,0   2,6  14,5   10:54   NNE
24   9,1  15,7   16:38   3,9   08:53   9,2   0,0   0,0   3,2  16,1   18:11    NO
25   8,5  15,9   16:32   3,0   08:24   9,8   0,0   0,0   3,4  16,1   09:54    NO
26  10,1  15,2   15:36   6,0   06:42   8,2   0,0  10,0   5,4  43,5   20:44     S
27  11,2  14,8   15:38   8,9   23:59   7,1   0,0   5,0   6,1  37,0   13:22   OSO
28  11,1  16,5   16:58   6,7   05:37   7,2   0,0   0,0   3,5  20,9   16:00    SO
29  12,0  17,8   16:49   7,4   07:36   6,3   0,0   0,0   2,9  14,5   11:46   NNE
30  12,6  18,8   15:46   7,2   08:43   5,7   0,0   0,0   3,8  20,9   10:47   NNE
31  11,7  17,7   17:08   6,6   08:53   6,6   0,0   0,0   3,5  17,7   17:39     N
----------------------------------------------------------------------------------
    10,7  19,8    12     2,2    18   235,3   0,2  15,0   4,2  46,7    14     NNE

Max >=  30,0:  0
Max <=  20,0: 31
Min <=  30,0: 31
Min <=   0,0:  0
Max Rain: 10,0 on day 26
Days of Rain: 2 (>= 0,2 mm)  2 (>= 2,0 mm)  0 (>= 20,0 mm)
Heat Base: 18,3  Cool Base: 18,3  Method: Integration