No se requiere un especial cuidado respecto a la situación meteorológica.   -   No hay avisos

Informes Estilo NOAA


Informe 2017 Febrero
                   Monthly Climatological Summary for feb 2017

Name: tiempoensevilla.es   City: Sevilla   State: España
Elevation: 6 m  Lat: N 37° 23' 01"   Lon: W 005° 59' 08"

                  Temperature (°C), Rain (mm), Wind Speed (km/h)

                                      Heat  Cool        Avg
    Mean                              Deg   Deg         Wind                 Dom
Day Temp  High   Time   Low    Time   Days  Days  Rain  Speed High   Time    Dir
----------------------------------------------------------------------------------
 1  13,5  18,2   16:38  11,6   03:56   4,8   0,0   0,2   3,5  20,9   12:56    SO
 2  13,8  17,8   16:43  11,4   02:14   4,5   0,0   4,0   6,8  35,4   12:28    SO
 3  14,4  18,3   14:27  11,3   04:14   3,9   0,0   0,2   6,9  33,8   14:42    SO
 4  15,3  17,3   14:04  12,9   08:16   3,0   0,0   4,6  10,8  38,6   11:43    SO
 5  15,7  18,4   15:52  12,7   23:55   2,6   0,0   1,2   8,4  45,1   04:24     O
 6  13,1  18,4   17:28   8,7   05:45   5,2   0,0   0,0   3,1  17,7   15:31    SO
 7  13,6  19,0   17:01   8,1   08:47   4,7   0,0   0,0   2,5  14,5   23:41     N
 8  13,1  17,3   16:08   8,5   08:23   5,2   0,0   0,0   5,8  25,7   11:49    NE
 9  11,1  17,0   16:18   5,1   07:18   7,2   0,0   0,0   6,2  30,6   11:16    NE
10  11,0  13,8   15:51   8,6   07:22   7,3   0,0   1,8   4,3  22,5   16:54    SE
11  11,3  14,7   16:59   8,6   06:46   7,0   0,0   5,6   6,6  27,4   16:52   ENE
12  13,4  15,2   23:29  12,0   03:54   4,9   0,0  24,4  10,0  46,7   09:01   SSE
13  14,0  17,6   16:30  11,3   07:03   4,3   0,0   3,8   8,2  49,9   01:03    SO
14  13,7  18,9   15:48  10,2   05:47   4,6   0,0   0,0   3,6  17,7   10:44    NE
15  14,4  20,4   15:44   9,7   06:46   4,2   0,3   0,0   9,1  32,2   13:21   ENE
16  14,4  19,6   16:47  10,3   08:51   4,0   0,1   0,0   6,7  24,1   12:41   ENE
17  14,2  19,8   16:39   9,4   07:32   4,2   0,1   0,0   4,3  16,1   12:54   NNE
18  13,8  18,6   15:41   8,9   07:17   4,5   0,0   0,0   4,4  22,5   16:14   SSO
19  14,0  18,1   16:28  10,8   08:03   4,3   0,0   0,4   8,1  35,4   11:39   ENE
20  13,4  16,6   17:13   9,9   08:40   4,9   0,0   0,0   8,9  37,0   15:33   ENE
21  16,2  21,1   16:31  13,2   01:59   2,5   0,4   0,0  11,5  43,5   08:32   ENE
22  16,5  22,6   16:30  11,4   07:27   2,8   1,0   0,0   5,6  27,4   15:35    NE
23  15,0  17,9   00:00  13,2   10:50   3,3   0,0  10,0   3,1  22,5   03:17    SO
24  14,5  19,6   16:25  11,4   09:59   3,9   0,1   0,0   3,1  16,1   19:46   SSO
25  14,7  17,3   16:09  12,4   01:36   3,6   0,0   0,0   3,0  12,9   00:06    SO
26  13,7  17,1   16:09  11,0   04:11   4,6   0,0   0,0   2,6  12,9   20:50   SSO
27  14,1  18,3   17:55  10,6   06:23   4,2   0,0   0,0   4,2  24,1   17:26     O
28  13,9  16,9   16:05   9,1   08:23   4,4   0,0   0,0   3,4  29,0   11:36   ONO
----------------------------------------------------------------------------------
    13,9  22,6    22     5,1     9   124,6   2,0  56,2   5,9  49,9    13      SE

Max >=  30,0:  0
Max <=  20,0: 25
Min <=  30,0: 28
Min <=   0,0:  0
Max Rain: 24,4 on day 12
Days of Rain: 11 (>= 0,2 mm)  6 (>= 2,0 mm)  1 (>= 20,0 mm)
Heat Base: 18,3  Cool Base: 18,3  Method: Integration