No se requiere un especial cuidado respecto a la situación meteorológica.   -   No hay avisos

Informes Estilo NOAA


Informe 2017 Marzo
                   Monthly Climatological Summary for mar 2017

Name: tiempoensevilla.es   City: Sevilla   State: España
Elevation: 6 m  Lat: N 37° 23' 01"   Lon: W 005° 59' 08"

                  Temperature (°C), Rain (mm), Wind Speed (km/h)

                                      Heat  Cool        Avg
    Mean                              Deg   Deg         Wind                 Dom
Day Temp  High   Time   Low    Time   Days  Days  Rain  Speed High   Time    Dir
----------------------------------------------------------------------------------
 1  15,5  21,3   18:03  10,1   07:16   3,2   0,4   0,0   3,7  17,7   10:34   NNE
 2  15,6  21,6   16:15  10,2   07:22   3,4   0,7   0,0   3,9  16,1   09:44     O
 3  11,8  14,3   12:06   9,7   13:38   6,5   0,0   4,4   7,1  53,1   13:15   OSO
 4  13,2  17,8   17:49   9,9   06:05   5,1   0,0  31,4   8,1  49,9   11:04   OSO
 5  13,4  18,3   17:34  10,2   03:34   4,9   0,0   0,2   2,9  16,1   20:17    SO
 6  17,0  22,9   17:02  12,8   08:12   2,2   0,8   0,0   4,2  25,7   19:12   NNE
 7  18,1  24,5   16:29  13,1   07:09   1,8   1,7   0,0   4,4  20,9   12:40    NE
 8  19,6  26,9   16:47  13,0   07:49   1,5   2,7   0,0   6,8  29,0   10:47   ENE
 9  20,3  28,9   16:59  13,2   05:14   1,6   3,5   0,0   7,7  29,0   13:30   ENE
10  20,8  29,5   16:57  13,6   07:39   1,2   3,7   0,0   5,8  22,5   11:06   NNE
11  19,7  27,6   15:39  12,8   08:25   1,3   2,7   0,0   4,8  24,1   20:53   ONO
12  18,7  24,6   16:15  14,8   07:14   1,1   1,5   0,0   8,3  37,0   23:03   NNO
13  13,7  16,3   17:10  10,3   07:27   4,6   0,0   0,0  14,4  45,1   15:47   NNE
14  12,4  15,2   00:00  10,1   07:22   5,9   0,0   1,6   9,7  45,1   10:15   ENE
15  16,0  22,3   16:43  11,4   04:22   3,0   0,7   0,0   5,2  22,5   11:21     E
16  15,8  21,2   15:15  11,1   06:38   2,9   0,4   0,4   8,0  32,2   11:07     E
17  16,5  21,0   16:47  12,8   07:47   2,3   0,5   0,0   7,7  33,8   13:12   ENE
18  17,8  24,7   16:44  10,7   07:43   2,4   1,9   0,0   6,9  24,1   11:03   ENE
19  18,5  26,3   17:20  11,2   07:19   2,1   2,3   0,0   4,8  19,3   09:46   NNE
20  17,0  23,6   13:45  12,7   08:03   2,3   1,0   0,0   6,7  30,6   14:07    SO
21  14,7  18,6   15:31  10,5   06:01   3,6   0,0   0,0   6,6  33,8   14:41     O
22  13,4  17,4   15:54  10,1   07:32   4,9   0,0   0,8   8,1  35,4   17:07     O
23  10,8  15,4   16:51   7,1   08:19   7,5   0,0   0,0   6,9  35,4   19:32     O
24  10,1  15,1   17:27   5,2   07:42   8,2   0,0   0,0   5,3  29,0   19:41   OSO
25  12,0  16,2   15:28   9,1   07:41   6,3   0,0  11,0   8,4  48,3   13:29   SSO
26  13,4  19,2   17:16  10,7   22:12   4,7   0,0  12,0   8,4  49,9   19:29   SSO
27  14,2  19,3   18:02  10,9   01:41   4,1   0,0   4,8   5,1  25,7   17:40   SSO
28  16,4  22,4   18:33  11,6   05:41   2,8   0,9   0,0   4,2  22,5   15:39   ENE
29  18,5  26,2   18:25  11,7   08:07   2,2   2,4   0,0   5,7  24,1   13:56    NE
30  18,6  25,2   17:39  11,7   08:12   1,8   2,1   0,0   4,8  17,7   17:16   NNO
31  18,3  23,3   16:11  12,6   08:21   1,4   1,4   0,0   5,2  29,0   17:11     O
----------------------------------------------------------------------------------
    15,9  29,5    10     5,2    24   106,8  31,3  66,6   6,4  53,1     3       N

Max >=  30,0:  0
Max <=  20,0: 12
Min <=  30,0: 31
Min <=   0,0:  0
Max Rain: 31,4 on day 4
Days of Rain: 9 (>= 0,2 mm)  5 (>= 2,0 mm)  1 (>= 20,0 mm)
Heat Base: 18,3  Cool Base: 18,3  Method: Integration