Temperatura máxima Desde: 11-07-2020 12:00 Hasta: 19:59 Aviso por: Temperatura máxima Nivel: Naranja info button
español:
Temperatura máxima: 40 ºC.

Esté preparado. Tome precauciones y manténgase informado de la predicción meteorológica más actualizada. Las actividades habituales pueden verse alteradas y las realizadas al aire libre, interrumpidas.

english:
Maximum temperature: 40 ºC.

Be prepared. Take precautions and keep up to date with the latest weather forecast. Expect some disruption to daily routines and be prepared for disruption to outdoor activities. 

Informes Estilo NOAA


Informe 2017 Abril
                   Monthly Climatological Summary for abr 2017

Name: tiempoensevilla.es   City: Sevilla   State: España
Elevation: 6 m  Lat: N 37° 23' 01"   Lon: W 005° 59' 08"

                  Temperature (°C), Rain (mm), Wind Speed (km/h)

                                      Heat  Cool        Avg
    Mean                              Deg   Deg         Wind                 Dom
Day Temp  High   Time   Low    Time   Days  Days  Rain  Speed High   Time    Dir
----------------------------------------------------------------------------------
 1  17,3  23,3   18:37  12,7   08:30   2,0   1,0   0,0   5,5  22,5   19:42    NO
 2  18,0  25,1   18:50  11,6   08:11   2,2   1,9   0,0   4,8  24,1   13:40    NE
 3  19,9  26,1   19:00  13,9   07:01   1,1   2,8   0,0   6,5  32,2   14:29   ENE
 4  19,1  26,3   18:26  11,3   07:48   1,9   2,6   0,0   6,2  29,0   15:37   ENE
 5  19,4  27,4   17:29  11,7   07:40   1,8   2,9   0,0   5,8  30,6   21:11   ENE
 6  19,2  25,3   18:50  12,4   06:55   1,3   2,2   0,0   8,7  35,4   11:31   ENE
 7  18,8  25,2   17:27  12,1   06:40   1,8   2,2   0,0   9,9  38,6   14:37     E
 8  19,1  25,7   18:11  12,5   08:35   1,7   2,5   0,0  10,2  43,5   15:00     E
 9  19,7  27,3   16:57  12,9   07:15   1,5   2,9   0,0   7,4  32,2   16:00     E
10  20,4  27,8   18:11  13,6   07:46   1,3   3,4   0,0   8,9  35,4   10:44   ENE
11  21,2  30,6   19:03  14,1   06:11   1,1   4,1   0,0   5,4  24,1   22:34    NE
12  22,4  31,1   18:20  14,2   08:21   0,7   4,9   0,0   4,3  20,9   19:42     O
13  19,0  24,4   16:01  14,2   07:40   0,9   1,6   0,0   5,6  27,4   17:05    SO
14  19,4  27,2   18:46  15,8   02:58   1,0   2,1   0,0   4,4  24,1   19:38    SO
15  20,4  28,3   18:20  15,1   07:45   1,0   3,1   0,0   4,2  22,5   17:32   OSO
16  21,3  28,0   17:21  15,5   08:20   0,6   3,6   0,0   4,3  20,9   18:37   OSO
17  22,1  31,3   18:15  14,9   07:15   0,9   4,7   0,0   3,3  22,5   21:11   OSO
18  24,8  32,8   17:35  16,9   07:37   0,1   6,6   0,0   7,0  27,4   16:17    NE
19  23,1  29,9   16:14  17,3   07:58   0,1   4,9   0,0   5,0  30,6   19:32    SO
20  20,9  26,8   17:22  16,5   05:40   0,3   2,9   0,0  12,4  41,8   15:48     E
21  19,3  24,3   16:41  15,5   08:16   0,8   1,8   0,0  11,3  37,0   04:55     E
22  20,0  26,2   18:16  15,6   07:53   0,8   2,6   0,0   8,9  32,2   10:49   ESE
23  21,0  27,6   18:40  16,7   06:09   0,4   3,2   0,0   5,7  27,4   19:48     O
24  20,4  26,7   17:30  16,0   07:39   0,6   2,7   0,0   5,0  25,7   18:18   OSO
25  18,8  23,1   16:08  15,9   06:51   0,6   1,1   0,0   6,7  32,2   17:01    SO
26  17,9  22,8   17:48  14,6   08:06   1,4   1,0   0,0   6,5  27,4   18:12   OSO
27  17,6  22,6   16:15  15,3   06:58   1,3   0,6   5,0   4,2  19,3   11:33    SO
28  15,5  16,8   17:32  14,1   07:24   2,8   0,0  41,2   7,0  32,2   12:08   ENE
29  17,0  21,2   14:57  13,9   06:16   2,0   0,7   4,8   8,7  37,0   15:46    SO
30  16,3  20,0   15:57  12,6   07:15   2,2   0,2   0,0   9,2  38,6   17:19   OSO
----------------------------------------------------------------------------------
    19,6  32,8    18    11,3     4    36,2  76,8  51,0   6,8  43,5     8       E

Max >=  30,0:  4
Max <=  20,0:  2
Min <=  30,0: 30
Min <=   0,0:  0
Max Rain: 41,2 on day 28
Days of Rain: 3 (>= 0,2 mm)  3 (>= 2,0 mm)  1 (>= 20,0 mm)
Heat Base: 18,3  Cool Base: 18,3  Method: Integration