No se requiere un especial cuidado respecto a la situación meteorológica.   -   No hay avisos

Informes Estilo NOAA


Informe 2017 Mayo
                   Monthly Climatological Summary for may. 2017

Name: tiempoensevilla.es   City: Sevilla   State: España
Elevation: 6 m  Lat: N 37 22 60   Lon: W 005 59 08

                  Temperature (°C), Rain (mm), Wind Speed (km/h)

                                      Heat  Cool        Avg
    Mean                              Deg   Deg         Wind                 Dom
Day Temp  High   Time   Low    Time   Days  Days  Rain  Speed High   Time    Dir
----------------------------------------------------------------------------------
01  17,7  23,9   18:43  11,2   08:03   2,0   1,5   0,0   6,2  24,1   11:24   NNE
02  20,7  28,2   19:02  12,8   07:05   1,3   3,7   0,0   6,1  24,1   13:22    NE
03  22,9  30,7   17:57  14,4   07:01   0,6   5,2   0,0   5,4  25,7   13:15     E
04  21,0  27,2   16:32  16,4   07:40   0,3   2,9   0,0   7,3  33,8   16:58     O
05  19,4  22,8   15:34  17,3   23:50   0,1   1,3   0,4  10,0  41,8   16:57    SO
06  19,5  25,2   19:14  14,1   07:24   1,1   2,3   0,0   3,9  22,5   16:14   NNO
07  23,1  30,7   18:26  16,4   05:53   0,3   5,1   0,0   6,1  22,5   16:41     N
08  24,1  31,8   17:39  16,9   07:06   0,2   5,9   0,0   5,2  22,5   16:32   ONO
09  20,8  24,7   14:04  16,5   07:45   0,1   2,6   0,0   7,6  37,0   14:39    SO
10  18,8  21,9   16:12  16,4   22:14   0,3   0,8   5,0   7,6  40,2   21:08    SO
11  18,0  21,8   13:20  15,3   02:27   1,1   0,8  13,6   9,4  40,2   11:33    SO
12  18,3  22,1   14:55  14,8   06:03   0,9   0,9  10,2   8,6  43,5   14:25    SO
13  19,4  24,7   18:02  15,3   06:04   0,8   1,9   0,0   5,0  29,0   19:31    SO
14  21,6  28,3   19:29  15,0   07:58   0,7   4,0   0,0   3,5  17,7   11:57     N
15  25,2  32,2   18:16  17,9   08:21   0,0   6,6   0,0   6,8  25,7   14:54   ENE
16  26,0  32,5   17:52  19,6   07:28   0,0   7,7   0,0   8,2  35,4   14:59   ENE
17  24,9  31,4   18:49  18,6   07:56   0,0   6,6   0,0   5,8  24,1   22:27   NNO
18  22,5  27,2   18:39  18,2   08:54   0,0   4,2   0,0   9,7  32,2   12:26    NO
19  22,6  29,6   18:08  15,7   07:22   0,4   4,7   0,0   7,4  25,7   17:40     N
20  25,1  33,3   18:02  16,1   07:18   0,2   7,0   0,0   8,6  35,4   14:44   ENE
21  24,9  29,5   16:42  20,7   23:55   0,0   6,6   0,0   6,4  25,7   04:05   NNE
22  24,1  30,7   19:47  18,6   07:31   0,0   5,8   0,0   4,2  19,3   03:57     O
23  25,9  34,4   17:36  19,0   06:13   0,0   7,6   0,0   5,2  29,0   16:25   SSO
24  27,9  36,2   18:15  20,2   06:39   0,0   9,6   0,0   7,9  30,6   12:34     E
25  25,9  33,1   16:51  20,8   08:22   0,0   7,6   0,0   6,2  35,4   19:13   OSO
26  22,3  26,1   19:12  20,1   03:43   0,0   4,0   0,0   5,4  22,5   14:51    SO
27  23,1  29,0   17:10  18,7   08:27   0,0   4,8   0,0   5,3  25,7   18:24   OSO
28  22,4  26,1   16:26  20,3   08:23   0,0   4,1   0,0   7,7  32,2   16:00    SO
29  21,4  25,9   17:16  18,2   06:11   0,0   3,1   0,6   5,5  30,6   16:08    SO
30  23,9  31,4   18:15  17,5   07:46   0,1   5,7   0,0   4,2  25,7   20:33   OSO
31  25,7  34,4   18:00  20,3   06:12   0,0   7,4   0,0   5,6  30,6   22:33   OSO
----------------------------------------------------------------------------------
    22,6  36,2    24    11,2     1    10,5 142,0  29,8   6,5  43,5    12       O

Max >=  30,0 13
Max <=  20,0  0
Min <=  30,0 31
Min <=   0,0  0
Max Rain: 13,6 on day 11
Days of Rain: 5 (>= 0,2 mm)  3 (>= 2,0 mm)  0 (>= 20,0 mm)
Heat Base: 18,3  Cool Base: 18,3  Method: Integration