Temperatura máxima Desde: 11-07-2020 12:00 Hasta: 19:59 Aviso por: Temperatura máxima Nivel: Naranja info button
español:
Temperatura máxima: 40 ºC.

Esté preparado. Tome precauciones y manténgase informado de la predicción meteorológica más actualizada. Las actividades habituales pueden verse alteradas y las realizadas al aire libre, interrumpidas.

english:
Maximum temperature: 40 ºC.

Be prepared. Take precautions and keep up to date with the latest weather forecast. Expect some disruption to daily routines and be prepared for disruption to outdoor activities. 

Informes Estilo NOAA


Informe 2017 Diciembre
                   Monthly Climatological Summary for dic. 2017

Name: tiempoensevilla.es   City: Sevilla   State: España
Elevation: 6 m  Lat: N 37 22 59   Lon: W 005 59 08

                  Temperature (°C), Rain (mm), Wind Speed (km/h)

                                      Heat  Cool        Avg
    Mean                              Deg   Deg         Wind                 Dom
Day Temp  High   Time   Low    Time   Days  Days  Rain  Speed High   Time    Dir
----------------------------------------------------------------------------------
01  10,5  16,1   16:52   6,0   08:29   7,8   0,0   0,0   4,4  20,9   16:58   NNO
02   9,4  13,4   16:29   4,8   08:50   8,9   0,0   0,0   6,2  37,0   12:28   ENE
03   8,4  13,0   15:42   4,5   07:40   9,9   0,0   0,0   7,1  41,8   12:41   ENE
04   8,6  14,7   15:49   3,3   07:59   9,7   0,0   0,0   8,3  33,8   13:10    NE
05   9,6  15,8   16:11   4,8   08:41   8,7   0,0   0,0   6,7  22,5   12:18    NE
06   9,6  15,7   16:06   4,1   08:32   8,7   0,0   0,0   5,6  19,3   09:52   NNE
07   9,9  16,2   15:45   4,8   08:34   8,4   0,0   0,0   4,5  19,3   06:48    NE
08  10,5  17,6   16:13   4,8   09:08   7,8   0,0   0,0   4,1  20,9   11:20   NNE
09  11,9  16,3   16:47   7,9   08:28   6,4   0,0   0,0   2,0  11,3   08:32    SO
10  13,9  18,2   15:46  10,1   08:22   4,4   0,0   0,0   6,0  32,2   22:24    SO
11  13,2  17,3   04:18   9,9   10:02   5,1   0,0  22,8  10,1  56,3   05:31   OSO
12  10,5  14,8   17:03   7,3   08:59   7,8   0,0   0,0   4,7  24,1   11:55   NNE
13   9,4  14,8   16:50   5,0   07:36   8,8   0,0   0,0   5,0  24,1   11:25    NE
14  10,3  15,6   15:19   5,7   07:38   8,0   0,0   0,0   3,7  16,1   18:22   ONO
15  15,0  19,1   14:58  11,8   03:58   3,4   0,0   0,8   6,5  32,2   13:20   OSO
16  11,9  15,8   15:31   8,3   07:36   6,4   0,0   0,0   7,1  33,8   13:18    NE
17   9,7  14,4   16:25   5,6   08:21   8,6   0,0   0,0   8,4  45,1   12:33   ENE
18   9,5  14,8   16:25   5,6   03:10   8,8   0,0   0,0   7,0  29,0   14:21    NE
19  10,6  16,8   16:06   4,3   07:18   7,7   0,0   0,0   5,3  29,0   15:03   ENE
20  10,4  17,1   16:52   5,6   07:58   7,9   0,0   0,0   4,1  19,3   08:48   NNE
21  10,5  17,3   16:57   5,4   06:31   7,8   0,0   0,0   4,4  20,9   08:43    NE
22  10,4  16,8   16:29   5,6   08:02   7,9   0,0   0,0   3,0  14,5   10:14   NNE
23  10,7  17,3   16:31   5,4   06:55   7,6   0,0   0,0   3,7  16,1   08:16   NNE
24  12,1  17,6   15:35   8,0   08:39   6,2   0,0   0,0   6,1  22,5   10:40    NE
25  10,8  14,9   16:35   7,8   09:13   7,5   0,0   2,8   2,9  12,9   08:30     N
26  12,4  14,5   14:28  10,8   01:30   5,9   0,0   0,4   4,2  24,1   23:59   OSO
27  14,7  16,3   15:53  12,7   00:51   3,6   0,0   0,4   9,6  43,5   06:48   OSO
28  15,4  19,7   16:47  11,7   02:43   2,9   0,1   0,0   7,7  30,6   15:16   OSO
29  16,8  19,8   15:22  14,8   03:30   1,6   0,2   0,0   4,6  22,5   00:16     O
30  16,9  20,4   16:19  13,7   08:46   1,8   0,3   0,0   4,0  20,9   14:20    NE
31  14,4  18,1   16:12  11,3   07:43   3,9   0,0   0,0   3,9  24,1   15:46   OSO
----------------------------------------------------------------------------------
    11,5  20,4    30     3,3     4   209,9   0,6  27,2   5,5  56,3    11     NNE

Max >=  30,0  0
Max <=  20,0 30
Min <=  30,0 31
Min <=   0,0  0
Max Rain: 22,8 on day 11
Days of Rain: 5 (>= 0,2 mm)  2 (>= 2,0 mm)  1 (>= 20,0 mm)
Heat Base: 18,3  Cool Base: 18,3  Method: Integration