Temperatura máxima Desde: 20-07-2019 12:00 Hasta: 19:59 Aviso por: Temperatura máxima Nivel: Naranja info button
español:
Temperatura máxima: 40 ºC. Esté preparado. Tome precauciones y manténgase informado de la predicción meteorológica más actualizada. Las actividades habituales pueden verse alteradas y las realizadas al aire libre, interrumpidas.

english:
Maximum temperature: 40 ºC. Be prepared. Take precautions and keep up to date with the latest weather forecast. Expect some disruption to daily routines and be prepared for disruption to outdoor activities. 

Informes Estilo NOAA


Informe 2018 Febrero
                   Monthly Climatological Summary for feb. 2018

Name: tiempoensevilla.es   City: Sevilla   State: España
Elevation: 6 m  Lat: N 37 22 59   Lon: W 005 59 08

                  Temperature (°C), Rain (mm), Wind Speed (km/h)

                                      Heat  Cool        Avg
    Mean                              Deg   Deg         Wind                 Dom
Day Temp  High   Time   Low    Time   Days  Days  Rain  Speed High   Time    Dir
----------------------------------------------------------------------------------
01  12,7  16,7   17:41   8,8   08:26   5,6   0,0   0,0   6,0  29,0   14:40     O
02  10,6  14,4   16:07   7,6   08:31   7,7   0,0   0,0   6,5  24,1   01:19     N
03   9,6  14,5   17:16   5,3   08:49   8,7   0,0   0,0   3,7  22,5   16:04    SO
04   9,4  11,6   15:57   7,8   02:49   8,9   0,0   0,2   4,4  30,6   12:43   OSO
05   8,3  12,4   15:26   3,8   08:10  10,0   0,0   0,0   3,3  22,5   19:47   ONO
06   9,3  13,4   16:07   5,8   07:52   9,0   0,0   0,0   5,7  25,7   12:30     N
07   8,1  12,6   16:39   2,7   06:55  10,2   0,0   0,0   8,6  43,5   12:05   ENE
08   8,4  14,4   16:56   3,8   07:53   9,9   0,0   0,0   7,4  30,6   11:37    NE
09   8,3  12,8   15:57   3,8   07:47  10,0   0,0   0,0   4,0  17,7   16:56    SO
10  10,8  16,6   16:16   5,9   05:50   7,5   0,0   0,0   3,4  20,9   19:44   NNE
11  11,3  17,2   16:20   5,9   08:04   7,0   0,0   0,0   4,3  29,0   18:13    SO
12  13,9  18,2   16:57  11,2   00:00   4,4   0,0   0,0   6,8  30,6   12:40   ONO
13  11,0  16,7   17:20   5,3   07:27   7,3   0,0   0,0   3,5  17,7   15:01     O
14  10,9  16,4   18:04   4,7   08:22   7,4   0,0   0,0   3,2  17,7   15:39   ONO
15  13,6  20,3   17:14   6,6   08:22   4,9   0,3   0,0   4,6  24,1   13:17    NE
16  15,2  22,5   17:39   9,5   08:38   3,8   0,7   0,0   4,0  17,7   12:09   NNO
17  12,1  17,6   17:07   8,8   08:51   6,2   0,0   0,0   3,5  16,1   16:29   SSO
18  13,4  20,3   17:34   7,2   08:34   5,1   0,2   0,0   3,9  17,7   12:30    NE
19  13,9  19,3   17:12  10,0   07:59   4,4   0,1   0,0   3,8  19,3   13:19   ENE
20  15,1  21,7   17:33   8,6   08:16   3,9   0,7   0,0   4,4  27,4   14:04    NE
21  14,8  20,2   16:30  10,1   08:55   3,7   0,2   0,0   6,7  29,0   11:18    NE
22  12,0  18,2   17:11   7,1   08:23   6,3   0,0   0,0   4,8  22,5   11:20    NE
23  11,2  17,6   18:30   4,6   06:43   7,1   0,0   0,0   6,0  29,0   10:07   ENE
24  11,0  17,2   15:13   4,8   08:33   7,3   0,0   0,0   5,4  22,5   09:16   NNE
25  13,8  18,3   17:14  10,8   08:03   4,5   0,0   0,0   2,6  19,3   17:38    SE
26  12,7  19,8   14:35   7,6   05:18   5,7   0,1   2,2   6,0  32,2   16:03    NE
27  14,8  17,6   13:38  11,9   08:27   3,5   0,0   0,4   9,7  37,0   13:58    SO
28  14,6  16,3   18:32  13,3   08:55   3,7   0,0  17,8  14,4  59,5   19:36   SSO
----------------------------------------------------------------------------------
    11,8  22,5    16     2,7     7   183,7   2,3  20,6   5,4  59,5    28       N

Max >=  30,0  0
Max <=  20,0 23
Min <=  30,0 28
Min <=   0,0  0
Max Rain: 17,8 on day 28
Days of Rain: 4 (>= 0,2 mm)  2 (>= 2,0 mm)  0 (>= 20,0 mm)
Heat Base: 18,3  Cool Base: 18,3  Method: Integration