Temperatura máxima Desde: 20-07-2019 12:00 Hasta: 19:59 Aviso por: Temperatura máxima Nivel: Naranja info button
español:
Temperatura máxima: 40 ºC. Esté preparado. Tome precauciones y manténgase informado de la predicción meteorológica más actualizada. Las actividades habituales pueden verse alteradas y las realizadas al aire libre, interrumpidas.

english:
Maximum temperature: 40 ºC. Be prepared. Take precautions and keep up to date with the latest weather forecast. Expect some disruption to daily routines and be prepared for disruption to outdoor activities. 

Informes Estilo NOAA


Informe 2018 Marzo
                   Monthly Climatological Summary for mar. 2018

Name: tiempoensevilla.es   City: Sevilla   State: España
Elevation: 6 m  Lat: N 37 22 59   Lon: W 005 59 08

                  Temperature (°C), Rain (mm), Wind Speed (km/h)

                                      Heat  Cool        Avg
    Mean                              Deg   Deg         Wind                 Dom
Day Temp  High   Time   Low    Time   Days  Days  Rain  Speed High   Time    Dir
----------------------------------------------------------------------------------
01  15,6  18,8   16:13  12,7   23:59   2,7   0,0   6,8  17,8  67,6   13:33    SO
02  14,6  17,6   16:23  10,8   06:50   3,7   0,0  36,2  13,5  54,7   16:58    SO
03  14,3  16,8   14:00  11,9   22:12   4,0   0,0   3,6  10,0  49,9   15:44    SO
04  14,1  17,9   14:10  11,0   08:37   4,2   0,0  12,2  10,7  48,3   17:02    SO
05  13,7  17,6   12:56  11,1   06:38   4,6   0,0   0,6  11,2  61,2   13:08   OSO
06  12,4  15,6   14:29  10,6   07:37   5,9   0,0   2,8   5,0  30,6   15:28   OSO
07  11,6  15,1   14:36   7,9   07:51   6,7   0,0   6,4   4,3  19,3   13:38     E
08  15,3  18,5   15:45  10,9   00:11   3,0   0,0   3,2   8,1  38,6   14:01    SO
09  15,6  17,4   11:59  14,4   06:21   2,7   0,0  12,0   9,3  41,8   16:37   SSO
10  16,1  19,1   14:45  11,6   23:43   2,2   0,0  25,0  13,9  53,1   22:32    SO
11  13,5  16,7   15:20  11,1   07:37   4,8   0,0   3,0  12,0  57,9   15:49   OSO
12  13,9  18,5   15:58  10,9   06:32   4,4   0,0   0,0   6,5  27,4   19:02    SO
13  15,9  20,4   14:18  12,8   00:00   2,7   0,3   0,6   4,5  27,4   16:41    SO
14  15,8  17,4   14:55  13,4   23:55   2,5   0,0   9,6  13,2  56,3   22:29    SO
15  13,5  17,1   13:12  11,1   03:31   4,8   0,0   8,8   7,8  38,6   14:28   OSO
16  12,3  16,8   16:17   8,8   06:37   6,0   0,0   0,8   4,7  41,8   17:10     O
17  12,3  15,9   21:45   9,1   05:18   6,0   0,0  18,6  12,0  56,3   21:18   OSO
18  12,8  16,3   16:54  10,1   07:26   5,5   0,0   0,2   4,3  27,4   16:19   ONO
19  12,9  16,4   14:46   9,4   07:35   5,4   0,0   3,2   8,0  41,8   14:14   OSO
20  11,4  15,4   17:20   7,1   07:27   6,9   0,0   0,2   9,1  38,6   14:45   NNO
21  11,9  16,6   16:57   7,7   07:59   6,4   0,0   0,0   9,3  32,2   14:29   NNE
22  12,5  16,5   16:39   8,1   07:35   5,8   0,0   0,0   5,8  30,6   17:11   OSO
23  11,9  14,7   20:28   8,2   07:15   6,4   0,0   1,0   7,7  32,2   23:39   OSO
24  13,5  16,9   17:08   9,7   07:54   4,8   0,0   2,2  11,3  45,1   03:06   ONO
25  13,3  17,9   19:08   9,6   08:04   4,8   0,0   4,2   7,9  38,6   16:31    NO
26  14,6  20,3   17:57   8,8   08:18   3,9   0,2   0,0   3,7  20,9   18:31   OSO
27  16,8  25,1   18:40  10,2   09:30   3,1   1,7   0,0   3,1  16,1   14:24   NNE
28  18,7  26,5   16:57  11,4   08:38   1,8   2,2   0,0   4,6  27,4   18:31    NO
29  16,0  19,6   16:51  13,2   23:25   2,4   0,1   0,0   6,9  33,8   18:41     O
30  13,4  16,9   16:45  10,3   05:16   4,9   0,0   0,0   9,8  43,5   20:30   OSO
31  14,0  19,4   17:42  10,3   07:44   4,3   0,0   0,0   6,8  32,2   00:00     O
----------------------------------------------------------------------------------
    14,0  26,5    28     7,1    20   137,3   4,5 161,2   8,5  67,6     1     OSO

Max >=  30,0  0
Max <=  20,0 27
Min <=  30,0 31
Min <=   0,0  0
Max Rain: 36,2 on day 2
Days of Rain: 22 (>= 0,2 mm)  16 (>= 2,0 mm)  2 (>= 20,0 mm)
Heat Base: 18,3  Cool Base: 18,3  Method: Integration